{"id":1075,"date":"2025-01-20T15:44:00","date_gmt":"2025-01-20T14:44:00","guid":{"rendered":"https:\/\/test-wuwei.de\/orden\/?post_type=personalia-meldungen&#038;p=1075"},"modified":"2025-08-19T15:47:05","modified_gmt":"2025-08-19T13:47:05","slug":"neuer-abpraeses-der-missionsbenediktiner","status":"publish","type":"personalia-meldungen","link":"https:\/\/test-wuwei.de\/orden\/personalia-meldungen\/neuer-abpraeses-der-missionsbenediktiner\/","title":{"rendered":"Neuer Abpr\u00e4ses der Missionsbenediktiner"},"content":{"rendered":"\n<h2 class=\"wp-block-heading has-medium-font-size\"><strong>P. Javier Aparicio Su\u00e1rez OSB tritt die Nachfolge von Abtpr\u00e4ses Jeremias Schr\u00f6der an.<\/strong><\/h2>\n\n\n\n<p>Die Missionsbenediktiner der Kongregation von St. Ottilien haben am 18. Januar 2025 in Waegwan (Korea) den 55-j\u00e4hrigen Missionsbenediktiner P. Javier Aparicio Su\u00e1rez OSB zum 12. Abtpr\u00e4ses gew\u00e4hlt. Er tritt die Nachfolge von Abtpr\u00e4ses Jeremias Schr\u00f6der an, der im September zum Abtprimas und damit zum obersten Repr\u00e4sentanten der Benediktiner in Rom gew\u00e4hlt worden war. P. Javier ist wie sein Vorg\u00e4nger M\u00f6nch der Erzabtei St. Ottilien. Seit 2021 war er als Missionsprokurator der Kongregation in deren Leitungsteam t\u00e4tig. Amtssitz des Abtpr\u00e4ses ist die Erzabtei St. Ottilien.<\/p>\n","protected":false},"excerpt":{"rendered":"<p>P. Javier Aparicio Su\u00e1rez OSB tritt die Nachfolge von Abtpr\u00e4ses Jeremias Schr\u00f6der an.<\/p>\n","protected":false},"featured_media":0,"template":"","categories":[],"class_list":["post-1075","personalia-meldungen","type-personalia-meldungen","status-publish","hentry"],"acf":[],"yoast_head":"<!-- This site is optimized with the Yoast SEO plugin v26.3 - https:\/\/yoast.com\/wordpress\/plugins\/seo\/ -->\n<title>Neuer Abpr\u00e4ses der Missionsbenediktiner &#8211; Ordensgemeinschaften in Deutschland<\/title>\n<meta name=\"description\" content=\"P. Javier Aparicio Su\u00e1rez OSB tritt die Nachfolge von Abtpr\u00e4ses Jeremias Schr\u00f6der an.\" \/>\n<meta name=\"robots\" content=\"noindex, follow, max-snippet:-1, max-image-preview:large, max-video-preview:-1\" \/>\n<meta property=\"og:locale\" content=\"de_DE\" \/>\n<meta property=\"og:type\" content=\"article\" \/>\n<meta property=\"og:title\" content=\"Neuer Abpr\u00e4ses der Missionsbenediktiner\" \/>\n<meta property=\"og:description\" content=\"P. Javier Aparicio Su\u00e1rez OSB tritt die Nachfolge von Abtpr\u00e4ses Jeremias Schr\u00f6der an.\" \/>\n<meta property=\"og:url\" content=\"https:\/\/test-wuwei.de\/orden\/personalia-meldungen\/neuer-abpraeses-der-missionsbenediktiner\/\" \/>\n<meta property=\"og:site_name\" content=\"Ordensgemeinschaften in Deutschland\" \/>\n<meta property=\"article:modified_time\" content=\"2025-08-19T13:47:05+00:00\" \/>\n<meta property=\"og:image\" content=\"https:\/\/test-wuwei.de\/orden\/wp-content\/uploads\/2025\/07\/2227_logo-dok.png\" \/>\n\t<meta property=\"og:image:width\" content=\"800\" \/>\n\t<meta property=\"og:image:height\" content=\"564\" \/>\n\t<meta property=\"og:image:type\" content=\"image\/png\" \/>\n<meta name=\"twitter:card\" content=\"summary_large_image\" \/>\n<meta name=\"twitter:label1\" content=\"Gesch\u00e4tzte Lesezeit\" \/>\n\t<meta name=\"twitter:data1\" content=\"1\u00a0Minute\" \/>\n<script type=\"application\/ld+json\" class=\"yoast-schema-graph\">{\"@context\":\"https:\/\/schema.org\",\"@graph\":[{\"@type\":\"WebPage\",\"@id\":\"https:\/\/test-wuwei.de\/orden\/personalia-meldungen\/neuer-abpraeses-der-missionsbenediktiner\/\",\"url\":\"https:\/\/test-wuwei.de\/orden\/personalia-meldungen\/neuer-abpraeses-der-missionsbenediktiner\/\",\"name\":\"Neuer Abpr\u00e4ses der Missionsbenediktiner &#8211; Ordensgemeinschaften in Deutschland\",\"isPartOf\":{\"@id\":\"https:\/\/test-wuwei.de\/orden\/#website\"},\"datePublished\":\"2025-01-20T14:44:00+00:00\",\"dateModified\":\"2025-08-19T13:47:05+00:00\",\"description\":\"P. Javier Aparicio Su\u00e1rez OSB tritt die Nachfolge von Abtpr\u00e4ses Jeremias Schr\u00f6der an.\",\"breadcrumb\":{\"@id\":\"https:\/\/test-wuwei.de\/orden\/personalia-meldungen\/neuer-abpraeses-der-missionsbenediktiner\/#breadcrumb\"},\"inLanguage\":\"de\",\"potentialAction\":[{\"@type\":\"ReadAction\",\"target\":[\"https:\/\/test-wuwei.de\/orden\/personalia-meldungen\/neuer-abpraeses-der-missionsbenediktiner\/\"]}]},{\"@type\":\"BreadcrumbList\",\"@id\":\"https:\/\/test-wuwei.de\/orden\/personalia-meldungen\/neuer-abpraeses-der-missionsbenediktiner\/#breadcrumb\",\"itemListElement\":[{\"@type\":\"ListItem\",\"position\":1,\"name\":\"\ud83c\udfe0\ufe0e\",\"item\":\"https:\/\/test-wuwei.de\/orden\/\"},{\"@type\":\"ListItem\",\"position\":2,\"name\":\"Neuer Abpr\u00e4ses der Missionsbenediktiner\"}]},{\"@type\":\"WebSite\",\"@id\":\"https:\/\/test-wuwei.de\/orden\/#website\",\"url\":\"https:\/\/test-wuwei.de\/orden\/\",\"name\":\"Ordensgemeinschaften in Deutschland\",\"description\":\"Deutsche Ordensobernkonferenz\",\"publisher\":{\"@id\":\"https:\/\/test-wuwei.de\/orden\/#organization\"},\"potentialAction\":[{\"@type\":\"SearchAction\",\"target\":{\"@type\":\"EntryPoint\",\"urlTemplate\":\"https:\/\/test-wuwei.de\/orden\/?s={search_term_string}\"},\"query-input\":{\"@type\":\"PropertyValueSpecification\",\"valueRequired\":true,\"valueName\":\"search_term_string\"}}],\"inLanguage\":\"de\"},{\"@type\":\"Organization\",\"@id\":\"https:\/\/test-wuwei.de\/orden\/#organization\",\"name\":\"Ordensgemeinschaften in Deutschland\",\"url\":\"https:\/\/test-wuwei.de\/orden\/\",\"logo\":{\"@type\":\"ImageObject\",\"inLanguage\":\"de\",\"@id\":\"https:\/\/test-wuwei.de\/orden\/#\/schema\/logo\/image\/\",\"url\":\"https:\/\/test-wuwei.de\/orden\/wp-content\/uploads\/2025\/07\/DOK_Logo_RGB_mit.jpg\",\"contentUrl\":\"https:\/\/test-wuwei.de\/orden\/wp-content\/uploads\/2025\/07\/DOK_Logo_RGB_mit.jpg\",\"width\":2480,\"height\":1748,\"caption\":\"Ordensgemeinschaften in Deutschland\"},\"image\":{\"@id\":\"https:\/\/test-wuwei.de\/orden\/#\/schema\/logo\/image\/\"}}]}<\/script>\n<!-- \/ Yoast SEO plugin. -->","yoast_head_json":{"title":"Neuer Abpr\u00e4ses der Missionsbenediktiner &#8211; Ordensgemeinschaften in Deutschland","description":"P. Javier Aparicio Su\u00e1rez OSB tritt die Nachfolge von Abtpr\u00e4ses Jeremias Schr\u00f6der an.","robots":{"index":"noindex","follow":"follow","max-snippet":"max-snippet:-1","max-image-preview":"max-image-preview:large","max-video-preview":"max-video-preview:-1"},"og_locale":"de_DE","og_type":"article","og_title":"Neuer Abpr\u00e4ses der Missionsbenediktiner","og_description":"P. Javier Aparicio Su\u00e1rez OSB tritt die Nachfolge von Abtpr\u00e4ses Jeremias Schr\u00f6der an.","og_url":"https:\/\/test-wuwei.de\/orden\/personalia-meldungen\/neuer-abpraeses-der-missionsbenediktiner\/","og_site_name":"Ordensgemeinschaften in Deutschland","article_modified_time":"2025-08-19T13:47:05+00:00","og_image":[{"width":800,"height":564,"url":"https:\/\/test-wuwei.de\/orden\/wp-content\/uploads\/2025\/07\/2227_logo-dok.png","type":"image\/png"}],"twitter_card":"summary_large_image","twitter_misc":{"Gesch\u00e4tzte Lesezeit":"1\u00a0Minute"},"schema":{"@context":"https:\/\/schema.org","@graph":[{"@type":"WebPage","@id":"https:\/\/test-wuwei.de\/orden\/personalia-meldungen\/neuer-abpraeses-der-missionsbenediktiner\/","url":"https:\/\/test-wuwei.de\/orden\/personalia-meldungen\/neuer-abpraeses-der-missionsbenediktiner\/","name":"Neuer Abpr\u00e4ses der Missionsbenediktiner &#8211; Ordensgemeinschaften in Deutschland","isPartOf":{"@id":"https:\/\/test-wuwei.de\/orden\/#website"},"datePublished":"2025-01-20T14:44:00+00:00","dateModified":"2025-08-19T13:47:05+00:00","description":"P. Javier Aparicio Su\u00e1rez OSB tritt die Nachfolge von Abtpr\u00e4ses Jeremias Schr\u00f6der an.","breadcrumb":{"@id":"https:\/\/test-wuwei.de\/orden\/personalia-meldungen\/neuer-abpraeses-der-missionsbenediktiner\/#breadcrumb"},"inLanguage":"de","potentialAction":[{"@type":"ReadAction","target":["https:\/\/test-wuwei.de\/orden\/personalia-meldungen\/neuer-abpraeses-der-missionsbenediktiner\/"]}]},{"@type":"BreadcrumbList","@id":"https:\/\/test-wuwei.de\/orden\/personalia-meldungen\/neuer-abpraeses-der-missionsbenediktiner\/#breadcrumb","itemListElement":[{"@type":"ListItem","position":1,"name":"\ud83c\udfe0\ufe0e","item":"https:\/\/test-wuwei.de\/orden\/"},{"@type":"ListItem","position":2,"name":"Neuer Abpr\u00e4ses der Missionsbenediktiner"}]},{"@type":"WebSite","@id":"https:\/\/test-wuwei.de\/orden\/#website","url":"https:\/\/test-wuwei.de\/orden\/","name":"Ordensgemeinschaften in Deutschland","description":"Deutsche Ordensobernkonferenz","publisher":{"@id":"https:\/\/test-wuwei.de\/orden\/#organization"},"potentialAction":[{"@type":"SearchAction","target":{"@type":"EntryPoint","urlTemplate":"https:\/\/test-wuwei.de\/orden\/?s={search_term_string}"},"query-input":{"@type":"PropertyValueSpecification","valueRequired":true,"valueName":"search_term_string"}}],"inLanguage":"de"},{"@type":"Organization","@id":"https:\/\/test-wuwei.de\/orden\/#organization","name":"Ordensgemeinschaften in Deutschland","url":"https:\/\/test-wuwei.de\/orden\/","logo":{"@type":"ImageObject","inLanguage":"de","@id":"https:\/\/test-wuwei.de\/orden\/#\/schema\/logo\/image\/","url":"https:\/\/test-wuwei.de\/orden\/wp-content\/uploads\/2025\/07\/DOK_Logo_RGB_mit.jpg","contentUrl":"https:\/\/test-wuwei.de\/orden\/wp-content\/uploads\/2025\/07\/DOK_Logo_RGB_mit.jpg","width":2480,"height":1748,"caption":"Ordensgemeinschaften in Deutschland"},"image":{"@id":"https:\/\/test-wuwei.de\/orden\/#\/schema\/logo\/image\/"}}]}},"_links":{"self":[{"href":"https:\/\/test-wuwei.de\/orden\/wp-json\/wp\/v2\/personalia-meldungen\/1075","targetHints":{"allow":["GET"]}}],"collection":[{"href":"https:\/\/test-wuwei.de\/orden\/wp-json\/wp\/v2\/personalia-meldungen"}],"about":[{"href":"https:\/\/test-wuwei.de\/orden\/wp-json\/wp\/v2\/types\/personalia-meldungen"}],"wp:attachment":[{"href":"https:\/\/test-wuwei.de\/orden\/wp-json\/wp\/v2\/media?parent=1075"}],"wp:term":[{"taxonomy":"category","embeddable":true,"href":"https:\/\/test-wuwei.de\/orden\/wp-json\/wp\/v2\/categories?post=1075"}],"curies":[{"name":"wp","href":"https:\/\/api.w.org\/{rel}","templated":true}]}}

Neuer Abpräses der Missionsbenediktiner

<h2 class="wp-block-heading has-medium-font-size"><strong>P. Javier Aparicio Suárez OSB tritt die Nachfolge von Abtpräses Jeremias Schröder an.</strong></h2>



<p>Die Missionsbenediktiner der Kongregation von St. Ottilien haben am 18. Januar 2025 in Waegwan (Korea) den 55-jährigen Missionsbenediktiner P. Javier Aparicio Suárez OSB zum 12. Abtpräses gewählt. Er tritt die Nachfolge von Abtpräses Jeremias Schröder an, der im September zum Abtprimas und damit zum obersten Repräsentanten der Benediktiner in Rom gewählt worden war. P. Javier ist wie sein Vorgänger Mönch der Erzabtei St. Ottilien. Seit 2021 war er als Missionsprokurator der Kongregation in deren Leitungsteam tätig. Amtssitz des Abtpräses ist die Erzabtei St. Ottilien.</p>

<p>P. Javier Aparicio Suárez OSB tritt die Nachfolge von Abtpräses Jeremias Schröder an.</p>

<!-- This site is optimized with the Yoast SEO plugin v26.3 - https://yoast.com/wordpress/plugins/seo/ -->
<title>Neuer Abpräses der Missionsbenediktiner &#8211; Ordensgemeinschaften in Deutschland</title>
<meta name="description" content="P. Javier Aparicio Suárez OSB tritt die Nachfolge von Abtpräses Jeremias Schröder an." />
<meta name="robots" content="noindex, follow, max-snippet:-1, max-image-preview:large, max-video-preview:-1" />
<meta property="og:locale" content="de_DE" />
<meta property="og:type" content="article" />
<meta property="og:title" content="Neuer Abpräses der Missionsbenediktiner" />
<meta property="og:description" content="P. Javier Aparicio Suárez OSB tritt die Nachfolge von Abtpräses Jeremias Schröder an." />
<meta property="og:url" content="https://test-wuwei.de/orden/personalia-meldungen/neuer-abpraeses-der-missionsbenediktiner/" />
<meta property="og:site_name" content="Ordensgemeinschaften in Deutschland" />
<meta property="article:modified_time" content="2025-08-19T13:47:05+00:00" />
<meta property="og:image" content="https://test-wuwei.de/orden/wp-content/uploads/2025/07/2227_logo-dok.png" />
	<meta property="og:image:width" content="800" />
	<meta property="og:image:height" content="564" />
	<meta property="og:image:type" content="image/png" />
<meta name="twitter:card" content="summary_large_image" />
<meta name="twitter:label1" content="Geschätzte Lesezeit" />
	<meta name="twitter:data1" content="1 Minute" />
<script type="application/ld+json" class="yoast-schema-graph">{"@context":"https://schema.org","@graph":[{"@type":"WebPage","@id":"https://test-wuwei.de/orden/personalia-meldungen/neuer-abpraeses-der-missionsbenediktiner/","url":"https://test-wuwei.de/orden/personalia-meldungen/neuer-abpraeses-der-missionsbenediktiner/","name":"Neuer Abpräses der Missionsbenediktiner &#8211; Ordensgemeinschaften in Deutschland","isPartOf":{"@id":"https://test-wuwei.de/orden/#website"},"datePublished":"2025-01-20T14:44:00+00:00","dateModified":"2025-08-19T13:47:05+00:00","description":"P. Javier Aparicio Suárez OSB tritt die Nachfolge von Abtpräses Jeremias Schröder an.","breadcrumb":{"@id":"https://test-wuwei.de/orden/personalia-meldungen/neuer-abpraeses-der-missionsbenediktiner/#breadcrumb"},"inLanguage":"de","potentialAction":[{"@type":"ReadAction","target":["https://test-wuwei.de/orden/personalia-meldungen/neuer-abpraeses-der-missionsbenediktiner/"]}]},{"@type":"BreadcrumbList","@id":"https://test-wuwei.de/orden/personalia-meldungen/neuer-abpraeses-der-missionsbenediktiner/#breadcrumb","itemListElement":[{"@type":"ListItem","position":1,"name":"🏠︎","item":"https://test-wuwei.de/orden/"},{"@type":"ListItem","position":2,"name":"Neuer Abpräses der Missionsbenediktiner"}]},{"@type":"WebSite","@id":"https://test-wuwei.de/orden/#website","url":"https://test-wuwei.de/orden/","name":"Ordensgemeinschaften in Deutschland","description":"Deutsche Ordensobernkonferenz","publisher":{"@id":"https://test-wuwei.de/orden/#organization"},"potentialAction":[{"@type":"SearchAction","target":{"@type":"EntryPoint","urlTemplate":"https://test-wuwei.de/orden/?s={search_term_string}"},"query-input":{"@type":"PropertyValueSpecification","valueRequired":true,"valueName":"search_term_string"}}],"inLanguage":"de"},{"@type":"Organization","@id":"https://test-wuwei.de/orden/#organization","name":"Ordensgemeinschaften in Deutschland","url":"https://test-wuwei.de/orden/","logo":{"@type":"ImageObject","inLanguage":"de","@id":"https://test-wuwei.de/orden/#/schema/logo/image/","url":"https://test-wuwei.de/orden/wp-content/uploads/2025/07/DOK_Logo_RGB_mit.jpg","contentUrl":"https://test-wuwei.de/orden/wp-content/uploads/2025/07/DOK_Logo_RGB_mit.jpg","width":2480,"height":1748,"caption":"Ordensgemeinschaften in Deutschland"},"image":{"@id":"https://test-wuwei.de/orden/#/schema/logo/image/"}}]}</script>
<!-- / Yoast SEO plugin. -->

Neuer Abpräses der Missionsbenediktiner &#8211; Ordensgemeinschaften in Deutschland

P. Javier Aparicio Suárez OSB tritt die Nachfolge von Abtpräses Jeremias Schröder an.
