{"id":97,"date":"2025-07-17T11:11:15","date_gmt":"2025-07-17T09:11:15","guid":{"rendered":"https:\/\/test-wuwei.de\/orden\/?page_id=97"},"modified":"2025-10-30T11:24:32","modified_gmt":"2025-10-30T10:24:32","slug":"zahlen-fakten","status":"publish","type":"page","link":"https:\/\/test-wuwei.de\/orden\/presse\/zahlen-fakten\/","title":{"rendered":"Zahlen &amp; Fakten"},"content":{"rendered":"\n<p>Zur DOK geh\u00f6ren am 31.12.2024 ca. 396 Obere,&nbsp;die insgesamt rund 12.628 Ordensfrauen und -m\u00e4nner in Deutschland vertreten.<\/p>\n\n\n\n<p>Unter den M\u00e4nnerorden und -kongregationen gibt es&nbsp;111 selbst\u00e4ndige Ordensprovinzen, Abteien und Priorate von 65 verschiedenen Ordensgemeinschaften mit 3.161 Ordensm\u00e4nnern in 369 kl\u00f6sterlichen Niederlassungen.<\/p>\n\n\n\n<p>Bei den Frauenorden ist die Zahl der Gemeinschaften, Niederlassungen und Mitglieder in Deutschland um ein Vielfaches gr\u00f6\u00dfer: Es gibt 297 Generalate, Provinzialate, Abteien und selbst\u00e4ndige Einzelkl\u00f6ster mit 9.467 Ordensfrauen, die in 883 kl\u00f6sterlichen Niederlassungen leben.<\/p>\n\n\n\n<p>Hinzu kommen 117 ausl\u00e4ndische Ordensgemeinschaften mit ca. 1.863 Mitgliedern (1.643 Schwestern und 220 Ordensm\u00e4nner), die sich zur &#8222;Vereinigung katholischer Orden zur F\u00f6rderung internationaler Solidarit\u00e4t&#8220; (VKO) zusammengeschlossen haben. (Stand zu diesem Absatz: 2024)<\/p>\n\n\n\n<p>Die gr\u00f6\u00dften Gruppen bilden die benediktinisch, franziskanisch und vinzentinisch gepr\u00e4gten Ordensgemeinschaften.<\/p>\n\n\n<div class=\"gb-container gb-container-31dd245c gb-accordion\">\n<div class=\"gb-container gb-container-a7babbb2 gb-accordion__item\" data-transition=\"slide\">\n\n<button class=\"gb-button gb-button-618b0b85 gb-accordion__toggle\" id=\"gb-accordion-toggle-618b0b85\"><span class=\"gb-button-text\"><strong>Statistik M\u00e4nnerorden<\/strong><\/span><span class=\"gb-icon\"><svg xmlns=\"http:\/\/www.w3.org\/2000\/svg\" viewBox=\"0 0 448 512\" width=\"1em\" height=\"1em\" aria-hidden=\"true\" role=\"img\" class=\"gb-accordion__icon\"><path d=\"M207.029 381.476L12.686 187.132c-9.373-9.373-9.373-24.569 0-33.941l22.667-22.667c9.357-9.357 24.522-9.375 33.901-.04L224 284.505l154.745-154.021c9.379-9.335 24.544-9.317 33.901.04l22.667 22.667c9.373 9.373 9.373 24.569 0 33.941L240.971 381.476c-9.373 9.372-24.569 9.372-33.942 0z\" fill=\"currentColor\"><\/path><\/svg><svg xmlns=\"http:\/\/www.w3.org\/2000\/svg\" viewBox=\"0 0 448 512\" width=\"1em\" height=\"1em\" aria-hidden=\"true\" role=\"img\" class=\"gb-accordion__icon-open\"><path d=\"M240.971 130.524l194.343 194.343c9.373 9.373 9.373 24.569 0 33.941l-22.667 22.667c-9.357 9.357-24.522 9.375-33.901.04L224 227.495 69.255 381.516c-9.379 9.335-24.544 9.317-33.901-.04l-22.667-22.667c-9.373-9.373-9.373-24.569 0-33.941L207.03 130.525c9.372-9.373 24.568-9.373 33.941-.001z\" fill=\"currentColor\"><\/path><\/svg><\/span><\/button>\n\n\n<div id=\"gb-accordion-content-bca879d0\" class=\"gb-accordion__content\"><div class=\"gb-container gb-container-bca879d0\">\n\n<p><strong>3.161 Ordensm\u00e4nner<\/strong>&nbsp;in der DOK mit Profess<\/p>\n\n\n\n<ul class=\"wp-block-list\">\n<li>in 369 kl\u00f6sterlichen Niederlassungen<\/li>\n\n\n\n<li>von&nbsp;65 verschiedenen Orden\/Kongregationen<\/li>\n\n\n\n<li>mit&nbsp;111 selbst\u00e4ndigen Provinzen, Abteien, selbst\u00e4ndigen Prioraten<\/li>\n\n\n\n<li>2.407 Ordensmitglieder mit Priesterweihe<\/li>\n\n\n\n<li>22 Ordensmitglieder mit Diakonenweihe (St\u00e4ndige Diakone)<\/li>\n\n\n\n<li>55 Ordensmitglieder im Theologiestudium (Klerikerstudenten\/Scholastiker)<\/li>\n\n\n\n<li>677 \u00fcbrige Ordensmitglieder (nicht ordiniert)<\/li>\n<\/ul>\n\n\n\n<p>Unter den einzelnen Ordensgemeinschaften stehen die&nbsp;<strong>Benediktiner an erster Stelle:<\/strong>&nbsp;In 29 Niederlassungen von 24 rechtlich selbst\u00e4ndigen Abteien und Prioraten leben 486 Mitglieder als Patres, M\u00f6nche und Br\u00fcder nach der Regel des hl. Benedikt.<\/p>\n\n\n\n<p><strong>Zweitst\u00e4rkste Gruppe ist die franziskanische Familie<\/strong>&nbsp;mit 424 Mitgliedern in 75 Niederlassungen der Franziskaner (223), Minoriten (99) und Kapuziner (69) sowie einem Kommissariat der Franziskaner des Regulierten Dritten Ordens (sieben), der Armen-Br\u00fcder des Hl Franziskus (vier), der Missionsbr\u00fcder des hl. Franziskus (vier) sowie der Franziskanerbr\u00fcder vom Hl. Kreuz (18).<\/p>\n\n\n\n<p><strong>Zahlenm\u00e4\u00dfig st\u00e4rkste Ordensgemeinschaften in der Bundesrepublik&nbsp;<\/strong>Deutschland sind nach den Benediktinern und Franziskanern die Jesuiten (195), die Steyler Missionare (179), die Salesianer Don Boscos (173) und die Pallottiner (156).<\/p>\n\n\n\n<p>Die&nbsp;<strong>Gesamtzahl der Ordensmitglieder mit Profess<\/strong>&nbsp;sank im Vergleich zum Vorjahr im Jahr 2024 von 3.223 auf 3.161.<\/p>\n\n\n\n<h3 class=\"gb-headline gb-headline-97386549 gb-headline-text\">Altersstruktur<\/h3>\n\n\n\n<ul class=\"wp-block-list\">\n<li>51% (1.614) sind j\u00fcnger als 65 Jahre<\/li>\n\n\n\n<li>49% (1.547) sind \u00e4lter als 65 Jahre<\/li>\n<\/ul>\n\n\n\n<h3 class=\"gb-headline gb-headline-dfb0b99b gb-headline-text\">Novizen<\/h3>\n\n\n\n<p>Am 31.12.2024 gab es insgesamt 19 Novizen (Vorjahr: 21). Im Jahr 2024 wurden in Deutschland 11 Ordensm\u00e4nner zu Priestern geweiht.<\/p>\n\n\n\n<p><strong>Stand: 31.12.2024<\/strong><\/p>\n\n<\/div><\/div>\n<\/div>\n<\/div>\n\n<div class=\"gb-container gb-container-09bff153 gb-accordion\">\n<div class=\"gb-container gb-container-b0e10edb gb-accordion__item\" data-transition=\"slide\">\n\n<button class=\"gb-button gb-button-5b84546e gb-accordion__toggle\" id=\"gb-accordion-toggle-5b84546e\"><span class=\"gb-button-text\"><strong>Statistik Frauenorden<\/strong><\/span><span class=\"gb-icon\"><svg xmlns=\"http:\/\/www.w3.org\/2000\/svg\" viewBox=\"0 0 448 512\" width=\"1em\" height=\"1em\" aria-hidden=\"true\" role=\"img\" class=\"gb-accordion__icon\"><path d=\"M207.029 381.476L12.686 187.132c-9.373-9.373-9.373-24.569 0-33.941l22.667-22.667c9.357-9.357 24.522-9.375 33.901-.04L224 284.505l154.745-154.021c9.379-9.335 24.544-9.317 33.901.04l22.667 22.667c9.373 9.373 9.373 24.569 0 33.941L240.971 381.476c-9.373 9.372-24.569 9.372-33.942 0z\" fill=\"currentColor\"><\/path><\/svg><svg xmlns=\"http:\/\/www.w3.org\/2000\/svg\" viewBox=\"0 0 448 512\" width=\"1em\" height=\"1em\" aria-hidden=\"true\" role=\"img\" class=\"gb-accordion__icon-open\"><path d=\"M240.971 130.524l194.343 194.343c9.373 9.373 9.373 24.569 0 33.941l-22.667 22.667c-9.357 9.357-24.522 9.375-33.901.04L224 227.495 69.255 381.516c-9.379 9.335-24.544 9.317-33.901-.04l-22.667-22.667c-9.373-9.373-9.373-24.569 0-33.941L207.03 130.525c9.372-9.373 24.568-9.373 33.941-.001z\" fill=\"currentColor\"><\/path><\/svg><\/span><\/button>\n\n\n<div id=\"gb-accordion-content-abfd28b7\" class=\"gb-accordion__content\"><div class=\"gb-container gb-container-abfd28b7\">\n\n<p>Bei den Frauenorden in der DOK ist die Zahl der Gemeinschaften, Niederlassungen und Mitglieder in Deutschland um ein Vielfaches gr\u00f6\u00dfer als bei den M\u00e4nnerorden:<\/p>\n\n\n\n<p>Es gibt 297 Generalate, Provinzialate, Abteien und selbst\u00e4ndige Einzelkl\u00f6ster mit 9.467 Ordensfrauen, die in 883 kl\u00f6sterlichen Niederlassungen leben.<\/p>\n\n\n\n<p>Die gr\u00f6\u00dften Gruppen bilden die benediktinisch, franziskanisch und vinzentinisch gepr\u00e4gten Ordensgemeinschaften.<\/p>\n\n\n\n<p><strong>Stand 31.12.2024: 9.467<\/strong> Ordensfrauen in t\u00e4tigen und kontemplativen Gemeinschaften\/Einzelkl\u00f6stern<br>zum Vergleich:<\/p>\n\n\n\n<p>Stand 31.12.2023:&nbsp;10.211<br>Stand 31.12.2022: 10.953<br>Stand 31.12.2021: 11.829<br>Stand 31.12.2020: 12.575<br>Stand 31.12.2013: 18.303<br>Stand 31.12.2002: 28.973<\/p>\n\n\n\n<h3 class=\"gb-headline gb-headline-8f8036ec gb-headline-text\">Altersstruktur<\/h3>\n\n\n\n<p>bis 65 Jahre alt: 1.768 = rund 18 %<br>\u00fcber 65 Jahre alt: 7.699 = rund 82 %<\/p>\n\n\n\n<h3 class=\"gb-headline gb-headline-37f7750f gb-headline-text\">T\u00e4tigkeitsschwerpunkte<\/h3>\n\n\n\n<p>Pflegeberufe: 502 Schwestern<br>Erziehung: 82 Schwestern<br>Seelsorge: 547 Schwestern<br>Lehrt\u00e4tigkeit: 123 Schwestern<br>Sozialarbeit: 116 Schwestern<br>Verwaltung: 449 Schwestern<br>Wirtschaftsbereich: 760 Schwestern<br>in Ausbildung:&nbsp; 60 Schwestern<br>nicht mehr t\u00e4tig: 4.832 Schwestern<\/p>\n\n\n\n<h3 class=\"gb-headline gb-headline-1a799f51 gb-headline-text\">Novizinnen<\/h3>\n\n\n\n<p>Die Zahl der Novizinnen betr\u00e4gt im Jahr 2024 45 (Vorjahr: 38) in allen Gemeinschaften, davon 30 in t\u00e4tigen (denen rund 91 Prozent aller Ordensschwestern in Deutschland angeh\u00f6ren) und 15 in kontemplativen Gemeinschaften.&nbsp;<\/p>\n\n\n\n<p><strong>Stand: 31.12.2024<\/strong><\/p>\n\n<\/div><\/div>\n<\/div>\n<\/div>\n\n<div class=\"gb-container gb-container-60c0fbac gb-accordion\">\n<div class=\"gb-container gb-container-f9dd7ed0 gb-accordion__item\" data-transition=\"slide\">\n\n<button class=\"gb-button gb-button-2a066234 gb-accordion__toggle\" id=\"gb-accordion-toggle-2a066234\"><span class=\"gb-button-text\"><strong>Missionskr\u00e4fte aus Deutschland<\/strong><\/span><span class=\"gb-icon\"><svg xmlns=\"http:\/\/www.w3.org\/2000\/svg\" viewBox=\"0 0 448 512\" width=\"1em\" height=\"1em\" aria-hidden=\"true\" role=\"img\" class=\"gb-accordion__icon\"><path d=\"M207.029 381.476L12.686 187.132c-9.373-9.373-9.373-24.569 0-33.941l22.667-22.667c9.357-9.357 24.522-9.375 33.901-.04L224 284.505l154.745-154.021c9.379-9.335 24.544-9.317 33.901.04l22.667 22.667c9.373 9.373 9.373 24.569 0 33.941L240.971 381.476c-9.373 9.372-24.569 9.372-33.942 0z\" fill=\"currentColor\"><\/path><\/svg><svg xmlns=\"http:\/\/www.w3.org\/2000\/svg\" viewBox=\"0 0 448 512\" width=\"1em\" height=\"1em\" aria-hidden=\"true\" role=\"img\" class=\"gb-accordion__icon-open\"><path d=\"M240.971 130.524l194.343 194.343c9.373 9.373 9.373 24.569 0 33.941l-22.667 22.667c-9.357 9.357-24.522 9.375-33.901.04L224 227.495 69.255 381.516c-9.379 9.335-24.544 9.317-33.901-.04l-22.667-22.667c-9.373-9.373-9.373-24.569 0-33.941L207.03 130.525c9.372-9.373 24.568-9.373 33.941-.001z\" fill=\"currentColor\"><\/path><\/svg><\/span><\/button>\n\n\n<div id=\"gb-accordion-content-ddfc7ee9\" class=\"gb-accordion__content\"><div class=\"gb-container gb-container-ddfc7ee9\">\n\n<p><strong>Aus Deutschland sind weltweit derzeit knapp 1200 Missionskr\u00e4fte im Einsatz.<\/strong><\/p>\n\n\n\n<p>Die Anzahl deutscher Missionskr\u00e4fte im weltweiten Einsatz betrug im Februar 2025 genau 1.172 Personen. Im vergangenen Jahr konnten noch 1.197 Missionarinnen und Missionare deutscher Nationalit\u00e4t gez\u00e4hlt werden.<\/p>\n\n\n\n<p>Von den 1.172 Missionskr\u00e4ften kommen 949 aus Ordensgemeinschaften (Vorjahr 2024: 976). 564 davon sind Ordensschwestern (Vorjahr 2024: 572), 293 Ordenspriester (Vorjahr 2024: 309) und 92 Ordensbr\u00fcder (Vorjahr 2024: 95).<\/p>\n\n\n\n<p>Hinzu kommen noch 121 Fidei-Donum-(Di\u00f6zesan)-Priester aus Deutschland (Vorjahr 2024: 123) und 102 Laienmissionarinnen und \u2013missionare (Vorjahr 2024: 98).<\/p>\n\n\n\n<p>39,17 % aller Missionskr\u00e4fte sind in Afrika t\u00e4tig, 44,62 % in Lateinamerika\/Karibik, 7,25% in Asien, 6,31% im Pazifikraum und 2,65% in Europa.<\/p>\n\n\n\n<h3 class=\"gb-headline gb-headline-c09ac23b gb-headline-text\">Deutsche Missionskr\u00e4fte im weltweiten Einsatz<\/h3>\n\n\n\n<figure class=\"gb-block-image gb-block-image-02eef810\"><img loading=\"lazy\" decoding=\"async\" width=\"870\" height=\"636\" class=\"gb-image gb-image-02eef810\" src=\"https:\/\/test-wuwei.de\/orden\/wp-content\/uploads\/2025\/07\/csm_Statistik_Missionskraefte_2_2025_fb8d82cad8.png\" alt=\"Statistik Missionskr\u00e4fte\" title=\"Csm Statistik Missionskraefte 2 2025 Fb8d82cad8\" srcset=\"https:\/\/test-wuwei.de\/orden\/wp-content\/uploads\/2025\/07\/csm_Statistik_Missionskraefte_2_2025_fb8d82cad8.png 870w, https:\/\/test-wuwei.de\/orden\/wp-content\/uploads\/2025\/07\/csm_Statistik_Missionskraefte_2_2025_fb8d82cad8-300x219.png 300w, https:\/\/test-wuwei.de\/orden\/wp-content\/uploads\/2025\/07\/csm_Statistik_Missionskraefte_2_2025_fb8d82cad8-768x561.png 768w\" sizes=\"auto, (max-width: 870px) 100vw, 870px\" \/><\/figure>\n\n<\/div><\/div>\n<\/div>\n<\/div>\n\n\n<p><\/p>\n\n\n\n<p><\/p>\n\n\n\n<p><\/p>\n","protected":false},"excerpt":{"rendered":"<p>Zur DOK geh\u00f6ren am 31.12.2024 ca. 396 Obere,&nbsp;die insgesamt rund 12.628 Ordensfrauen und -m\u00e4nner in Deutschland vertreten. Unter den M\u00e4nnerorden und -kongregationen gibt es&nbsp;111 selbst\u00e4ndige Ordensprovinzen, Abteien und Priorate von 65 verschiedenen Ordensgemeinschaften mit 3.161 Ordensm\u00e4nnern in 369 kl\u00f6sterlichen Niederlassungen. Bei den Frauenorden ist die Zahl der Gemeinschaften, Niederlassungen und Mitglieder in Deutschland um ein &#8230; <\/p>\n<p class=\"read-more-container\"><a title=\"Zahlen &amp; Fakten\" class=\"read-more button\" href=\"https:\/\/test-wuwei.de\/orden\/presse\/zahlen-fakten\/#more-97\" aria-label=\"Mehr Informationen \u00fcber Zahlen &amp; Fakten\">weiterlesen<\/a><\/p>\n","protected":false},"author":3,"featured_media":0,"parent":95,"menu_order":0,"comment_status":"closed","ping_status":"closed","template":"","meta":{"_acf_changed":false,"footnotes":""},"class_list":["post-97","page","type-page","status-publish"],"acf":[],"yoast_head":"<!-- This site is optimized with the Yoast SEO plugin v26.3 - https:\/\/yoast.com\/wordpress\/plugins\/seo\/ -->\n<title>Zahlen &amp; Fakten &#8211; Ordensgemeinschaften in Deutschland<\/title>\n<meta name=\"robots\" content=\"noindex, follow, max-snippet:-1, max-image-preview:large, max-video-preview:-1\" \/>\n<meta property=\"og:locale\" content=\"de_DE\" \/>\n<meta property=\"og:type\" content=\"article\" \/>\n<meta property=\"og:title\" content=\"Zahlen &amp; Fakten &#8211; Ordensgemeinschaften in Deutschland\" \/>\n<meta property=\"og:description\" content=\"Zur DOK geh\u00f6ren am 31.12.2024 ca. 396 Obere,&nbsp;die insgesamt rund 12.628 Ordensfrauen und -m\u00e4nner in Deutschland vertreten. Unter den M\u00e4nnerorden und -kongregationen gibt es&nbsp;111 selbst\u00e4ndige Ordensprovinzen, Abteien und Priorate von 65 verschiedenen Ordensgemeinschaften mit 3.161 Ordensm\u00e4nnern in 369 kl\u00f6sterlichen Niederlassungen. Bei den Frauenorden ist die Zahl der Gemeinschaften, Niederlassungen und Mitglieder in Deutschland um ein ... weiterlesen\" \/>\n<meta property=\"og:url\" content=\"https:\/\/test-wuwei.de\/orden\/presse\/zahlen-fakten\/\" \/>\n<meta property=\"og:site_name\" content=\"Ordensgemeinschaften in Deutschland\" \/>\n<meta property=\"article:modified_time\" content=\"2025-10-30T10:24:32+00:00\" \/>\n<meta property=\"og:image\" content=\"https:\/\/test-wuwei.de\/orden\/wp-content\/uploads\/2025\/07\/csm_Statistik_Missionskraefte_2_2025_fb8d82cad8.png\" \/>\n<meta name=\"twitter:card\" content=\"summary_large_image\" \/>\n<meta name=\"twitter:label1\" content=\"Gesch\u00e4tzte Lesezeit\" \/>\n\t<meta name=\"twitter:data1\" content=\"4\u00a0Minuten\" \/>\n<script type=\"application\/ld+json\" class=\"yoast-schema-graph\">{\"@context\":\"https:\/\/schema.org\",\"@graph\":[{\"@type\":\"WebPage\",\"@id\":\"https:\/\/test-wuwei.de\/orden\/presse\/zahlen-fakten\/\",\"url\":\"https:\/\/test-wuwei.de\/orden\/presse\/zahlen-fakten\/\",\"name\":\"Zahlen &amp; Fakten &#8211; Ordensgemeinschaften in Deutschland\",\"isPartOf\":{\"@id\":\"https:\/\/test-wuwei.de\/orden\/#website\"},\"primaryImageOfPage\":{\"@id\":\"https:\/\/test-wuwei.de\/orden\/presse\/zahlen-fakten\/#primaryimage\"},\"image\":{\"@id\":\"https:\/\/test-wuwei.de\/orden\/presse\/zahlen-fakten\/#primaryimage\"},\"thumbnailUrl\":\"https:\/\/test-wuwei.de\/orden\/wp-content\/uploads\/2025\/07\/csm_Statistik_Missionskraefte_2_2025_fb8d82cad8.png\",\"datePublished\":\"2025-07-17T09:11:15+00:00\",\"dateModified\":\"2025-10-30T10:24:32+00:00\",\"breadcrumb\":{\"@id\":\"https:\/\/test-wuwei.de\/orden\/presse\/zahlen-fakten\/#breadcrumb\"},\"inLanguage\":\"de\",\"potentialAction\":[{\"@type\":\"ReadAction\",\"target\":[\"https:\/\/test-wuwei.de\/orden\/presse\/zahlen-fakten\/\"]}]},{\"@type\":\"ImageObject\",\"inLanguage\":\"de\",\"@id\":\"https:\/\/test-wuwei.de\/orden\/presse\/zahlen-fakten\/#primaryimage\",\"url\":\"https:\/\/test-wuwei.de\/orden\/wp-content\/uploads\/2025\/07\/csm_Statistik_Missionskraefte_2_2025_fb8d82cad8.png\",\"contentUrl\":\"https:\/\/test-wuwei.de\/orden\/wp-content\/uploads\/2025\/07\/csm_Statistik_Missionskraefte_2_2025_fb8d82cad8.png\",\"width\":870,\"height\":636,\"caption\":\"Statistik Missionskr\u00e4fte\"},{\"@type\":\"BreadcrumbList\",\"@id\":\"https:\/\/test-wuwei.de\/orden\/presse\/zahlen-fakten\/#breadcrumb\",\"itemListElement\":[{\"@type\":\"ListItem\",\"position\":1,\"name\":\"\ud83c\udfe0\ufe0e\",\"item\":\"https:\/\/test-wuwei.de\/orden\/\"},{\"@type\":\"ListItem\",\"position\":2,\"name\":\"Pressemitteilungen\",\"item\":\"https:\/\/test-wuwei.de\/orden\/presse\/\"},{\"@type\":\"ListItem\",\"position\":3,\"name\":\"Zahlen &amp; Fakten\"}]},{\"@type\":\"WebSite\",\"@id\":\"https:\/\/test-wuwei.de\/orden\/#website\",\"url\":\"https:\/\/test-wuwei.de\/orden\/\",\"name\":\"Ordensgemeinschaften in Deutschland\",\"description\":\"Deutsche Ordensobernkonferenz\",\"publisher\":{\"@id\":\"https:\/\/test-wuwei.de\/orden\/#organization\"},\"potentialAction\":[{\"@type\":\"SearchAction\",\"target\":{\"@type\":\"EntryPoint\",\"urlTemplate\":\"https:\/\/test-wuwei.de\/orden\/?s={search_term_string}\"},\"query-input\":{\"@type\":\"PropertyValueSpecification\",\"valueRequired\":true,\"valueName\":\"search_term_string\"}}],\"inLanguage\":\"de\"},{\"@type\":\"Organization\",\"@id\":\"https:\/\/test-wuwei.de\/orden\/#organization\",\"name\":\"Ordensgemeinschaften in Deutschland\",\"url\":\"https:\/\/test-wuwei.de\/orden\/\",\"logo\":{\"@type\":\"ImageObject\",\"inLanguage\":\"de\",\"@id\":\"https:\/\/test-wuwei.de\/orden\/#\/schema\/logo\/image\/\",\"url\":\"https:\/\/test-wuwei.de\/orden\/wp-content\/uploads\/2025\/07\/DOK_Logo_RGB_mit.jpg\",\"contentUrl\":\"https:\/\/test-wuwei.de\/orden\/wp-content\/uploads\/2025\/07\/DOK_Logo_RGB_mit.jpg\",\"width\":2480,\"height\":1748,\"caption\":\"Ordensgemeinschaften in Deutschland\"},\"image\":{\"@id\":\"https:\/\/test-wuwei.de\/orden\/#\/schema\/logo\/image\/\"}}]}<\/script>\n<!-- \/ Yoast SEO plugin. -->","yoast_head_json":{"title":"Zahlen &amp; Fakten &#8211; Ordensgemeinschaften in Deutschland","robots":{"index":"noindex","follow":"follow","max-snippet":"max-snippet:-1","max-image-preview":"max-image-preview:large","max-video-preview":"max-video-preview:-1"},"og_locale":"de_DE","og_type":"article","og_title":"Zahlen &amp; Fakten &#8211; Ordensgemeinschaften in Deutschland","og_description":"Zur DOK geh\u00f6ren am 31.12.2024 ca. 396 Obere,&nbsp;die insgesamt rund 12.628 Ordensfrauen und -m\u00e4nner in Deutschland vertreten. Unter den M\u00e4nnerorden und -kongregationen gibt es&nbsp;111 selbst\u00e4ndige Ordensprovinzen, Abteien und Priorate von 65 verschiedenen Ordensgemeinschaften mit 3.161 Ordensm\u00e4nnern in 369 kl\u00f6sterlichen Niederlassungen. Bei den Frauenorden ist die Zahl der Gemeinschaften, Niederlassungen und Mitglieder in Deutschland um ein ... weiterlesen","og_url":"https:\/\/test-wuwei.de\/orden\/presse\/zahlen-fakten\/","og_site_name":"Ordensgemeinschaften in Deutschland","article_modified_time":"2025-10-30T10:24:32+00:00","og_image":[{"url":"https:\/\/test-wuwei.de\/orden\/wp-content\/uploads\/2025\/07\/csm_Statistik_Missionskraefte_2_2025_fb8d82cad8.png","type":"","width":"","height":""}],"twitter_card":"summary_large_image","twitter_misc":{"Gesch\u00e4tzte Lesezeit":"4\u00a0Minuten"},"schema":{"@context":"https:\/\/schema.org","@graph":[{"@type":"WebPage","@id":"https:\/\/test-wuwei.de\/orden\/presse\/zahlen-fakten\/","url":"https:\/\/test-wuwei.de\/orden\/presse\/zahlen-fakten\/","name":"Zahlen &amp; Fakten &#8211; Ordensgemeinschaften in Deutschland","isPartOf":{"@id":"https:\/\/test-wuwei.de\/orden\/#website"},"primaryImageOfPage":{"@id":"https:\/\/test-wuwei.de\/orden\/presse\/zahlen-fakten\/#primaryimage"},"image":{"@id":"https:\/\/test-wuwei.de\/orden\/presse\/zahlen-fakten\/#primaryimage"},"thumbnailUrl":"https:\/\/test-wuwei.de\/orden\/wp-content\/uploads\/2025\/07\/csm_Statistik_Missionskraefte_2_2025_fb8d82cad8.png","datePublished":"2025-07-17T09:11:15+00:00","dateModified":"2025-10-30T10:24:32+00:00","breadcrumb":{"@id":"https:\/\/test-wuwei.de\/orden\/presse\/zahlen-fakten\/#breadcrumb"},"inLanguage":"de","potentialAction":[{"@type":"ReadAction","target":["https:\/\/test-wuwei.de\/orden\/presse\/zahlen-fakten\/"]}]},{"@type":"ImageObject","inLanguage":"de","@id":"https:\/\/test-wuwei.de\/orden\/presse\/zahlen-fakten\/#primaryimage","url":"https:\/\/test-wuwei.de\/orden\/wp-content\/uploads\/2025\/07\/csm_Statistik_Missionskraefte_2_2025_fb8d82cad8.png","contentUrl":"https:\/\/test-wuwei.de\/orden\/wp-content\/uploads\/2025\/07\/csm_Statistik_Missionskraefte_2_2025_fb8d82cad8.png","width":870,"height":636,"caption":"Statistik Missionskr\u00e4fte"},{"@type":"BreadcrumbList","@id":"https:\/\/test-wuwei.de\/orden\/presse\/zahlen-fakten\/#breadcrumb","itemListElement":[{"@type":"ListItem","position":1,"name":"\ud83c\udfe0\ufe0e","item":"https:\/\/test-wuwei.de\/orden\/"},{"@type":"ListItem","position":2,"name":"Pressemitteilungen","item":"https:\/\/test-wuwei.de\/orden\/presse\/"},{"@type":"ListItem","position":3,"name":"Zahlen &amp; Fakten"}]},{"@type":"WebSite","@id":"https:\/\/test-wuwei.de\/orden\/#website","url":"https:\/\/test-wuwei.de\/orden\/","name":"Ordensgemeinschaften in Deutschland","description":"Deutsche Ordensobernkonferenz","publisher":{"@id":"https:\/\/test-wuwei.de\/orden\/#organization"},"potentialAction":[{"@type":"SearchAction","target":{"@type":"EntryPoint","urlTemplate":"https:\/\/test-wuwei.de\/orden\/?s={search_term_string}"},"query-input":{"@type":"PropertyValueSpecification","valueRequired":true,"valueName":"search_term_string"}}],"inLanguage":"de"},{"@type":"Organization","@id":"https:\/\/test-wuwei.de\/orden\/#organization","name":"Ordensgemeinschaften in Deutschland","url":"https:\/\/test-wuwei.de\/orden\/","logo":{"@type":"ImageObject","inLanguage":"de","@id":"https:\/\/test-wuwei.de\/orden\/#\/schema\/logo\/image\/","url":"https:\/\/test-wuwei.de\/orden\/wp-content\/uploads\/2025\/07\/DOK_Logo_RGB_mit.jpg","contentUrl":"https:\/\/test-wuwei.de\/orden\/wp-content\/uploads\/2025\/07\/DOK_Logo_RGB_mit.jpg","width":2480,"height":1748,"caption":"Ordensgemeinschaften in Deutschland"},"image":{"@id":"https:\/\/test-wuwei.de\/orden\/#\/schema\/logo\/image\/"}}]}},"_links":{"self":[{"href":"https:\/\/test-wuwei.de\/orden\/wp-json\/wp\/v2\/pages\/97","targetHints":{"allow":["GET"]}}],"collection":[{"href":"https:\/\/test-wuwei.de\/orden\/wp-json\/wp\/v2\/pages"}],"about":[{"href":"https:\/\/test-wuwei.de\/orden\/wp-json\/wp\/v2\/types\/page"}],"author":[{"embeddable":true,"href":"https:\/\/test-wuwei.de\/orden\/wp-json\/wp\/v2\/users\/3"}],"replies":[{"embeddable":true,"href":"https:\/\/test-wuwei.de\/orden\/wp-json\/wp\/v2\/comments?post=97"}],"version-history":[{"count":5,"href":"https:\/\/test-wuwei.de\/orden\/wp-json\/wp\/v2\/pages\/97\/revisions"}],"predecessor-version":[{"id":3554,"href":"https:\/\/test-wuwei.de\/orden\/wp-json\/wp\/v2\/pages\/97\/revisions\/3554"}],"up":[{"embeddable":true,"href":"https:\/\/test-wuwei.de\/orden\/wp-json\/wp\/v2\/pages\/95"}],"wp:attachment":[{"href":"https:\/\/test-wuwei.de\/orden\/wp-json\/wp\/v2\/media?parent=97"}],"curies":[{"name":"wp","href":"https:\/\/api.w.org\/{rel}","templated":true}]}}