{"id":3616,"date":"2025-10-31T10:18:01","date_gmt":"2025-10-31T09:18:01","guid":{"rendered":"https:\/\/test-wuwei.de\/orden\/?page_id=3616"},"modified":"2025-10-31T10:18:16","modified_gmt":"2025-10-31T09:18:16","slug":"die-archive-der-dok","status":"publish","type":"page","link":"https:\/\/test-wuwei.de\/orden\/ueber-die-dok\/aufgaben-einrichtungen\/die-archive-der-dok\/","title":{"rendered":"Die Archive der DOK"},"content":{"rendered":"\n<h2 class=\"gb-headline gb-headline-a520a4fd gb-headline-text\">Archiv der Vereinigung Deutscher Ordensobern (VDO)<\/h2>\n\n\n\n<p>Generalsekretariat der Vereinigung Deutscher Ordensobern (Laufzeit: 1898\u20132000)<br>Bestand: 189 Kartons = 534 Archivb\u00e4nde\u00a0<\/p>\n\n\n\n<p>Inhalt: Generalsekretariat der VDO, Selbstverwaltung der VDO, Vorstand, Mitgliederversammlung, Generalsekretariat, VDO gesamt, Vertretung der Mitgliederinteressen durch das Generalsekretariat, &nbsp;Besitzstandswahrung, Lastenausgleich und Wiedergutmachung, Eigentumsanspr\u00fcche, Staat und Politik, Drittes Reich, Bundesrepublik Deutschland, Wirtschafts-, Finanz- und Verwaltungsangelegenheiten, Steuern und sonstige Abgaben, Leistungsanspr\u00fcche an die \u00d6ffentliche Hand, Wirtschaftsf\u00fchrung und Klosterverwaltung, Immobilien, Kirchliche Organe, Organisationen und Verb\u00e4nde, Ordensobernvereinigungen, Deutsche Bischofskonferenz, Zentralkomitee der deutschen Katholiken, Deutscher Katholikentag, Gemeinsame Synode der Bist\u00fcmer, Bischofssynode Rom, Apostolischer Stuhl und seine Beh\u00f6rden, Kirchliches Archivwesen, Medienangelegenheiten, Literatur und Druckerzeugnisse, Rundfunk, Geistliche Dienste und Auslandsbetreuung, Weltmission, Weltkirche, deutsche Katholiken im Ausland, Gemeindemission, Seelsorge und geistliche Leitung, Karitative und soziale Dienste, Gottesdienst und Liturgie, Mitgliedsgemeinschaften allgemein, Rundschreiben des Generalsekret\u00e4rs, Allgemeine Mitgliederkorrespondenz, Angebote der Mitgliedsgemeinschaften, Ordens- und Priesterberuf, Rechtsangelegenheiten, Unterrichts-, Bildungs- und Fortbildungswesen, Ordensschulen und \u2013internate, &nbsp;Ordenshochschulen, Aus- und Fortbildung, Beihilfen, Versicherungsangelegenheiten, Verschiedene Betreffe.<\/p>\n\n\n\n<a class=\"gb-button gb-button-518f2f37 gb-button-text button-standard\" href=\"http:\/\/orden.de\/avdo\/findbuch_vdo\/index.htm\" target=\"_blank\" rel=\"noopener noreferrer\">Online-Findbuch (VDO)<\/a>\n\n\n\n<hr class=\"wp-block-separator has-text-color has-base-2-color has-alpha-channel-opacity has-base-2-background-color has-background is-style-wide\"\/>\n\n\n\n<h2 class=\"gb-headline gb-headline-fcd41c7a gb-headline-text\">Archiv der Vereinigung der Ordensoberinnen Deutschlands (VOD)<\/h2>\n\n\n\n<p>Laufzeit (1953\u20132005)<br>Bestand:\u00a0109 Kartons =\u00a0471 Archivb\u00e4nde<\/p>\n\n\n\n<p>Inhalt: Chronik und Jubil\u00e4en, Verfassung und Satzung, Vorstand, Mitgliedsgemeinschaften, Mitgliederversammlungen, Rundbrief, Personalangelegenheiten, Finanzen, Rechts- und Steuerausschuss, Fachgruppen und Kommissionen, Angebote der Orden, Umfragen und Statistiken, Institut der VOD, Liturgie, Presse- und \u00d6ffentlichkeitsarbeit, Fortbildungsveranstaltungen, Mission, Schule und Bildungseinrichtungen, Politische Kontakte und Aktionen, Kontakte zu anderen nationalen Ordensoberinnenvereinigungen, Unio Conferentiarum Europae Superiorum Majorum, Unione Internazionlae Superiore Generali, Kontakt mit dem Heiligen Stuhl und der Religiosenkongregation, Apostolische Nuntiatur, Kontakt zu den Bisch\u00f6fen, Zentralkomitee der deutschen Katholiken, Arbeitsgemeinschaft der M\u00e4nnerorden f\u00fcr die Pastoral der geistlichen Berufe, Zusammenarbeit mit Organisationen.<\/p>\n\n\n\n<a class=\"gb-button gb-button-1324d4bb gb-button-text button-standard\" href=\"http:\/\/orden.de\/avdo\/Online_Findbuch_VOD\/Online_Findbuch_VOD\/index.htm\" target=\"_blank\" rel=\"noopener noreferrer\">Online-Findbuch (VOD)<\/a>\n\n\n\n<hr class=\"wp-block-separator has-text-color has-base-2-color has-alpha-channel-opacity has-base-2-background-color has-background is-style-wide\"\/>\n\n\n\n<h2 class=\"gb-headline gb-headline-e6dd287a gb-headline-text\">Archiv der Vereinigung der Ordensobern der Br\u00fcderorden und -kongregationen Deutschlands (VOB)<\/h2>\n\n\n\n<p>Laufzeit (1954\u20132007)<br>Bestand:\u00a09 Kartons = 34 Archivb\u00e4nde<\/p>\n\n\n\n<p>Inhalt: Rechtsgrundlagen, Mitglieder, Vorstand, Rundschreiben, Wirtschaftsf\u00fchrung, Apostelstift, Chronik, \u00d6ffentlichkeitsarbeit, Verbindungen zum Apostolischen Stuhl und seinen Beh\u00f6rden.<\/p>\n\n\n\n<a class=\"gb-button gb-button-4f24702a gb-button-text button-standard\" href=\"http:\/\/orden.de\/avdo\/Online_Findbuch_VOB\/Online_Findbuch_VOB\/index.htm\" target=\"_blank\" rel=\"noopener noreferrer\">Online-Findbuch (VOB)<\/a>\n\n\n\n<hr class=\"wp-block-separator has-text-color has-base-2-color has-alpha-channel-opacity has-base-2-background-color has-background is-style-wide\"\/>\n\n\n\n<h2 class=\"gb-headline gb-headline-3f14dad5 gb-headline-text\">Archiv des Institut der Orden f\u00fcr missionarische Seelsorge und Spiritualit\u00e4t (IMS)<\/h2>\n\n\n\n<p>Laufzeit (1962\u20132005)<br>Bestand:\u00a028 Kartons = 81 Archivb\u00e4nde<\/p>\n\n\n\n<p>Inhalt: Kurse, Jahresprogramme, Verwaltung, Abteilung Orden und Di\u00f6zesen, Jahresberichte, Haushalts- und Finanzierungsfragen, Dokumentation, Vereinigung deutscher Ordensobern und IMS, Vereinigung der H\u00f6hern Ordensobern der Schweiz (VOS-USM), Jubil\u00e4um, Mitarbeit in Gremien.<\/p>\n\n\n\n<a class=\"gb-button gb-button-976fb4e4 gb-button-text button-standard\" href=\"http:\/\/orden.de\/avdo\/Online_Findbuch_IMS\/Online_Findbuch_IMS\/index.htm\" target=\"_blank\" rel=\"noopener noreferrer\">Online-Findbuch (IMS)<\/a>\n\n\n\n<hr class=\"wp-block-separator has-text-color has-base-2-color has-alpha-channel-opacity has-base-2-background-color has-background is-style-wide\"\/>\n\n\n\n<h2 class=\"gb-headline gb-headline-5dc9356a gb-headline-text\">Archiv des Deutschen Katholischen Missionsrats (DKMR)<\/h2>\n\n\n\n<p>Generalsekretariat des Deutschen Katholischen Missionsrats (Laufzeit: 1946\u20132000)<br>Bestand:\u00a0185 Kartons = 614 Archivb\u00e4nde<\/p>\n\n\n\n<p>Inhalt: Leitungsorgane, Allgemeine Verwaltung, Mitgliederversammlung, Vorstand, Generalsekretariat, Weltmission, Zusammenarbeit mit anderen Gremien, \u00d6kumene, Bildung und Wissenschaft, Veranstaltungen, Aktionen, Projekte, Chinamission, Entwicklungsarbeit, Katholischer Arbeitskreis f\u00fcr Entwicklung und Frieden, Arbeitsgemeinschaft f\u00fcr Entwicklungshilfe, Zentralstelle f\u00fcr Entwicklungshilfe, Technik und Logistik, \u00d6ffentlichkeitsarbeit, Projektf\u00f6rderung, Vergabe, Antr\u00e4ge.<\/p>\n\n\n\n<a class=\"gb-button gb-button-47d57123 gb-button-text button-standard\" href=\"http:\/\/orden.de\/avdo\/findbuch_dkmr\/index.htm\" target=\"_blank\" rel=\"noopener noreferrer\">Online-Findbuch (DKMR)<\/a>\n","protected":false},"excerpt":{"rendered":"<p>Archiv der Vereinigung Deutscher Ordensobern (VDO) Generalsekretariat der Vereinigung Deutscher Ordensobern (Laufzeit: 1898\u20132000)Bestand: 189 Kartons = 534 Archivb\u00e4nde\u00a0 Inhalt: Generalsekretariat der VDO, Selbstverwaltung der VDO, Vorstand, Mitgliederversammlung, Generalsekretariat, VDO gesamt, Vertretung der Mitgliederinteressen durch das Generalsekretariat, &nbsp;Besitzstandswahrung, Lastenausgleich und Wiedergutmachung, Eigentumsanspr\u00fcche, Staat und Politik, Drittes Reich, Bundesrepublik Deutschland, Wirtschafts-, Finanz- und Verwaltungsangelegenheiten, Steuern und sonstige &#8230; <\/p>\n<p class=\"read-more-container\"><a title=\"Die Archive der DOK\" class=\"read-more button\" href=\"https:\/\/test-wuwei.de\/orden\/ueber-die-dok\/aufgaben-einrichtungen\/die-archive-der-dok\/#more-3616\" aria-label=\"Mehr Informationen \u00fcber Die Archive der DOK\">weiterlesen<\/a><\/p>\n","protected":false},"author":3,"featured_media":3618,"parent":34,"menu_order":0,"comment_status":"closed","ping_status":"closed","template":"","meta":{"_acf_changed":false,"footnotes":""},"class_list":["post-3616","page","type-page","status-publish","has-post-thumbnail"],"acf":[],"yoast_head":"<!-- This site is optimized with the Yoast SEO plugin v26.3 - https:\/\/yoast.com\/wordpress\/plugins\/seo\/ -->\n<title>Die Archive der DOK &#8211; Ordensgemeinschaften in Deutschland<\/title>\n<meta name=\"robots\" content=\"noindex, follow, max-snippet:-1, max-image-preview:large, max-video-preview:-1\" \/>\n<meta property=\"og:locale\" content=\"de_DE\" \/>\n<meta property=\"og:type\" content=\"article\" \/>\n<meta property=\"og:title\" content=\"Die Archive der DOK &#8211; Ordensgemeinschaften in Deutschland\" \/>\n<meta property=\"og:description\" content=\"Archiv der Vereinigung Deutscher Ordensobern (VDO) Generalsekretariat der Vereinigung Deutscher Ordensobern (Laufzeit: 1898\u20132000)Bestand: 189 Kartons = 534 Archivb\u00e4nde\u00a0 Inhalt: Generalsekretariat der VDO, Selbstverwaltung der VDO, Vorstand, Mitgliederversammlung, Generalsekretariat, VDO gesamt, Vertretung der Mitgliederinteressen durch das Generalsekretariat, &nbsp;Besitzstandswahrung, Lastenausgleich und Wiedergutmachung, Eigentumsanspr\u00fcche, Staat und Politik, Drittes Reich, Bundesrepublik Deutschland, Wirtschafts-, Finanz- und Verwaltungsangelegenheiten, Steuern und sonstige ... weiterlesen\" \/>\n<meta property=\"og:url\" content=\"https:\/\/test-wuwei.de\/orden\/ueber-die-dok\/aufgaben-einrichtungen\/die-archive-der-dok\/\" \/>\n<meta property=\"og:site_name\" content=\"Ordensgemeinschaften in Deutschland\" \/>\n<meta property=\"article:modified_time\" content=\"2025-10-31T09:18:16+00:00\" \/>\n<meta property=\"og:image\" content=\"https:\/\/test-wuwei.de\/orden\/wp-content\/uploads\/2025\/10\/csm_Archiv_3e9cf3fbb3.jpg\" \/>\n\t<meta property=\"og:image:width\" content=\"870\" \/>\n\t<meta property=\"og:image:height\" content=\"325\" \/>\n\t<meta property=\"og:image:type\" content=\"image\/jpeg\" \/>\n<meta name=\"twitter:card\" content=\"summary_large_image\" \/>\n<meta name=\"twitter:label1\" content=\"Gesch\u00e4tzte Lesezeit\" \/>\n\t<meta name=\"twitter:data1\" content=\"3\u00a0Minuten\" \/>\n<script type=\"application\/ld+json\" class=\"yoast-schema-graph\">{\"@context\":\"https:\/\/schema.org\",\"@graph\":[{\"@type\":\"WebPage\",\"@id\":\"https:\/\/test-wuwei.de\/orden\/ueber-die-dok\/aufgaben-einrichtungen\/die-archive-der-dok\/\",\"url\":\"https:\/\/test-wuwei.de\/orden\/ueber-die-dok\/aufgaben-einrichtungen\/die-archive-der-dok\/\",\"name\":\"Die Archive der DOK &#8211; Ordensgemeinschaften in Deutschland\",\"isPartOf\":{\"@id\":\"https:\/\/test-wuwei.de\/orden\/#website\"},\"primaryImageOfPage\":{\"@id\":\"https:\/\/test-wuwei.de\/orden\/ueber-die-dok\/aufgaben-einrichtungen\/die-archive-der-dok\/#primaryimage\"},\"image\":{\"@id\":\"https:\/\/test-wuwei.de\/orden\/ueber-die-dok\/aufgaben-einrichtungen\/die-archive-der-dok\/#primaryimage\"},\"thumbnailUrl\":\"https:\/\/test-wuwei.de\/orden\/wp-content\/uploads\/2025\/10\/csm_Archiv_3e9cf3fbb3.jpg\",\"datePublished\":\"2025-10-31T09:18:01+00:00\",\"dateModified\":\"2025-10-31T09:18:16+00:00\",\"breadcrumb\":{\"@id\":\"https:\/\/test-wuwei.de\/orden\/ueber-die-dok\/aufgaben-einrichtungen\/die-archive-der-dok\/#breadcrumb\"},\"inLanguage\":\"de\",\"potentialAction\":[{\"@type\":\"ReadAction\",\"target\":[\"https:\/\/test-wuwei.de\/orden\/ueber-die-dok\/aufgaben-einrichtungen\/die-archive-der-dok\/\"]}]},{\"@type\":\"ImageObject\",\"inLanguage\":\"de\",\"@id\":\"https:\/\/test-wuwei.de\/orden\/ueber-die-dok\/aufgaben-einrichtungen\/die-archive-der-dok\/#primaryimage\",\"url\":\"https:\/\/test-wuwei.de\/orden\/wp-content\/uploads\/2025\/10\/csm_Archiv_3e9cf3fbb3.jpg\",\"contentUrl\":\"https:\/\/test-wuwei.de\/orden\/wp-content\/uploads\/2025\/10\/csm_Archiv_3e9cf3fbb3.jpg\",\"width\":870,\"height\":325,\"caption\":\"Archive der Deutschen Oberenkonferenz\"},{\"@type\":\"BreadcrumbList\",\"@id\":\"https:\/\/test-wuwei.de\/orden\/ueber-die-dok\/aufgaben-einrichtungen\/die-archive-der-dok\/#breadcrumb\",\"itemListElement\":[{\"@type\":\"ListItem\",\"position\":1,\"name\":\"\ud83c\udfe0\ufe0e\",\"item\":\"https:\/\/test-wuwei.de\/orden\/\"},{\"@type\":\"ListItem\",\"position\":2,\"name\":\"\u00dcber die Deutsche Ordensgemeinschaft\",\"item\":\"https:\/\/test-wuwei.de\/orden\/ueber-die-dok\/\"},{\"@type\":\"ListItem\",\"position\":3,\"name\":\"Aufgaben &amp; Einrichtungen\",\"item\":\"https:\/\/test-wuwei.de\/orden\/ueber-die-dok\/aufgaben-einrichtungen\/\"},{\"@type\":\"ListItem\",\"position\":4,\"name\":\"Die Archive der DOK\"}]},{\"@type\":\"WebSite\",\"@id\":\"https:\/\/test-wuwei.de\/orden\/#website\",\"url\":\"https:\/\/test-wuwei.de\/orden\/\",\"name\":\"Ordensgemeinschaften in Deutschland\",\"description\":\"Deutsche Ordensobernkonferenz\",\"publisher\":{\"@id\":\"https:\/\/test-wuwei.de\/orden\/#organization\"},\"potentialAction\":[{\"@type\":\"SearchAction\",\"target\":{\"@type\":\"EntryPoint\",\"urlTemplate\":\"https:\/\/test-wuwei.de\/orden\/?s={search_term_string}\"},\"query-input\":{\"@type\":\"PropertyValueSpecification\",\"valueRequired\":true,\"valueName\":\"search_term_string\"}}],\"inLanguage\":\"de\"},{\"@type\":\"Organization\",\"@id\":\"https:\/\/test-wuwei.de\/orden\/#organization\",\"name\":\"Ordensgemeinschaften in Deutschland\",\"url\":\"https:\/\/test-wuwei.de\/orden\/\",\"logo\":{\"@type\":\"ImageObject\",\"inLanguage\":\"de\",\"@id\":\"https:\/\/test-wuwei.de\/orden\/#\/schema\/logo\/image\/\",\"url\":\"https:\/\/test-wuwei.de\/orden\/wp-content\/uploads\/2025\/07\/DOK_Logo_RGB_mit.jpg\",\"contentUrl\":\"https:\/\/test-wuwei.de\/orden\/wp-content\/uploads\/2025\/07\/DOK_Logo_RGB_mit.jpg\",\"width\":2480,\"height\":1748,\"caption\":\"Ordensgemeinschaften in Deutschland\"},\"image\":{\"@id\":\"https:\/\/test-wuwei.de\/orden\/#\/schema\/logo\/image\/\"}}]}<\/script>\n<!-- \/ Yoast SEO plugin. -->","yoast_head_json":{"title":"Die Archive der DOK &#8211; Ordensgemeinschaften in Deutschland","robots":{"index":"noindex","follow":"follow","max-snippet":"max-snippet:-1","max-image-preview":"max-image-preview:large","max-video-preview":"max-video-preview:-1"},"og_locale":"de_DE","og_type":"article","og_title":"Die Archive der DOK &#8211; Ordensgemeinschaften in Deutschland","og_description":"Archiv der Vereinigung Deutscher Ordensobern (VDO) Generalsekretariat der Vereinigung Deutscher Ordensobern (Laufzeit: 1898\u20132000)Bestand: 189 Kartons = 534 Archivb\u00e4nde\u00a0 Inhalt: Generalsekretariat der VDO, Selbstverwaltung der VDO, Vorstand, Mitgliederversammlung, Generalsekretariat, VDO gesamt, Vertretung der Mitgliederinteressen durch das Generalsekretariat, &nbsp;Besitzstandswahrung, Lastenausgleich und Wiedergutmachung, Eigentumsanspr\u00fcche, Staat und Politik, Drittes Reich, Bundesrepublik Deutschland, Wirtschafts-, Finanz- und Verwaltungsangelegenheiten, Steuern und sonstige ... weiterlesen","og_url":"https:\/\/test-wuwei.de\/orden\/ueber-die-dok\/aufgaben-einrichtungen\/die-archive-der-dok\/","og_site_name":"Ordensgemeinschaften in Deutschland","article_modified_time":"2025-10-31T09:18:16+00:00","og_image":[{"width":870,"height":325,"url":"https:\/\/test-wuwei.de\/orden\/wp-content\/uploads\/2025\/10\/csm_Archiv_3e9cf3fbb3.jpg","type":"image\/jpeg"}],"twitter_card":"summary_large_image","twitter_misc":{"Gesch\u00e4tzte Lesezeit":"3\u00a0Minuten"},"schema":{"@context":"https:\/\/schema.org","@graph":[{"@type":"WebPage","@id":"https:\/\/test-wuwei.de\/orden\/ueber-die-dok\/aufgaben-einrichtungen\/die-archive-der-dok\/","url":"https:\/\/test-wuwei.de\/orden\/ueber-die-dok\/aufgaben-einrichtungen\/die-archive-der-dok\/","name":"Die Archive der DOK &#8211; Ordensgemeinschaften in Deutschland","isPartOf":{"@id":"https:\/\/test-wuwei.de\/orden\/#website"},"primaryImageOfPage":{"@id":"https:\/\/test-wuwei.de\/orden\/ueber-die-dok\/aufgaben-einrichtungen\/die-archive-der-dok\/#primaryimage"},"image":{"@id":"https:\/\/test-wuwei.de\/orden\/ueber-die-dok\/aufgaben-einrichtungen\/die-archive-der-dok\/#primaryimage"},"thumbnailUrl":"https:\/\/test-wuwei.de\/orden\/wp-content\/uploads\/2025\/10\/csm_Archiv_3e9cf3fbb3.jpg","datePublished":"2025-10-31T09:18:01+00:00","dateModified":"2025-10-31T09:18:16+00:00","breadcrumb":{"@id":"https:\/\/test-wuwei.de\/orden\/ueber-die-dok\/aufgaben-einrichtungen\/die-archive-der-dok\/#breadcrumb"},"inLanguage":"de","potentialAction":[{"@type":"ReadAction","target":["https:\/\/test-wuwei.de\/orden\/ueber-die-dok\/aufgaben-einrichtungen\/die-archive-der-dok\/"]}]},{"@type":"ImageObject","inLanguage":"de","@id":"https:\/\/test-wuwei.de\/orden\/ueber-die-dok\/aufgaben-einrichtungen\/die-archive-der-dok\/#primaryimage","url":"https:\/\/test-wuwei.de\/orden\/wp-content\/uploads\/2025\/10\/csm_Archiv_3e9cf3fbb3.jpg","contentUrl":"https:\/\/test-wuwei.de\/orden\/wp-content\/uploads\/2025\/10\/csm_Archiv_3e9cf3fbb3.jpg","width":870,"height":325,"caption":"Archive der Deutschen Oberenkonferenz"},{"@type":"BreadcrumbList","@id":"https:\/\/test-wuwei.de\/orden\/ueber-die-dok\/aufgaben-einrichtungen\/die-archive-der-dok\/#breadcrumb","itemListElement":[{"@type":"ListItem","position":1,"name":"\ud83c\udfe0\ufe0e","item":"https:\/\/test-wuwei.de\/orden\/"},{"@type":"ListItem","position":2,"name":"\u00dcber die Deutsche Ordensgemeinschaft","item":"https:\/\/test-wuwei.de\/orden\/ueber-die-dok\/"},{"@type":"ListItem","position":3,"name":"Aufgaben &amp; Einrichtungen","item":"https:\/\/test-wuwei.de\/orden\/ueber-die-dok\/aufgaben-einrichtungen\/"},{"@type":"ListItem","position":4,"name":"Die Archive der DOK"}]},{"@type":"WebSite","@id":"https:\/\/test-wuwei.de\/orden\/#website","url":"https:\/\/test-wuwei.de\/orden\/","name":"Ordensgemeinschaften in Deutschland","description":"Deutsche Ordensobernkonferenz","publisher":{"@id":"https:\/\/test-wuwei.de\/orden\/#organization"},"potentialAction":[{"@type":"SearchAction","target":{"@type":"EntryPoint","urlTemplate":"https:\/\/test-wuwei.de\/orden\/?s={search_term_string}"},"query-input":{"@type":"PropertyValueSpecification","valueRequired":true,"valueName":"search_term_string"}}],"inLanguage":"de"},{"@type":"Organization","@id":"https:\/\/test-wuwei.de\/orden\/#organization","name":"Ordensgemeinschaften in Deutschland","url":"https:\/\/test-wuwei.de\/orden\/","logo":{"@type":"ImageObject","inLanguage":"de","@id":"https:\/\/test-wuwei.de\/orden\/#\/schema\/logo\/image\/","url":"https:\/\/test-wuwei.de\/orden\/wp-content\/uploads\/2025\/07\/DOK_Logo_RGB_mit.jpg","contentUrl":"https:\/\/test-wuwei.de\/orden\/wp-content\/uploads\/2025\/07\/DOK_Logo_RGB_mit.jpg","width":2480,"height":1748,"caption":"Ordensgemeinschaften in Deutschland"},"image":{"@id":"https:\/\/test-wuwei.de\/orden\/#\/schema\/logo\/image\/"}}]}},"_links":{"self":[{"href":"https:\/\/test-wuwei.de\/orden\/wp-json\/wp\/v2\/pages\/3616","targetHints":{"allow":["GET"]}}],"collection":[{"href":"https:\/\/test-wuwei.de\/orden\/wp-json\/wp\/v2\/pages"}],"about":[{"href":"https:\/\/test-wuwei.de\/orden\/wp-json\/wp\/v2\/types\/page"}],"author":[{"embeddable":true,"href":"https:\/\/test-wuwei.de\/orden\/wp-json\/wp\/v2\/users\/3"}],"replies":[{"embeddable":true,"href":"https:\/\/test-wuwei.de\/orden\/wp-json\/wp\/v2\/comments?post=3616"}],"version-history":[{"count":1,"href":"https:\/\/test-wuwei.de\/orden\/wp-json\/wp\/v2\/pages\/3616\/revisions"}],"predecessor-version":[{"id":3619,"href":"https:\/\/test-wuwei.de\/orden\/wp-json\/wp\/v2\/pages\/3616\/revisions\/3619"}],"up":[{"embeddable":true,"href":"https:\/\/test-wuwei.de\/orden\/wp-json\/wp\/v2\/pages\/34"}],"wp:featuredmedia":[{"embeddable":true,"href":"https:\/\/test-wuwei.de\/orden\/wp-json\/wp\/v2\/media\/3618"}],"wp:attachment":[{"href":"https:\/\/test-wuwei.de\/orden\/wp-json\/wp\/v2\/media?parent=3616"}],"curies":[{"name":"wp","href":"https:\/\/api.w.org\/{rel}","templated":true}]}}