{"id":26,"date":"2025-07-17T10:47:42","date_gmt":"2025-07-17T08:47:42","guid":{"rendered":"https:\/\/test-wuwei.de\/orden\/?page_id=26"},"modified":"2025-11-20T15:28:59","modified_gmt":"2025-11-20T14:28:59","slug":"ueber-die-dok","status":"publish","type":"page","link":"https:\/\/test-wuwei.de\/orden\/ueber-die-dok\/","title":{"rendered":"\u00dcber die Deutsche Ordensgemeinschaft"},"content":{"rendered":"\n<p>Die Deutsche Ordensobernkonferenz ist der Zusammenschluss der H\u00f6heren Oberen der Orden und Kongregationen in Deutschland. Die Verantwortlichen der General- und Provinzleitungen von Ordensgemeinschaften sowie der Abteien und selbst\u00e4ndigen Einzelkl\u00f6ster in Deutschland haben sich in der DOK zusammengeschlossen, um ihre Interessen in Kirche und Gesellschaft gemeinsam zu vertreten und sich gegenseitig zu helfen, das Ordensleben in seinen vielf\u00e4ltigen Phasen und Aspekten und in den immer neuen Herausforderungen der sich wandelnden Zeit zu verwirklichen.<\/p>\n\n\n\n<h2 class=\"gb-headline gb-headline-fd80e048 gb-headline-text\">Mitglieder<\/h2>\n\n\n\n<p>Zur DOK geh\u00f6ren 396 Obere, die insgesamt rund 12.628 Ordensfrauen und -m\u00e4nner in Deutschland vertreten:<\/p>\n\n\n\n<ul class=\"wp-block-list\">\n<li>ca. 9.467 Ordensfrauen<\/li>\n\n\n\n<li>ca. 3.084 Ordensm\u00e4nner<\/li>\n<\/ul>\n\n\n\n<a class=\"gb-button gb-button-e7373e0a gb-button-text button-standard\" href=\"https:\/\/test-wuwei.de\/orden\/presse\/zahlen-fakten\/\">Mehr Zahlenmaterial im Presseraum<\/a>\n\n\n\n<p>Innerhalb der DOK bilden die Oberen der Priesterorden eine &#8222;Ordinarienkonferenz&#8220;: Die Priesterorden sind in der Regel &#8222;exemt&#8220;; sie unterstehen als &#8222;Gemeinschaften p\u00e4pstlichen Rechtes&#8220; nicht der Jurisdiktion der Bisch\u00f6fe. Die H\u00f6heren Ordensoberen (&#8222;Superioren&#8220;) dieser Gemeinschaften haben kirchenrechtlich wie die Bisch\u00f6fe den Rang von &#8222;Ordinarien&#8220;. Ihr Zusammenschluss ist als Ordinarienkonferenz ein Pendant zur Deutschen Bischofskonferenz.<\/p>\n\n\n\n<h2 class=\"gb-headline gb-headline-c1a11b67 gb-headline-text\">Aufgaben<\/h2>\n\n\n<div class=\"gb-grid-wrapper gb-grid-wrapper-2c26250e\">\n<div class=\"gb-grid-column gb-grid-column-63a173d8\"><div class=\"gb-container gb-container-63a173d8\">\n\n<h3 class=\"gb-headline gb-headline-53b2e22c gb-headline-text\">Nach au\u00dfen<\/h3>\n\n\n\n<ul class=\"wp-block-list\">\n<li>F\u00f6rderung der Zusammenarbeit der Ordensgemeinschaften in Deutschland mit kirchlichen und staatlichen Stellen (z.B. Deutsche Bischofskonferenz, Nuntiatur, Vatikan; Verb\u00e4nde und Organisationen des kirchlichen Lebens in der Bundesrepublik und in Europa; Landes- und Bundesministerien und -beh\u00f6rden).<\/li>\n\n\n\n<li>Kontakte zu gesellschaftlichen und politischen Vereinigungen, Presse und Medien.<\/li>\n\n\n\n<li>Sacharbeit in Fach-Kommissionen und Arbeitsgemeinschaften: So k\u00fcmmern sich Arbeitsgemeinschaften etwa um wirtschaftliche Fragen, um neue Berufungen zum Ordensleben, um das Noviziat und die erste Phase des Ordenslebens, um missionarische Dienste der Orden, um Ordensschulen und -hochschulen sowie um die Medienarbeit der Ordensgemeinschaften.<\/li>\n<\/ul>\n\n<\/div><\/div>\n\n<div class=\"gb-grid-column gb-grid-column-93857736\"><div class=\"gb-container gb-container-93857736\">\n\n<h3 class=\"gb-headline gb-headline-e9ee93e2 gb-headline-text\">Nach innen<\/h3>\n\n\n\n<ul class=\"wp-block-list\">\n<li>Informationsaustausch<\/li>\n\n\n\n<li>Koordination gemeinsamer Aufgaben und Projekte<\/li>\n\n\n\n<li>Beratung der Ordensgemeinschaften in Deutschland in allen Angelegenheiten des kirchlichen Lebens<\/li>\n<\/ul>\n\n<\/div><\/div>\n<\/div>\n\n\n<h2 class=\"gb-headline gb-headline-820fae43 gb-headline-text\">Organe<\/h2>\n\n\n\n<ul class=\"wp-block-list\">\n<li><a href=\"https:\/\/test-wuwei.de\/orden\/ueber-die-dok\/struktur\/\">gesch\u00e4ftsf\u00fchrender und erweiterter Vorstand<\/a><\/li>\n\n\n\n<li>Mitgliederversammlung der \u00c4bte und \u00c4btissinnen, General- und Provinzoberinnen und \u2013oberen<\/li>\n\n\n\n<li>die jeweiligen Zusammenk\u00fcnfte der H\u00f6heren Oberinnen, der H\u00f6heren Oberen der Priesterorden (Ordinarienkonferenz) und der H\u00f6heren Oberen der Br\u00fcderorden<\/li>\n<\/ul>\n\n\n\n<h3 class=\"gb-headline gb-headline-7f5f75c3 gb-headline-text\">Ausf\u00fchrende Organe<\/h3>\n\n\n\n<ul class=\"wp-block-list\">\n<li>Der gesch\u00e4ftsf\u00fchrende Vorstand<\/li>\n\n\n\n<li>Das Generalsekretariat<\/li>\n\n\n\n<li>Foren und Arbeitsgemeinschaften<\/li>\n<\/ul>\n\n\n\n<p>Das <a href=\"https:\/\/test-wuwei.de\/orden\/ueber-die-dok\/generalsekretariat\/\">Generalsekretariat der DOK<\/a> wird von von einem angestellten Mitarbeiter in enger Abstimmung mit dem gesch\u00e4ftsf\u00fchrenden Vorstand geleitet. Es hat seinen Sitz in Bonn und koordiniert die Arbeit in der Deutschen Ordensobernkonferenz.<\/p>\n\n\n\n<h3 class=\"gb-headline gb-headline-3a42697c gb-headline-text\">Beratende Gremien<\/h3>\n\n\n\n<ul class=\"wp-block-list\">\n<li><a href=\"https:\/\/test-wuwei.de\/orden\/ueber-die-dok\/arbeitsgemeinschaften\/\">Arbeitsgruppen der DOK-Fachgremien<\/a> aus qualifizierten Ordensleuten der Mitgliedsorden<\/li>\n\n\n\n<li>Konferenz missionierender Orden (KMO)<\/li>\n\n\n\n<li>Ggf. st\u00e4ndige oder zeitlich befristete weitere Konferenzen, Arbeitsgruppen oder Beir\u00e4te<\/li>\n<\/ul>\n","protected":false},"excerpt":{"rendered":"<p>Die Deutsche Ordensobernkonferenz ist der Zusammenschluss der H\u00f6heren Oberen der Orden und Kongregationen in Deutschland. Die Verantwortlichen der General- und Provinzleitungen von Ordensgemeinschaften sowie der Abteien und selbst\u00e4ndigen Einzelkl\u00f6ster in Deutschland haben sich in der DOK zusammengeschlossen, um ihre Interessen in Kirche und Gesellschaft gemeinsam zu vertreten und sich gegenseitig zu helfen, das Ordensleben in &#8230; <\/p>\n<p class=\"read-more-container\"><a title=\"\u00dcber die Deutsche Ordensgemeinschaft\" class=\"read-more button\" href=\"https:\/\/test-wuwei.de\/orden\/ueber-die-dok\/#more-26\" aria-label=\"Mehr Informationen \u00fcber \u00dcber die Deutsche Ordensgemeinschaft\">weiterlesen<\/a><\/p>\n","protected":false},"author":3,"featured_media":389,"parent":0,"menu_order":0,"comment_status":"closed","ping_status":"closed","template":"","meta":{"_acf_changed":false,"footnotes":""},"class_list":["post-26","page","type-page","status-publish","has-post-thumbnail"],"acf":[],"yoast_head":"<!-- This site is optimized with the Yoast SEO plugin v26.3 - https:\/\/yoast.com\/wordpress\/plugins\/seo\/ -->\n<title>\u00dcber die Deutsche Ordensgemeinschaft &#8211; Ordensgemeinschaften in Deutschland<\/title>\n<meta name=\"robots\" content=\"noindex, follow, max-snippet:-1, max-image-preview:large, max-video-preview:-1\" \/>\n<meta property=\"og:locale\" content=\"de_DE\" \/>\n<meta property=\"og:type\" content=\"article\" \/>\n<meta property=\"og:title\" content=\"\u00dcber die Deutsche Ordensgemeinschaft &#8211; Ordensgemeinschaften in Deutschland\" \/>\n<meta property=\"og:description\" content=\"Die Deutsche Ordensobernkonferenz ist der Zusammenschluss der H\u00f6heren Oberen der Orden und Kongregationen in Deutschland. Die Verantwortlichen der General- und Provinzleitungen von Ordensgemeinschaften sowie der Abteien und selbst\u00e4ndigen Einzelkl\u00f6ster in Deutschland haben sich in der DOK zusammengeschlossen, um ihre Interessen in Kirche und Gesellschaft gemeinsam zu vertreten und sich gegenseitig zu helfen, das Ordensleben in ... weiterlesen\" \/>\n<meta property=\"og:url\" content=\"https:\/\/test-wuwei.de\/orden\/ueber-die-dok\/\" \/>\n<meta property=\"og:site_name\" content=\"Ordensgemeinschaften in Deutschland\" \/>\n<meta property=\"article:modified_time\" content=\"2025-11-20T14:28:59+00:00\" \/>\n<meta property=\"og:image\" content=\"https:\/\/test-wuwei.de\/orden\/wp-content\/uploads\/2025\/08\/csm_Titelbildheller_c9fa6a45e4.jpg\" \/>\n\t<meta property=\"og:image:width\" content=\"870\" \/>\n\t<meta property=\"og:image:height\" content=\"325\" \/>\n\t<meta property=\"og:image:type\" content=\"image\/jpeg\" \/>\n<meta name=\"twitter:card\" content=\"summary_large_image\" \/>\n<meta name=\"twitter:label1\" content=\"Gesch\u00e4tzte Lesezeit\" \/>\n\t<meta name=\"twitter:data1\" content=\"1\u00a0Minute\" \/>\n<script type=\"application\/ld+json\" class=\"yoast-schema-graph\">{\"@context\":\"https:\/\/schema.org\",\"@graph\":[{\"@type\":\"WebPage\",\"@id\":\"https:\/\/test-wuwei.de\/orden\/ueber-die-dok\/\",\"url\":\"https:\/\/test-wuwei.de\/orden\/ueber-die-dok\/\",\"name\":\"\u00dcber die Deutsche Ordensgemeinschaft &#8211; Ordensgemeinschaften in Deutschland\",\"isPartOf\":{\"@id\":\"https:\/\/test-wuwei.de\/orden\/#website\"},\"primaryImageOfPage\":{\"@id\":\"https:\/\/test-wuwei.de\/orden\/ueber-die-dok\/#primaryimage\"},\"image\":{\"@id\":\"https:\/\/test-wuwei.de\/orden\/ueber-die-dok\/#primaryimage\"},\"thumbnailUrl\":\"https:\/\/test-wuwei.de\/orden\/wp-content\/uploads\/2025\/08\/csm_Titelbildheller_c9fa6a45e4.jpg\",\"datePublished\":\"2025-07-17T08:47:42+00:00\",\"dateModified\":\"2025-11-20T14:28:59+00:00\",\"breadcrumb\":{\"@id\":\"https:\/\/test-wuwei.de\/orden\/ueber-die-dok\/#breadcrumb\"},\"inLanguage\":\"de\",\"potentialAction\":[{\"@type\":\"ReadAction\",\"target\":[\"https:\/\/test-wuwei.de\/orden\/ueber-die-dok\/\"]}]},{\"@type\":\"ImageObject\",\"inLanguage\":\"de\",\"@id\":\"https:\/\/test-wuwei.de\/orden\/ueber-die-dok\/#primaryimage\",\"url\":\"https:\/\/test-wuwei.de\/orden\/wp-content\/uploads\/2025\/08\/csm_Titelbildheller_c9fa6a45e4.jpg\",\"contentUrl\":\"https:\/\/test-wuwei.de\/orden\/wp-content\/uploads\/2025\/08\/csm_Titelbildheller_c9fa6a45e4.jpg\",\"width\":870,\"height\":325,\"caption\":\"\u00dcber die DOK\"},{\"@type\":\"BreadcrumbList\",\"@id\":\"https:\/\/test-wuwei.de\/orden\/ueber-die-dok\/#breadcrumb\",\"itemListElement\":[{\"@type\":\"ListItem\",\"position\":1,\"name\":\"\ud83c\udfe0\ufe0e\",\"item\":\"https:\/\/test-wuwei.de\/orden\/\"},{\"@type\":\"ListItem\",\"position\":2,\"name\":\"\u00dcber die Deutsche Ordensgemeinschaft\"}]},{\"@type\":\"WebSite\",\"@id\":\"https:\/\/test-wuwei.de\/orden\/#website\",\"url\":\"https:\/\/test-wuwei.de\/orden\/\",\"name\":\"Ordensgemeinschaften in Deutschland\",\"description\":\"Deutsche Ordensobernkonferenz\",\"publisher\":{\"@id\":\"https:\/\/test-wuwei.de\/orden\/#organization\"},\"potentialAction\":[{\"@type\":\"SearchAction\",\"target\":{\"@type\":\"EntryPoint\",\"urlTemplate\":\"https:\/\/test-wuwei.de\/orden\/?s={search_term_string}\"},\"query-input\":{\"@type\":\"PropertyValueSpecification\",\"valueRequired\":true,\"valueName\":\"search_term_string\"}}],\"inLanguage\":\"de\"},{\"@type\":\"Organization\",\"@id\":\"https:\/\/test-wuwei.de\/orden\/#organization\",\"name\":\"Ordensgemeinschaften in Deutschland\",\"url\":\"https:\/\/test-wuwei.de\/orden\/\",\"logo\":{\"@type\":\"ImageObject\",\"inLanguage\":\"de\",\"@id\":\"https:\/\/test-wuwei.de\/orden\/#\/schema\/logo\/image\/\",\"url\":\"https:\/\/test-wuwei.de\/orden\/wp-content\/uploads\/2025\/07\/DOK_Logo_RGB_mit.jpg\",\"contentUrl\":\"https:\/\/test-wuwei.de\/orden\/wp-content\/uploads\/2025\/07\/DOK_Logo_RGB_mit.jpg\",\"width\":2480,\"height\":1748,\"caption\":\"Ordensgemeinschaften in Deutschland\"},\"image\":{\"@id\":\"https:\/\/test-wuwei.de\/orden\/#\/schema\/logo\/image\/\"}}]}<\/script>\n<!-- \/ Yoast SEO plugin. -->","yoast_head_json":{"title":"\u00dcber die Deutsche Ordensgemeinschaft &#8211; Ordensgemeinschaften in Deutschland","robots":{"index":"noindex","follow":"follow","max-snippet":"max-snippet:-1","max-image-preview":"max-image-preview:large","max-video-preview":"max-video-preview:-1"},"og_locale":"de_DE","og_type":"article","og_title":"\u00dcber die Deutsche Ordensgemeinschaft &#8211; Ordensgemeinschaften in Deutschland","og_description":"Die Deutsche Ordensobernkonferenz ist der Zusammenschluss der H\u00f6heren Oberen der Orden und Kongregationen in Deutschland. Die Verantwortlichen der General- und Provinzleitungen von Ordensgemeinschaften sowie der Abteien und selbst\u00e4ndigen Einzelkl\u00f6ster in Deutschland haben sich in der DOK zusammengeschlossen, um ihre Interessen in Kirche und Gesellschaft gemeinsam zu vertreten und sich gegenseitig zu helfen, das Ordensleben in ... weiterlesen","og_url":"https:\/\/test-wuwei.de\/orden\/ueber-die-dok\/","og_site_name":"Ordensgemeinschaften in Deutschland","article_modified_time":"2025-11-20T14:28:59+00:00","og_image":[{"width":870,"height":325,"url":"https:\/\/test-wuwei.de\/orden\/wp-content\/uploads\/2025\/08\/csm_Titelbildheller_c9fa6a45e4.jpg","type":"image\/jpeg"}],"twitter_card":"summary_large_image","twitter_misc":{"Gesch\u00e4tzte Lesezeit":"1\u00a0Minute"},"schema":{"@context":"https:\/\/schema.org","@graph":[{"@type":"WebPage","@id":"https:\/\/test-wuwei.de\/orden\/ueber-die-dok\/","url":"https:\/\/test-wuwei.de\/orden\/ueber-die-dok\/","name":"\u00dcber die Deutsche Ordensgemeinschaft &#8211; Ordensgemeinschaften in Deutschland","isPartOf":{"@id":"https:\/\/test-wuwei.de\/orden\/#website"},"primaryImageOfPage":{"@id":"https:\/\/test-wuwei.de\/orden\/ueber-die-dok\/#primaryimage"},"image":{"@id":"https:\/\/test-wuwei.de\/orden\/ueber-die-dok\/#primaryimage"},"thumbnailUrl":"https:\/\/test-wuwei.de\/orden\/wp-content\/uploads\/2025\/08\/csm_Titelbildheller_c9fa6a45e4.jpg","datePublished":"2025-07-17T08:47:42+00:00","dateModified":"2025-11-20T14:28:59+00:00","breadcrumb":{"@id":"https:\/\/test-wuwei.de\/orden\/ueber-die-dok\/#breadcrumb"},"inLanguage":"de","potentialAction":[{"@type":"ReadAction","target":["https:\/\/test-wuwei.de\/orden\/ueber-die-dok\/"]}]},{"@type":"ImageObject","inLanguage":"de","@id":"https:\/\/test-wuwei.de\/orden\/ueber-die-dok\/#primaryimage","url":"https:\/\/test-wuwei.de\/orden\/wp-content\/uploads\/2025\/08\/csm_Titelbildheller_c9fa6a45e4.jpg","contentUrl":"https:\/\/test-wuwei.de\/orden\/wp-content\/uploads\/2025\/08\/csm_Titelbildheller_c9fa6a45e4.jpg","width":870,"height":325,"caption":"\u00dcber die DOK"},{"@type":"BreadcrumbList","@id":"https:\/\/test-wuwei.de\/orden\/ueber-die-dok\/#breadcrumb","itemListElement":[{"@type":"ListItem","position":1,"name":"\ud83c\udfe0\ufe0e","item":"https:\/\/test-wuwei.de\/orden\/"},{"@type":"ListItem","position":2,"name":"\u00dcber die Deutsche Ordensgemeinschaft"}]},{"@type":"WebSite","@id":"https:\/\/test-wuwei.de\/orden\/#website","url":"https:\/\/test-wuwei.de\/orden\/","name":"Ordensgemeinschaften in Deutschland","description":"Deutsche Ordensobernkonferenz","publisher":{"@id":"https:\/\/test-wuwei.de\/orden\/#organization"},"potentialAction":[{"@type":"SearchAction","target":{"@type":"EntryPoint","urlTemplate":"https:\/\/test-wuwei.de\/orden\/?s={search_term_string}"},"query-input":{"@type":"PropertyValueSpecification","valueRequired":true,"valueName":"search_term_string"}}],"inLanguage":"de"},{"@type":"Organization","@id":"https:\/\/test-wuwei.de\/orden\/#organization","name":"Ordensgemeinschaften in Deutschland","url":"https:\/\/test-wuwei.de\/orden\/","logo":{"@type":"ImageObject","inLanguage":"de","@id":"https:\/\/test-wuwei.de\/orden\/#\/schema\/logo\/image\/","url":"https:\/\/test-wuwei.de\/orden\/wp-content\/uploads\/2025\/07\/DOK_Logo_RGB_mit.jpg","contentUrl":"https:\/\/test-wuwei.de\/orden\/wp-content\/uploads\/2025\/07\/DOK_Logo_RGB_mit.jpg","width":2480,"height":1748,"caption":"Ordensgemeinschaften in Deutschland"},"image":{"@id":"https:\/\/test-wuwei.de\/orden\/#\/schema\/logo\/image\/"}}]}},"_links":{"self":[{"href":"https:\/\/test-wuwei.de\/orden\/wp-json\/wp\/v2\/pages\/26","targetHints":{"allow":["GET"]}}],"collection":[{"href":"https:\/\/test-wuwei.de\/orden\/wp-json\/wp\/v2\/pages"}],"about":[{"href":"https:\/\/test-wuwei.de\/orden\/wp-json\/wp\/v2\/types\/page"}],"author":[{"embeddable":true,"href":"https:\/\/test-wuwei.de\/orden\/wp-json\/wp\/v2\/users\/3"}],"replies":[{"embeddable":true,"href":"https:\/\/test-wuwei.de\/orden\/wp-json\/wp\/v2\/comments?post=26"}],"version-history":[{"count":5,"href":"https:\/\/test-wuwei.de\/orden\/wp-json\/wp\/v2\/pages\/26\/revisions"}],"predecessor-version":[{"id":5225,"href":"https:\/\/test-wuwei.de\/orden\/wp-json\/wp\/v2\/pages\/26\/revisions\/5225"}],"wp:featuredmedia":[{"embeddable":true,"href":"https:\/\/test-wuwei.de\/orden\/wp-json\/wp\/v2\/media\/389"}],"wp:attachment":[{"href":"https:\/\/test-wuwei.de\/orden\/wp-json\/wp\/v2\/media?parent=26"}],"curies":[{"name":"wp","href":"https:\/\/api.w.org\/{rel}","templated":true}]}}