{"id":2488,"date":"2025-08-29T14:30:58","date_gmt":"2025-08-29T12:30:58","guid":{"rendered":"https:\/\/test-wuwei.de\/orden\/?page_id=2488"},"modified":"2025-08-29T14:30:59","modified_gmt":"2025-08-29T12:30:59","slug":"agna","status":"publish","type":"page","link":"https:\/\/test-wuwei.de\/orden\/ueber-die-dok\/arbeitsgemeinschaften\/agna\/","title":{"rendered":"Arbeitsgruppe der Novizenmeister und Ausbildungsleiter &#8211; AGNA"},"content":{"rendered":"\n<p class=\"gb-headline gb-headline-2c142b48 gb-headline-text\">Die Arbeitsgruppe der Novizenmeister und Ausbildungsleiter (AGNA) ist im Jahr 2021 aus den Vorg\u00e4ngerarbeitsgruppen der Novizenmeister (AGNO) und der Ausbildungsleiter (AGAL) entstanden. Letztere wurde 1969 als AG der Klerikermagister und Spirituale der Ordensscholastikate gegr\u00fcndet und besch\u00e4ftigte sich mit Fragen der Ausbildung und Begleitung junger Ordensleute nach dem Noviziat bis zum Abschluss ihres meist philosophisch-theologischen Studiums und zur zweiten Dienstpr\u00fcfung.<\/p>\n\n\n<div class=\"gb-container gb-container-31dd245c gb-accordion\" data-accordion-multiple-open>\n<div class=\"gb-container gb-container-a7babbb2 gb-accordion__item\" data-transition=\"slide\">\n\n<button class=\"gb-button gb-button-618b0b85 gb-accordion__toggle\" id=\"gb-accordion-toggle-618b0b85\"><span class=\"gb-button-text\"><strong>Aufgabenfeld<\/strong><\/span><span class=\"gb-icon\"><svg xmlns=\"http:\/\/www.w3.org\/2000\/svg\" viewBox=\"0 0 448 512\" width=\"1em\" height=\"1em\" aria-hidden=\"true\" role=\"img\" class=\"gb-accordion__icon\"><path d=\"M207.029 381.476L12.686 187.132c-9.373-9.373-9.373-24.569 0-33.941l22.667-22.667c9.357-9.357 24.522-9.375 33.901-.04L224 284.505l154.745-154.021c9.379-9.335 24.544-9.317 33.901.04l22.667 22.667c9.373 9.373 9.373 24.569 0 33.941L240.971 381.476c-9.373 9.372-24.569 9.372-33.942 0z\" fill=\"currentColor\"><\/path><\/svg><svg xmlns=\"http:\/\/www.w3.org\/2000\/svg\" viewBox=\"0 0 448 512\" width=\"1em\" height=\"1em\" aria-hidden=\"true\" role=\"img\" class=\"gb-accordion__icon-open\"><path d=\"M240.971 130.524l194.343 194.343c9.373 9.373 9.373 24.569 0 33.941l-22.667 22.667c-9.357 9.357-24.522 9.375-33.901.04L224 227.495 69.255 381.516c-9.379 9.335-24.544 9.317-33.901-.04l-22.667-22.667c-9.373-9.373-9.373-24.569 0-33.941L207.03 130.525c9.372-9.373 24.568-9.373 33.941-.001z\" fill=\"currentColor\"><\/path><\/svg><\/span><\/button>\n\n\n<div id=\"gb-accordion-content-bca879d0\" class=\"gb-accordion__content\"><div class=\"gb-container gb-container-bca879d0\">\n\n<h2 class=\"gb-headline gb-headline-79a4acbd gb-headline-text\">Aufgabenfeld<\/h2>\n\n\n\n<p>Aufgabenfeld sind alle Fragestellungen und Themenbereiche zur Aus- und Fortbildung im Postulat, Noviziat und danach. Dies umfasst insbesondere:&nbsp;<\/p>\n\n\n\n<ul class=\"wp-block-list\">\n<li>Erfahrungsaustausch der Novizenmeister und Ausbildungsleiter zur Aus-, Weiter- und Fortbildung \u00a0<\/li>\n\n\n\n<li>Fachliche Er\u00f6rterung von Fragen der Begleitung, der Menschenf\u00fchrung, der Einf\u00fchrung in die Gemeinschaft, der geistlichen, beruflichen und apostolischen Bildung<\/li>\n<\/ul>\n\n<\/div><\/div>\n<\/div>\n\n<div class=\"gb-container gb-container-bb5bf65d gb-accordion__item\" data-transition=\"slide\">\n\n<button class=\"gb-button gb-button-bbb2a480 gb-accordion__toggle\" id=\"gb-accordion-toggle-bbb2a480\"><span class=\"gb-button-text\"><strong>Leitung und Mitgliedschaft<\/strong><\/span><span class=\"gb-icon\"><svg xmlns=\"http:\/\/www.w3.org\/2000\/svg\" viewBox=\"0 0 448 512\" width=\"1em\" height=\"1em\" aria-hidden=\"true\" role=\"img\" class=\"gb-accordion__icon\"><path d=\"M207.029 381.476L12.686 187.132c-9.373-9.373-9.373-24.569 0-33.941l22.667-22.667c9.357-9.357 24.522-9.375 33.901-.04L224 284.505l154.745-154.021c9.379-9.335 24.544-9.317 33.901.04l22.667 22.667c9.373 9.373 9.373 24.569 0 33.941L240.971 381.476c-9.373 9.372-24.569 9.372-33.942 0z\" fill=\"currentColor\"><\/path><\/svg><svg xmlns=\"http:\/\/www.w3.org\/2000\/svg\" viewBox=\"0 0 448 512\" width=\"1em\" height=\"1em\" aria-hidden=\"true\" role=\"img\" class=\"gb-accordion__icon-open\"><path d=\"M240.971 130.524l194.343 194.343c9.373 9.373 9.373 24.569 0 33.941l-22.667 22.667c-9.357 9.357-24.522 9.375-33.901.04L224 227.495 69.255 381.516c-9.379 9.335-24.544 9.317-33.901-.04l-22.667-22.667c-9.373-9.373-9.373-24.569 0-33.941L207.03 130.525c9.372-9.373 24.568-9.373 33.941-.001z\" fill=\"currentColor\"><\/path><\/svg><\/span><\/button>\n\n\n<div id=\"gb-accordion-content-738fb8bc\" class=\"gb-accordion__content\"><div class=\"gb-container gb-container-738fb8bc\">\n\n<h2 class=\"gb-headline gb-headline-25ae13f2 gb-headline-text\">Leitung und Mitgliedschaft<\/h2>\n\n\n\n<p>Vorstand der AGNA: Br. Markus Wei\u00df OSB (Vorsitzender), P. Dominik Nguyen OSFS (Schatzmeister), P. Heribert Kerschgens SDS (Schriftf\u00fchrer).<\/p>\n\n\n\n<p>Voraussetzung der Mitgliedschaft in der Arbeitsgruppe ist die Ernennung zum Novizenmeister oder Ausbildungsleiter in der Ordensgemeinschaft.<\/p>\n\n<\/div><\/div>\n<\/div>\n\n<div class=\"gb-container gb-container-9c6c7e2a gb-accordion__item\" data-transition=\"slide\">\n\n<button class=\"gb-button gb-button-0209491c gb-accordion__toggle\" id=\"gb-accordion-toggle-0209491c\"><span class=\"gb-button-text\"><strong>Jahrestagungen<\/strong><\/span><span class=\"gb-icon\"><svg xmlns=\"http:\/\/www.w3.org\/2000\/svg\" viewBox=\"0 0 448 512\" width=\"1em\" height=\"1em\" aria-hidden=\"true\" role=\"img\" class=\"gb-accordion__icon\"><path d=\"M207.029 381.476L12.686 187.132c-9.373-9.373-9.373-24.569 0-33.941l22.667-22.667c9.357-9.357 24.522-9.375 33.901-.04L224 284.505l154.745-154.021c9.379-9.335 24.544-9.317 33.901.04l22.667 22.667c9.373 9.373 9.373 24.569 0 33.941L240.971 381.476c-9.373 9.372-24.569 9.372-33.942 0z\" fill=\"currentColor\"><\/path><\/svg><svg xmlns=\"http:\/\/www.w3.org\/2000\/svg\" viewBox=\"0 0 448 512\" width=\"1em\" height=\"1em\" aria-hidden=\"true\" role=\"img\" class=\"gb-accordion__icon-open\"><path d=\"M240.971 130.524l194.343 194.343c9.373 9.373 9.373 24.569 0 33.941l-22.667 22.667c-9.357 9.357-24.522 9.375-33.901.04L224 227.495 69.255 381.516c-9.379 9.335-24.544 9.317-33.901-.04l-22.667-22.667c-9.373-9.373-9.373-24.569 0-33.941L207.03 130.525c9.372-9.373 24.568-9.373 33.941-.001z\" fill=\"currentColor\"><\/path><\/svg><\/span><\/button>\n\n\n<div id=\"gb-accordion-content-4be04087\" class=\"gb-accordion__content\"><div class=\"gb-container gb-container-4be04087\">\n\n<h2 class=\"gb-headline gb-headline-7eaffd98 gb-headline-text\">Jahrestagungen<\/h2>\n\n\n\n<h3 class=\"gb-headline gb-headline-7536e905 gb-headline-text\">Thema Jahrestagung vom 9. bis 13. Februar 2026 <br>(gemeinsame Tagung mit der AGF, der Arbeitsgemeinschaft der Formationsleiterinnen)<\/h3>\n\n\n\n<p>Lob des Fragments. Evangelische R\u00e4te zwischen \u00c4ngstlichkeit und Laissez-Faire.<br>Referentin: Sr. Dr. Anneliese Herzig MSsR<br>Ort: Kloster Oberzell, W\u00fcrzburg<\/p>\n\n\n\n<h3 class=\"gb-headline gb-headline-3b5e007c gb-headline-text\">Themen der letzten Jahre<\/h3>\n\n\n\n<ul class=\"wp-block-list\">\n<li>Ausbildungsmodelle unter dem Aspekt von Interkulturalit\u00e4t und Internationalit\u00e4t<br>Referent: P. Dr. Peter Claver Narh SVD (2025)<\/li>\n\n\n\n<li>Herausforderungen des Medienverhaltens (Internet\/&#8220;Social Media&#8220;) der aktuellen Generation in der Ausbildung \/ f\u00fcr die Ausbildung (S\u00fcchte, Internetkonsum, Datenschutz)<br>Referent: Niels Pruin, Leiter des Fachgebietes Medien- und Internetsucht beim Caritasverband der Di\u00f6zese Augsburg e.V. (2024)<\/li>\n\n\n\n<li>Als Ordensmann Mann werden &#8211; Mensch sein<br>Referent: Br. Josef von Scharrel OSB (2023)<\/li>\n\n\n\n<li>Geistlicher \/ spiritueller Missbrauch \u2013 ein Thema in unserer Ausbildung?<br>Referentin: Sr. Ulrike Diekmann (2022)<\/li>\n<\/ul>\n\n\n\n<h3 class=\"gb-headline gb-headline-598b020a gb-headline-text\">Themen der AGNO-Jahrestagungen (bis 2020)<\/h3>\n\n\n\n<ul class=\"wp-block-list\">\n<li>Von Resonanzen und Dissonanzen oder Welche Herausforderung und Zumutung die j\u00fcngeren Generationen f\u00fcr Ordensgemeinschaften bereithalten (2020)<br>Referentinnen: Prof. Dr. Hildegard Wustmans und Mag. Katharina Brandstetter<\/li>\n\n\n\n<li>Wie heutige Novizen hinf\u00fchren zum inneren Gebet? (2019)<br>Referent: P. Dr. Reinhard K\u00f6rner OCD<\/li>\n\n\n\n<li>Wie &#8222;funktionieren&#8220; unsere Noviziate? (2018)<br>Referent: P. Franz Meures SJ<\/li>\n\n\n\n<li>Biographiearbeit im Noviziat (2017)<br>Referent: Dr. Nobert Rutschmann MSC<\/li>\n\n\n\n<li>&#8222;Mensch werden &#8211; Christ werden &#8211; Missionar werden. Aspekte therapeutischen Arbeitens\u00a0 im Noviziat.&#8220; (2016)<br>Referent: Prof. Dr. Frank G. Pajonk<\/li>\n\n\n\n<li>&#8222;Entscheidung zur Nachfolge in s\u00e4kularer Gesellschaft&#8220; (2015)<br>Referenten: Prof. Dr. Maria Widl, Dr. Tobias Kl\u00e4den, Bischof em. Dr. Joachim Wanke &#8211; Erfurt<\/li>\n\n\n\n<li>&#8222;Einfach gut Arbeiten! &#8211; Arbeiten mit Anforderung und Berufung. Sinn und Werte leben.&#8220;\u00a0 (2014)<br>Referenten: Mira Czutka; Dr. Martin Kuse-Isingschulte<\/li>\n\n\n\n<li>&#8222;Virtuelle Macht &#8211; reelle Ohnmacht&#8220; (2013)<br>Referenten:\u00a0Dr. Dietmar Seehuber, Olaf Bergmann<\/li>\n\n\n\n<li>&#8222;Ent-Wicklung zwischen Psychologie und Geheimnis&#8220; (2012)<br>Referentin: Sr. Dr. Katharina Kluitmann OSF<\/li>\n\n\n\n<li>&#8222;Homosexualit\u00e4t&#8220; (2011)<br>P. Hermann K\u00fcgler SJ\u00a0<\/li>\n<\/ul>\n\n<\/div><\/div>\n<\/div>\n<\/div>","protected":false},"excerpt":{"rendered":"<p>Die Arbeitsgruppe der Novizenmeister und Ausbildungsleiter (AGNA) ist im Jahr 2021 aus den Vorg\u00e4ngerarbeitsgruppen der Novizenmeister (AGNO) und der Ausbildungsleiter (AGAL) entstanden. Letztere wurde 1969 als AG der Klerikermagister und Spirituale der Ordensscholastikate gegr\u00fcndet und besch\u00e4ftigte sich mit Fragen der Ausbildung und Begleitung junger Ordensleute nach dem Noviziat bis zum Abschluss ihres meist philosophisch-theologischen Studiums &#8230; <\/p>\n<p class=\"read-more-container\"><a title=\"Arbeitsgruppe der Novizenmeister und Ausbildungsleiter &#8211; AGNA\" class=\"read-more button\" href=\"https:\/\/test-wuwei.de\/orden\/ueber-die-dok\/arbeitsgemeinschaften\/agna\/#more-2488\" aria-label=\"Mehr Informationen \u00fcber Arbeitsgruppe der Novizenmeister und Ausbildungsleiter &#8211; AGNA\">weiterlesen<\/a><\/p>\n","protected":false},"author":3,"featured_media":0,"parent":36,"menu_order":0,"comment_status":"closed","ping_status":"closed","template":"","meta":{"_acf_changed":false,"footnotes":""},"class_list":["post-2488","page","type-page","status-publish"],"acf":[],"yoast_head":"<!-- This site is optimized with the Yoast SEO plugin v26.3 - https:\/\/yoast.com\/wordpress\/plugins\/seo\/ -->\n<title>Arbeitsgruppe der Novizenmeister und Ausbildungsleiter - AGNA &#8211; Ordensgemeinschaften in Deutschland<\/title>\n<meta name=\"robots\" content=\"noindex, follow, max-snippet:-1, max-image-preview:large, max-video-preview:-1\" \/>\n<meta property=\"og:locale\" content=\"de_DE\" \/>\n<meta property=\"og:type\" content=\"article\" \/>\n<meta property=\"og:title\" content=\"Arbeitsgruppe der Novizenmeister und Ausbildungsleiter - AGNA &#8211; Ordensgemeinschaften in Deutschland\" \/>\n<meta property=\"og:description\" content=\"Die Arbeitsgruppe der Novizenmeister und Ausbildungsleiter (AGNA) ist im Jahr 2021 aus den Vorg\u00e4ngerarbeitsgruppen der Novizenmeister (AGNO) und der Ausbildungsleiter (AGAL) entstanden. Letztere wurde 1969 als AG der Klerikermagister und Spirituale der Ordensscholastikate gegr\u00fcndet und besch\u00e4ftigte sich mit Fragen der Ausbildung und Begleitung junger Ordensleute nach dem Noviziat bis zum Abschluss ihres meist philosophisch-theologischen Studiums ... weiterlesen\" \/>\n<meta property=\"og:url\" content=\"https:\/\/test-wuwei.de\/orden\/ueber-die-dok\/arbeitsgemeinschaften\/agna\/\" \/>\n<meta property=\"og:site_name\" content=\"Ordensgemeinschaften in Deutschland\" \/>\n<meta property=\"article:modified_time\" content=\"2025-08-29T12:30:59+00:00\" \/>\n<meta name=\"twitter:card\" content=\"summary_large_image\" \/>\n<meta name=\"twitter:label1\" content=\"Gesch\u00e4tzte Lesezeit\" \/>\n\t<meta name=\"twitter:data1\" content=\"3\u00a0Minuten\" \/>\n<script type=\"application\/ld+json\" class=\"yoast-schema-graph\">{\"@context\":\"https:\/\/schema.org\",\"@graph\":[{\"@type\":\"WebPage\",\"@id\":\"https:\/\/test-wuwei.de\/orden\/ueber-die-dok\/arbeitsgemeinschaften\/agna\/\",\"url\":\"https:\/\/test-wuwei.de\/orden\/ueber-die-dok\/arbeitsgemeinschaften\/agna\/\",\"name\":\"Arbeitsgruppe der Novizenmeister und Ausbildungsleiter - AGNA &#8211; Ordensgemeinschaften in Deutschland\",\"isPartOf\":{\"@id\":\"https:\/\/test-wuwei.de\/orden\/#website\"},\"datePublished\":\"2025-08-29T12:30:58+00:00\",\"dateModified\":\"2025-08-29T12:30:59+00:00\",\"breadcrumb\":{\"@id\":\"https:\/\/test-wuwei.de\/orden\/ueber-die-dok\/arbeitsgemeinschaften\/agna\/#breadcrumb\"},\"inLanguage\":\"de\",\"potentialAction\":[{\"@type\":\"ReadAction\",\"target\":[\"https:\/\/test-wuwei.de\/orden\/ueber-die-dok\/arbeitsgemeinschaften\/agna\/\"]}]},{\"@type\":\"BreadcrumbList\",\"@id\":\"https:\/\/test-wuwei.de\/orden\/ueber-die-dok\/arbeitsgemeinschaften\/agna\/#breadcrumb\",\"itemListElement\":[{\"@type\":\"ListItem\",\"position\":1,\"name\":\"\ud83c\udfe0\ufe0e\",\"item\":\"https:\/\/test-wuwei.de\/orden\/\"},{\"@type\":\"ListItem\",\"position\":2,\"name\":\"\u00dcber die Deutsche Ordensgemeinschaft\",\"item\":\"https:\/\/test-wuwei.de\/orden\/ueber-die-dok\/\"},{\"@type\":\"ListItem\",\"position\":3,\"name\":\"Arbeitsgemeinschaften\",\"item\":\"https:\/\/test-wuwei.de\/orden\/ueber-die-dok\/arbeitsgemeinschaften\/\"},{\"@type\":\"ListItem\",\"position\":4,\"name\":\"Arbeitsgruppe der Novizenmeister und Ausbildungsleiter &#8211; AGNA\"}]},{\"@type\":\"WebSite\",\"@id\":\"https:\/\/test-wuwei.de\/orden\/#website\",\"url\":\"https:\/\/test-wuwei.de\/orden\/\",\"name\":\"Ordensgemeinschaften in Deutschland\",\"description\":\"Deutsche Ordensobernkonferenz\",\"publisher\":{\"@id\":\"https:\/\/test-wuwei.de\/orden\/#organization\"},\"potentialAction\":[{\"@type\":\"SearchAction\",\"target\":{\"@type\":\"EntryPoint\",\"urlTemplate\":\"https:\/\/test-wuwei.de\/orden\/?s={search_term_string}\"},\"query-input\":{\"@type\":\"PropertyValueSpecification\",\"valueRequired\":true,\"valueName\":\"search_term_string\"}}],\"inLanguage\":\"de\"},{\"@type\":\"Organization\",\"@id\":\"https:\/\/test-wuwei.de\/orden\/#organization\",\"name\":\"Ordensgemeinschaften in Deutschland\",\"url\":\"https:\/\/test-wuwei.de\/orden\/\",\"logo\":{\"@type\":\"ImageObject\",\"inLanguage\":\"de\",\"@id\":\"https:\/\/test-wuwei.de\/orden\/#\/schema\/logo\/image\/\",\"url\":\"https:\/\/test-wuwei.de\/orden\/wp-content\/uploads\/2025\/07\/DOK_Logo_RGB_mit.jpg\",\"contentUrl\":\"https:\/\/test-wuwei.de\/orden\/wp-content\/uploads\/2025\/07\/DOK_Logo_RGB_mit.jpg\",\"width\":2480,\"height\":1748,\"caption\":\"Ordensgemeinschaften in Deutschland\"},\"image\":{\"@id\":\"https:\/\/test-wuwei.de\/orden\/#\/schema\/logo\/image\/\"}}]}<\/script>\n<!-- \/ Yoast SEO plugin. -->","yoast_head_json":{"title":"Arbeitsgruppe der Novizenmeister und Ausbildungsleiter - AGNA &#8211; Ordensgemeinschaften in Deutschland","robots":{"index":"noindex","follow":"follow","max-snippet":"max-snippet:-1","max-image-preview":"max-image-preview:large","max-video-preview":"max-video-preview:-1"},"og_locale":"de_DE","og_type":"article","og_title":"Arbeitsgruppe der Novizenmeister und Ausbildungsleiter - AGNA &#8211; Ordensgemeinschaften in Deutschland","og_description":"Die Arbeitsgruppe der Novizenmeister und Ausbildungsleiter (AGNA) ist im Jahr 2021 aus den Vorg\u00e4ngerarbeitsgruppen der Novizenmeister (AGNO) und der Ausbildungsleiter (AGAL) entstanden. Letztere wurde 1969 als AG der Klerikermagister und Spirituale der Ordensscholastikate gegr\u00fcndet und besch\u00e4ftigte sich mit Fragen der Ausbildung und Begleitung junger Ordensleute nach dem Noviziat bis zum Abschluss ihres meist philosophisch-theologischen Studiums ... weiterlesen","og_url":"https:\/\/test-wuwei.de\/orden\/ueber-die-dok\/arbeitsgemeinschaften\/agna\/","og_site_name":"Ordensgemeinschaften in Deutschland","article_modified_time":"2025-08-29T12:30:59+00:00","twitter_card":"summary_large_image","twitter_misc":{"Gesch\u00e4tzte Lesezeit":"3\u00a0Minuten"},"schema":{"@context":"https:\/\/schema.org","@graph":[{"@type":"WebPage","@id":"https:\/\/test-wuwei.de\/orden\/ueber-die-dok\/arbeitsgemeinschaften\/agna\/","url":"https:\/\/test-wuwei.de\/orden\/ueber-die-dok\/arbeitsgemeinschaften\/agna\/","name":"Arbeitsgruppe der Novizenmeister und Ausbildungsleiter - AGNA &#8211; Ordensgemeinschaften in Deutschland","isPartOf":{"@id":"https:\/\/test-wuwei.de\/orden\/#website"},"datePublished":"2025-08-29T12:30:58+00:00","dateModified":"2025-08-29T12:30:59+00:00","breadcrumb":{"@id":"https:\/\/test-wuwei.de\/orden\/ueber-die-dok\/arbeitsgemeinschaften\/agna\/#breadcrumb"},"inLanguage":"de","potentialAction":[{"@type":"ReadAction","target":["https:\/\/test-wuwei.de\/orden\/ueber-die-dok\/arbeitsgemeinschaften\/agna\/"]}]},{"@type":"BreadcrumbList","@id":"https:\/\/test-wuwei.de\/orden\/ueber-die-dok\/arbeitsgemeinschaften\/agna\/#breadcrumb","itemListElement":[{"@type":"ListItem","position":1,"name":"\ud83c\udfe0\ufe0e","item":"https:\/\/test-wuwei.de\/orden\/"},{"@type":"ListItem","position":2,"name":"\u00dcber die Deutsche Ordensgemeinschaft","item":"https:\/\/test-wuwei.de\/orden\/ueber-die-dok\/"},{"@type":"ListItem","position":3,"name":"Arbeitsgemeinschaften","item":"https:\/\/test-wuwei.de\/orden\/ueber-die-dok\/arbeitsgemeinschaften\/"},{"@type":"ListItem","position":4,"name":"Arbeitsgruppe der Novizenmeister und Ausbildungsleiter &#8211; AGNA"}]},{"@type":"WebSite","@id":"https:\/\/test-wuwei.de\/orden\/#website","url":"https:\/\/test-wuwei.de\/orden\/","name":"Ordensgemeinschaften in Deutschland","description":"Deutsche Ordensobernkonferenz","publisher":{"@id":"https:\/\/test-wuwei.de\/orden\/#organization"},"potentialAction":[{"@type":"SearchAction","target":{"@type":"EntryPoint","urlTemplate":"https:\/\/test-wuwei.de\/orden\/?s={search_term_string}"},"query-input":{"@type":"PropertyValueSpecification","valueRequired":true,"valueName":"search_term_string"}}],"inLanguage":"de"},{"@type":"Organization","@id":"https:\/\/test-wuwei.de\/orden\/#organization","name":"Ordensgemeinschaften in Deutschland","url":"https:\/\/test-wuwei.de\/orden\/","logo":{"@type":"ImageObject","inLanguage":"de","@id":"https:\/\/test-wuwei.de\/orden\/#\/schema\/logo\/image\/","url":"https:\/\/test-wuwei.de\/orden\/wp-content\/uploads\/2025\/07\/DOK_Logo_RGB_mit.jpg","contentUrl":"https:\/\/test-wuwei.de\/orden\/wp-content\/uploads\/2025\/07\/DOK_Logo_RGB_mit.jpg","width":2480,"height":1748,"caption":"Ordensgemeinschaften in Deutschland"},"image":{"@id":"https:\/\/test-wuwei.de\/orden\/#\/schema\/logo\/image\/"}}]}},"_links":{"self":[{"href":"https:\/\/test-wuwei.de\/orden\/wp-json\/wp\/v2\/pages\/2488","targetHints":{"allow":["GET"]}}],"collection":[{"href":"https:\/\/test-wuwei.de\/orden\/wp-json\/wp\/v2\/pages"}],"about":[{"href":"https:\/\/test-wuwei.de\/orden\/wp-json\/wp\/v2\/types\/page"}],"author":[{"embeddable":true,"href":"https:\/\/test-wuwei.de\/orden\/wp-json\/wp\/v2\/users\/3"}],"replies":[{"embeddable":true,"href":"https:\/\/test-wuwei.de\/orden\/wp-json\/wp\/v2\/comments?post=2488"}],"version-history":[{"count":1,"href":"https:\/\/test-wuwei.de\/orden\/wp-json\/wp\/v2\/pages\/2488\/revisions"}],"predecessor-version":[{"id":2493,"href":"https:\/\/test-wuwei.de\/orden\/wp-json\/wp\/v2\/pages\/2488\/revisions\/2493"}],"up":[{"embeddable":true,"href":"https:\/\/test-wuwei.de\/orden\/wp-json\/wp\/v2\/pages\/36"}],"wp:attachment":[{"href":"https:\/\/test-wuwei.de\/orden\/wp-json\/wp\/v2\/media?parent=2488"}],"curies":[{"name":"wp","href":"https:\/\/api.w.org\/{rel}","templated":true}]}}