{"id":967,"date":"2022-03-21T09:00:00","date_gmt":"2022-03-21T08:00:00","guid":{"rendered":"https:\/\/test-wuwei.de\/orden\/?post_type=aktuelles&#038;p=967"},"modified":"2025-09-01T15:02:42","modified_gmt":"2025-09-01T13:02:42","slug":"heiligsprechung-von-titus-brandsma-am-15-mai","status":"publish","type":"meldung","link":"https:\/\/test-wuwei.de\/orden\/meldung\/heiligsprechung-von-titus-brandsma-am-15-mai\/","title":{"rendered":"Heiligsprechung von Titus Brandsma am 15. Mai"},"content":{"rendered":"\n<h2 class=\"wp-block-heading has-medium-font-size\"><strong>Der Karmelit war schon fr\u00fch ein Gegner des Nationalsozialimus.<\/strong><\/h2>\n\n\n<div class=\"gb-grid-wrapper gb-grid-wrapper-348eb2ac\">\n<div class=\"gb-grid-column gb-grid-column-fc80db44\"><div class=\"gb-container gb-container-fc80db44\">\n\n<p>Der Karmelit Titus Brandsma wird heiliggesprochen. Das entschied die Kardinalsversammlung Anfang M\u00e4rz im Vatikan. Der in den Niederlanden geborene Brandsma war Professor und Journalist.&nbsp;Er ist Patron&nbsp;der deutschen Ordensprovinz der Karmeliten (OCarm). Brandsma widersetzte sich fr\u00fch und deutlich den Nationalsozialisten.&nbsp;Weil ihn das Regime als Feind der nationalsozialistischen Sache betrachtete, landete er im Gef\u00e4ngnis. Nach einem langen Leidensweg wurde er am 26. Juli 1942 im KZ Dachau ermordet. Brandsma ist der erste seliggesprochene M\u00e4rtyrer aus diesem Konzentrationslager. Die Karmeliten, Brandmas Ordensgemeinschaft, verehren ihn als Beispiel wahrer N\u00e4chsten- und Feindesliebe.<\/p>\n\n<\/div><\/div>\n\n<div class=\"gb-grid-column gb-grid-column-6f676222\"><div class=\"gb-container gb-container-6f676222\">\n\n<figure class=\"gb-block-image gb-block-image-8e41d25f\"><img loading=\"lazy\" decoding=\"async\" width=\"200\" height=\"314\" class=\"gb-image gb-image-8e41d25f\" src=\"https:\/\/test-wuwei.de\/orden\/wp-content\/uploads\/2025\/08\/csm_TITUS-BRANDSMA_380ef802cc.jpg\" alt=\"\" title=\"csm_TITUS-BRANDSMA_380ef802cc\" srcset=\"https:\/\/test-wuwei.de\/orden\/wp-content\/uploads\/2025\/08\/csm_TITUS-BRANDSMA_380ef802cc.jpg 200w, https:\/\/test-wuwei.de\/orden\/wp-content\/uploads\/2025\/08\/csm_TITUS-BRANDSMA_380ef802cc-191x300.jpg 191w\" sizes=\"auto, (max-width: 200px) 100vw, 200px\" \/><\/figure>\n\n<\/div><\/div>\n<\/div>\n\n\n<hr class=\"wp-block-separator has-text-color has-contrast-3-color has-alpha-channel-opacity has-contrast-3-background-color has-background\"\/>\n\n\n\n<blockquote class=\"wp-block-quote is-layout-flow wp-block-quote-is-layout-flow\">\n<p><strong>Unsere Liebe muss sprichw\u00f6rtlich sein. Wir sollen uns von niemandem an Liebe \u00fcbertreffen lassen. \u2013 Unsere Gegenwart irgendwo muss f\u00fcr die anderen eine Lust, ein Fest, einen Trost bedeuten.<\/strong><br><em>Titus Brandsma<\/em><\/p>\n<\/blockquote>\n\n\n\n<hr class=\"wp-block-separator has-text-color has-contrast-3-color has-alpha-channel-opacity has-contrast-3-background-color has-background\"\/>\n\n\n\n<p>Seit Mitte der 50er Jahre betrieben die niederl\u00e4ndischen Karmeliten Brandsmas Seligsprechung; im November 1985 war es dann soweit. In den Niederlanden gibt es zahlreiche Pl\u00e4tze und Kirchen, die nach ihm benannt sind. 1999 wurde er von einer Expertengruppe eines Rundfunkprogramms als der bemerkenswerteste Katholik des 20. Jahrhunderts ausgezeichnet; in Nijmegen w\u00e4hlte man Brandsma 2005 zum gr\u00f6\u00dften Einwohner der Stadt.<\/p>\n\n\n\n<p><em>(Mit Material der KNA)<\/em><\/p>\n","protected":false},"excerpt":{"rendered":"<p>Der Karmelit war schon fr\u00fch ein Gegner des Nationalsozialimus.<\/p>\n","protected":false},"featured_media":968,"parent":0,"template":"","categories":[],"class_list":["post-967","meldung","type-meldung","status-publish","has-post-thumbnail","hentry"],"acf":[],"yoast_head":"<!-- This site is optimized with the Yoast SEO plugin v26.3 - https:\/\/yoast.com\/wordpress\/plugins\/seo\/ -->\n<title>Heiligsprechung von Titus Brandsma am 15. Mai &#8211; Ordensgemeinschaften in Deutschland<\/title>\n<meta name=\"description\" content=\"Der Karmelit war schon fr\u00fch ein Gegner des Nationalsozialimus.\" \/>\n<meta name=\"robots\" content=\"noindex, follow, max-snippet:-1, max-image-preview:large, max-video-preview:-1\" \/>\n<meta property=\"og:locale\" content=\"de_DE\" \/>\n<meta property=\"og:type\" content=\"article\" \/>\n<meta property=\"og:title\" content=\"Heiligsprechung von Titus Brandsma am 15. Mai\" \/>\n<meta property=\"og:description\" content=\"Der Karmelit war schon fr\u00fch ein Gegner des Nationalsozialimus.\" \/>\n<meta property=\"og:url\" content=\"https:\/\/test-wuwei.de\/orden\/meldung\/heiligsprechung-von-titus-brandsma-am-15-mai\/\" \/>\n<meta property=\"og:site_name\" content=\"Ordensgemeinschaften in Deutschland\" \/>\n<meta property=\"article:modified_time\" content=\"2025-09-01T13:02:42+00:00\" \/>\n<meta property=\"og:image\" content=\"https:\/\/test-wuwei.de\/orden\/wp-content\/uploads\/2025\/08\/csm_TITUS-BRANDSMA_88f83137f7.jpg\" \/>\n\t<meta property=\"og:image:width\" content=\"120\" \/>\n\t<meta property=\"og:image:height\" content=\"120\" \/>\n\t<meta property=\"og:image:type\" content=\"image\/jpeg\" \/>\n<meta name=\"twitter:card\" content=\"summary_large_image\" \/>\n<meta name=\"twitter:label1\" content=\"Gesch\u00e4tzte Lesezeit\" \/>\n\t<meta name=\"twitter:data1\" content=\"2\u00a0Minuten\" \/>\n<script type=\"application\/ld+json\" class=\"yoast-schema-graph\">{\"@context\":\"https:\/\/schema.org\",\"@graph\":[{\"@type\":\"WebPage\",\"@id\":\"https:\/\/test-wuwei.de\/orden\/meldung\/heiligsprechung-von-titus-brandsma-am-15-mai\/\",\"url\":\"https:\/\/test-wuwei.de\/orden\/meldung\/heiligsprechung-von-titus-brandsma-am-15-mai\/\",\"name\":\"Heiligsprechung von Titus Brandsma am 15. Mai &#8211; Ordensgemeinschaften in Deutschland\",\"isPartOf\":{\"@id\":\"https:\/\/test-wuwei.de\/orden\/#website\"},\"primaryImageOfPage\":{\"@id\":\"https:\/\/test-wuwei.de\/orden\/meldung\/heiligsprechung-von-titus-brandsma-am-15-mai\/#primaryimage\"},\"image\":{\"@id\":\"https:\/\/test-wuwei.de\/orden\/meldung\/heiligsprechung-von-titus-brandsma-am-15-mai\/#primaryimage\"},\"thumbnailUrl\":\"https:\/\/test-wuwei.de\/orden\/wp-content\/uploads\/2025\/08\/csm_TITUS-BRANDSMA_88f83137f7.jpg\",\"datePublished\":\"2022-03-21T08:00:00+00:00\",\"dateModified\":\"2025-09-01T13:02:42+00:00\",\"description\":\"Der Karmelit war schon fr\u00fch ein Gegner des Nationalsozialimus.\",\"breadcrumb\":{\"@id\":\"https:\/\/test-wuwei.de\/orden\/meldung\/heiligsprechung-von-titus-brandsma-am-15-mai\/#breadcrumb\"},\"inLanguage\":\"de\",\"potentialAction\":[{\"@type\":\"ReadAction\",\"target\":[\"https:\/\/test-wuwei.de\/orden\/meldung\/heiligsprechung-von-titus-brandsma-am-15-mai\/\"]}]},{\"@type\":\"ImageObject\",\"inLanguage\":\"de\",\"@id\":\"https:\/\/test-wuwei.de\/orden\/meldung\/heiligsprechung-von-titus-brandsma-am-15-mai\/#primaryimage\",\"url\":\"https:\/\/test-wuwei.de\/orden\/wp-content\/uploads\/2025\/08\/csm_TITUS-BRANDSMA_88f83137f7.jpg\",\"contentUrl\":\"https:\/\/test-wuwei.de\/orden\/wp-content\/uploads\/2025\/08\/csm_TITUS-BRANDSMA_88f83137f7.jpg\",\"width\":120,\"height\":120},{\"@type\":\"BreadcrumbList\",\"@id\":\"https:\/\/test-wuwei.de\/orden\/meldung\/heiligsprechung-von-titus-brandsma-am-15-mai\/#breadcrumb\",\"itemListElement\":[{\"@type\":\"ListItem\",\"position\":1,\"name\":\"\ud83c\udfe0\ufe0e\",\"item\":\"https:\/\/test-wuwei.de\/orden\/\"},{\"@type\":\"ListItem\",\"position\":2,\"name\":\"Heiligsprechung von Titus Brandsma am 15. Mai\"}]},{\"@type\":\"WebSite\",\"@id\":\"https:\/\/test-wuwei.de\/orden\/#website\",\"url\":\"https:\/\/test-wuwei.de\/orden\/\",\"name\":\"Ordensgemeinschaften in Deutschland\",\"description\":\"Deutsche Ordensobernkonferenz\",\"publisher\":{\"@id\":\"https:\/\/test-wuwei.de\/orden\/#organization\"},\"potentialAction\":[{\"@type\":\"SearchAction\",\"target\":{\"@type\":\"EntryPoint\",\"urlTemplate\":\"https:\/\/test-wuwei.de\/orden\/?s={search_term_string}\"},\"query-input\":{\"@type\":\"PropertyValueSpecification\",\"valueRequired\":true,\"valueName\":\"search_term_string\"}}],\"inLanguage\":\"de\"},{\"@type\":\"Organization\",\"@id\":\"https:\/\/test-wuwei.de\/orden\/#organization\",\"name\":\"Ordensgemeinschaften in Deutschland\",\"url\":\"https:\/\/test-wuwei.de\/orden\/\",\"logo\":{\"@type\":\"ImageObject\",\"inLanguage\":\"de\",\"@id\":\"https:\/\/test-wuwei.de\/orden\/#\/schema\/logo\/image\/\",\"url\":\"https:\/\/test-wuwei.de\/orden\/wp-content\/uploads\/2025\/07\/DOK_Logo_RGB_mit.jpg\",\"contentUrl\":\"https:\/\/test-wuwei.de\/orden\/wp-content\/uploads\/2025\/07\/DOK_Logo_RGB_mit.jpg\",\"width\":2480,\"height\":1748,\"caption\":\"Ordensgemeinschaften in Deutschland\"},\"image\":{\"@id\":\"https:\/\/test-wuwei.de\/orden\/#\/schema\/logo\/image\/\"}}]}<\/script>\n<!-- \/ Yoast SEO plugin. -->","yoast_head_json":{"title":"Heiligsprechung von Titus Brandsma am 15. Mai &#8211; Ordensgemeinschaften in Deutschland","description":"Der Karmelit war schon fr\u00fch ein Gegner des Nationalsozialimus.","robots":{"index":"noindex","follow":"follow","max-snippet":"max-snippet:-1","max-image-preview":"max-image-preview:large","max-video-preview":"max-video-preview:-1"},"og_locale":"de_DE","og_type":"article","og_title":"Heiligsprechung von Titus Brandsma am 15. Mai","og_description":"Der Karmelit war schon fr\u00fch ein Gegner des Nationalsozialimus.","og_url":"https:\/\/test-wuwei.de\/orden\/meldung\/heiligsprechung-von-titus-brandsma-am-15-mai\/","og_site_name":"Ordensgemeinschaften in Deutschland","article_modified_time":"2025-09-01T13:02:42+00:00","og_image":[{"width":120,"height":120,"url":"https:\/\/test-wuwei.de\/orden\/wp-content\/uploads\/2025\/08\/csm_TITUS-BRANDSMA_88f83137f7.jpg","type":"image\/jpeg"}],"twitter_card":"summary_large_image","twitter_misc":{"Gesch\u00e4tzte Lesezeit":"2\u00a0Minuten"},"schema":{"@context":"https:\/\/schema.org","@graph":[{"@type":"WebPage","@id":"https:\/\/test-wuwei.de\/orden\/meldung\/heiligsprechung-von-titus-brandsma-am-15-mai\/","url":"https:\/\/test-wuwei.de\/orden\/meldung\/heiligsprechung-von-titus-brandsma-am-15-mai\/","name":"Heiligsprechung von Titus Brandsma am 15. Mai &#8211; Ordensgemeinschaften in Deutschland","isPartOf":{"@id":"https:\/\/test-wuwei.de\/orden\/#website"},"primaryImageOfPage":{"@id":"https:\/\/test-wuwei.de\/orden\/meldung\/heiligsprechung-von-titus-brandsma-am-15-mai\/#primaryimage"},"image":{"@id":"https:\/\/test-wuwei.de\/orden\/meldung\/heiligsprechung-von-titus-brandsma-am-15-mai\/#primaryimage"},"thumbnailUrl":"https:\/\/test-wuwei.de\/orden\/wp-content\/uploads\/2025\/08\/csm_TITUS-BRANDSMA_88f83137f7.jpg","datePublished":"2022-03-21T08:00:00+00:00","dateModified":"2025-09-01T13:02:42+00:00","description":"Der Karmelit war schon fr\u00fch ein Gegner des Nationalsozialimus.","breadcrumb":{"@id":"https:\/\/test-wuwei.de\/orden\/meldung\/heiligsprechung-von-titus-brandsma-am-15-mai\/#breadcrumb"},"inLanguage":"de","potentialAction":[{"@type":"ReadAction","target":["https:\/\/test-wuwei.de\/orden\/meldung\/heiligsprechung-von-titus-brandsma-am-15-mai\/"]}]},{"@type":"ImageObject","inLanguage":"de","@id":"https:\/\/test-wuwei.de\/orden\/meldung\/heiligsprechung-von-titus-brandsma-am-15-mai\/#primaryimage","url":"https:\/\/test-wuwei.de\/orden\/wp-content\/uploads\/2025\/08\/csm_TITUS-BRANDSMA_88f83137f7.jpg","contentUrl":"https:\/\/test-wuwei.de\/orden\/wp-content\/uploads\/2025\/08\/csm_TITUS-BRANDSMA_88f83137f7.jpg","width":120,"height":120},{"@type":"BreadcrumbList","@id":"https:\/\/test-wuwei.de\/orden\/meldung\/heiligsprechung-von-titus-brandsma-am-15-mai\/#breadcrumb","itemListElement":[{"@type":"ListItem","position":1,"name":"\ud83c\udfe0\ufe0e","item":"https:\/\/test-wuwei.de\/orden\/"},{"@type":"ListItem","position":2,"name":"Heiligsprechung von Titus Brandsma am 15. Mai"}]},{"@type":"WebSite","@id":"https:\/\/test-wuwei.de\/orden\/#website","url":"https:\/\/test-wuwei.de\/orden\/","name":"Ordensgemeinschaften in Deutschland","description":"Deutsche Ordensobernkonferenz","publisher":{"@id":"https:\/\/test-wuwei.de\/orden\/#organization"},"potentialAction":[{"@type":"SearchAction","target":{"@type":"EntryPoint","urlTemplate":"https:\/\/test-wuwei.de\/orden\/?s={search_term_string}"},"query-input":{"@type":"PropertyValueSpecification","valueRequired":true,"valueName":"search_term_string"}}],"inLanguage":"de"},{"@type":"Organization","@id":"https:\/\/test-wuwei.de\/orden\/#organization","name":"Ordensgemeinschaften in Deutschland","url":"https:\/\/test-wuwei.de\/orden\/","logo":{"@type":"ImageObject","inLanguage":"de","@id":"https:\/\/test-wuwei.de\/orden\/#\/schema\/logo\/image\/","url":"https:\/\/test-wuwei.de\/orden\/wp-content\/uploads\/2025\/07\/DOK_Logo_RGB_mit.jpg","contentUrl":"https:\/\/test-wuwei.de\/orden\/wp-content\/uploads\/2025\/07\/DOK_Logo_RGB_mit.jpg","width":2480,"height":1748,"caption":"Ordensgemeinschaften in Deutschland"},"image":{"@id":"https:\/\/test-wuwei.de\/orden\/#\/schema\/logo\/image\/"}}]}},"_links":{"self":[{"href":"https:\/\/test-wuwei.de\/orden\/wp-json\/wp\/v2\/meldung\/967","targetHints":{"allow":["GET"]}}],"collection":[{"href":"https:\/\/test-wuwei.de\/orden\/wp-json\/wp\/v2\/meldung"}],"about":[{"href":"https:\/\/test-wuwei.de\/orden\/wp-json\/wp\/v2\/types\/meldung"}],"wp:featuredmedia":[{"embeddable":true,"href":"https:\/\/test-wuwei.de\/orden\/wp-json\/wp\/v2\/media\/968"}],"wp:attachment":[{"href":"https:\/\/test-wuwei.de\/orden\/wp-json\/wp\/v2\/media?parent=967"}],"wp:term":[{"taxonomy":"category","embeddable":true,"href":"https:\/\/test-wuwei.de\/orden\/wp-json\/wp\/v2\/categories?post=967"}],"curies":[{"name":"wp","href":"https:\/\/api.w.org\/{rel}","templated":true}]}}

<h2 class="wp-block-heading has-medium-font-size"><strong>Der Karmelit war schon früh ein Gegner des Nationalsozialimus.</strong></h2>


<div class="gb-grid-wrapper gb-grid-wrapper-348eb2ac">
<div class="gb-grid-column gb-grid-column-fc80db44"><div class="gb-container gb-container-fc80db44">

<p>Der Karmelit Titus Brandsma wird heiliggesprochen. Das entschied die Kardinalsversammlung Anfang März im Vatikan. Der in den Niederlanden geborene Brandsma war Professor und Journalist.&nbsp;Er ist Patron&nbsp;der deutschen Ordensprovinz der Karmeliten (OCarm). Brandsma widersetzte sich früh und deutlich den Nationalsozialisten.&nbsp;Weil ihn das Regime als Feind der nationalsozialistischen Sache betrachtete, landete er im Gefängnis. Nach einem langen Leidensweg wurde er am 26. Juli 1942 im KZ Dachau ermordet. Brandsma ist der erste seliggesprochene Märtyrer aus diesem Konzentrationslager. Die Karmeliten, Brandmas Ordensgemeinschaft, verehren ihn als Beispiel wahrer Nächsten- und Feindesliebe.</p>

</div></div>

<div class="gb-grid-column gb-grid-column-6f676222"><div class="gb-container gb-container-6f676222">

<figure class="gb-block-image gb-block-image-8e41d25f"><img loading="lazy" decoding="async" width="200" height="314" class="gb-image gb-image-8e41d25f" src="https://test-wuwei.de/orden/wp-content/uploads/2025/08/csm_TITUS-BRANDSMA_380ef802cc.jpg" alt="" title="csm_TITUS-BRANDSMA_380ef802cc" srcset="https://test-wuwei.de/orden/wp-content/uploads/2025/08/csm_TITUS-BRANDSMA_380ef802cc.jpg 200w, https://test-wuwei.de/orden/wp-content/uploads/2025/08/csm_TITUS-BRANDSMA_380ef802cc-191x300.jpg 191w" sizes="auto, (max-width: 200px) 100vw, 200px" /></figure>

</div></div>
</div>


<hr class="wp-block-separator has-text-color has-contrast-3-color has-alpha-channel-opacity has-contrast-3-background-color has-background"/>



<blockquote class="wp-block-quote is-layout-flow wp-block-quote-is-layout-flow">
<p><strong>Unsere Liebe muss sprichwörtlich sein. Wir sollen uns von niemandem an Liebe übertreffen lassen. – Unsere Gegenwart irgendwo muss für die anderen eine Lust, ein Fest, einen Trost bedeuten.</strong><br><em>Titus Brandsma</em></p>
</blockquote>



<hr class="wp-block-separator has-text-color has-contrast-3-color has-alpha-channel-opacity has-contrast-3-background-color has-background"/>



<p>Seit Mitte der 50er Jahre betrieben die niederländischen Karmeliten Brandsmas Seligsprechung; im November 1985 war es dann soweit. In den Niederlanden gibt es zahlreiche Plätze und Kirchen, die nach ihm benannt sind. 1999 wurde er von einer Expertengruppe eines Rundfunkprogramms als der bemerkenswerteste Katholik des 20. Jahrhunderts ausgezeichnet; in Nijmegen wählte man Brandsma 2005 zum größten Einwohner der Stadt.</p>



<p><em>(Mit Material der KNA)</em></p>

<p>Der Karmelit war schon früh ein Gegner des Nationalsozialimus.</p>

<!-- This site is optimized with the Yoast SEO plugin v26.3 - https://yoast.com/wordpress/plugins/seo/ -->
<title>Heiligsprechung von Titus Brandsma am 15. Mai &#8211; Ordensgemeinschaften in Deutschland</title>
<meta name="description" content="Der Karmelit war schon früh ein Gegner des Nationalsozialimus." />
<meta name="robots" content="noindex, follow, max-snippet:-1, max-image-preview:large, max-video-preview:-1" />
<meta property="og:locale" content="de_DE" />
<meta property="og:type" content="article" />
<meta property="og:title" content="Heiligsprechung von Titus Brandsma am 15. Mai" />
<meta property="og:description" content="Der Karmelit war schon früh ein Gegner des Nationalsozialimus." />
<meta property="og:url" content="https://test-wuwei.de/orden/meldung/heiligsprechung-von-titus-brandsma-am-15-mai/" />
<meta property="og:site_name" content="Ordensgemeinschaften in Deutschland" />
<meta property="article:modified_time" content="2025-09-01T13:02:42+00:00" />
<meta property="og:image" content="https://test-wuwei.de/orden/wp-content/uploads/2025/08/csm_TITUS-BRANDSMA_88f83137f7.jpg" />
	<meta property="og:image:width" content="120" />
	<meta property="og:image:height" content="120" />
	<meta property="og:image:type" content="image/jpeg" />
<meta name="twitter:card" content="summary_large_image" />
<meta name="twitter:label1" content="Geschätzte Lesezeit" />
	<meta name="twitter:data1" content="2 Minuten" />
<script type="application/ld+json" class="yoast-schema-graph">{"@context":"https://schema.org","@graph":[{"@type":"WebPage","@id":"https://test-wuwei.de/orden/meldung/heiligsprechung-von-titus-brandsma-am-15-mai/","url":"https://test-wuwei.de/orden/meldung/heiligsprechung-von-titus-brandsma-am-15-mai/","name":"Heiligsprechung von Titus Brandsma am 15. Mai &#8211; Ordensgemeinschaften in Deutschland","isPartOf":{"@id":"https://test-wuwei.de/orden/#website"},"primaryImageOfPage":{"@id":"https://test-wuwei.de/orden/meldung/heiligsprechung-von-titus-brandsma-am-15-mai/#primaryimage"},"image":{"@id":"https://test-wuwei.de/orden/meldung/heiligsprechung-von-titus-brandsma-am-15-mai/#primaryimage"},"thumbnailUrl":"https://test-wuwei.de/orden/wp-content/uploads/2025/08/csm_TITUS-BRANDSMA_88f83137f7.jpg","datePublished":"2022-03-21T08:00:00+00:00","dateModified":"2025-09-01T13:02:42+00:00","description":"Der Karmelit war schon früh ein Gegner des Nationalsozialimus.","breadcrumb":{"@id":"https://test-wuwei.de/orden/meldung/heiligsprechung-von-titus-brandsma-am-15-mai/#breadcrumb"},"inLanguage":"de","potentialAction":[{"@type":"ReadAction","target":["https://test-wuwei.de/orden/meldung/heiligsprechung-von-titus-brandsma-am-15-mai/"]}]},{"@type":"ImageObject","inLanguage":"de","@id":"https://test-wuwei.de/orden/meldung/heiligsprechung-von-titus-brandsma-am-15-mai/#primaryimage","url":"https://test-wuwei.de/orden/wp-content/uploads/2025/08/csm_TITUS-BRANDSMA_88f83137f7.jpg","contentUrl":"https://test-wuwei.de/orden/wp-content/uploads/2025/08/csm_TITUS-BRANDSMA_88f83137f7.jpg","width":120,"height":120},{"@type":"BreadcrumbList","@id":"https://test-wuwei.de/orden/meldung/heiligsprechung-von-titus-brandsma-am-15-mai/#breadcrumb","itemListElement":[{"@type":"ListItem","position":1,"name":"🏠︎","item":"https://test-wuwei.de/orden/"},{"@type":"ListItem","position":2,"name":"Heiligsprechung von Titus Brandsma am 15. Mai"}]},{"@type":"WebSite","@id":"https://test-wuwei.de/orden/#website","url":"https://test-wuwei.de/orden/","name":"Ordensgemeinschaften in Deutschland","description":"Deutsche Ordensobernkonferenz","publisher":{"@id":"https://test-wuwei.de/orden/#organization"},"potentialAction":[{"@type":"SearchAction","target":{"@type":"EntryPoint","urlTemplate":"https://test-wuwei.de/orden/?s={search_term_string}"},"query-input":{"@type":"PropertyValueSpecification","valueRequired":true,"valueName":"search_term_string"}}],"inLanguage":"de"},{"@type":"Organization","@id":"https://test-wuwei.de/orden/#organization","name":"Ordensgemeinschaften in Deutschland","url":"https://test-wuwei.de/orden/","logo":{"@type":"ImageObject","inLanguage":"de","@id":"https://test-wuwei.de/orden/#/schema/logo/image/","url":"https://test-wuwei.de/orden/wp-content/uploads/2025/07/DOK_Logo_RGB_mit.jpg","contentUrl":"https://test-wuwei.de/orden/wp-content/uploads/2025/07/DOK_Logo_RGB_mit.jpg","width":2480,"height":1748,"caption":"Ordensgemeinschaften in Deutschland"},"image":{"@id":"https://test-wuwei.de/orden/#/schema/logo/image/"}}]}</script>
<!-- / Yoast SEO plugin. -->

Der Karmelit war schon früh ein Gegner des Nationalsozialimus.
