{"id":894,"date":"2022-07-12T10:00:00","date_gmt":"2022-07-12T08:00:00","guid":{"rendered":"https:\/\/test-wuwei.de\/orden\/?post_type=aktuelles&#038;p=894"},"modified":"2025-09-01T14:34:34","modified_gmt":"2025-09-01T12:34:34","slug":"der-neue-selige-jesuit","status":"publish","type":"meldung","link":"https:\/\/test-wuwei.de\/orden\/meldung\/der-neue-selige-jesuit\/","title":{"rendered":"Der neue selige Jesuit"},"content":{"rendered":"\n<h2 class=\"wp-block-heading has-medium-font-size\"><strong>P. Philipp Jeningen SJ wird am 16. Juli seliggesprochen<\/strong><\/h2>\n\n\n<div class=\"gb-grid-wrapper gb-grid-wrapper-0c94c43e\">\n<div class=\"gb-grid-column gb-grid-column-f3188136\"><div class=\"gb-container gb-container-f3188136\">\n\n<p>1642 geboren, trat Philipp Jeningen 1663 in den Jesuitenorden ein und wurde als Pilgerseelsorger nach Ellwangen entsandt, wo er eine neue Wallfahrtskirche errichtete. Mit seinem \u00fcberzeugenden Lebensstil und seinem Vorbild an N\u00e4chstenliebe hatte er weit \u00fcber Ellwangen hinaus in den Bist\u00fcmern Augsburg, Eichst\u00e4tt und W\u00fcrzburg gro\u00dfen Erfolg als Volksmissionar. Schon 1945 wurde ein Seligsprechungsprozess eingeleitet. Nachdem Papst Franziskus nun die medizinisch nicht erkl\u00e4rbare Genesung eines Mannes aus Stuttgart nach einem F\u00fcrbittengebet zu P. Jeningen als Wunder anerkannt hat, steht einer Seligsprechung nichts mehr im Weg.<\/p>\n\n\n\n<p>Mehr zu P. Philipp Jeningen SJ und der Seligsprechung&nbsp;<a href=\"https:\/\/www.jesuiten.org\/news\/philipp-jeningen-der-neue-selige-jesuit\" target=\"_blank\" rel=\"noreferrer noopener\">auf der Website der Jesuiten<\/a><\/p>\n\n<\/div><\/div>\n\n<div class=\"gb-grid-column gb-grid-column-2c5d739d\"><div class=\"gb-container gb-container-2c5d739d\">\n\n<figure class=\"gb-block-image gb-block-image-abebeec8\"><img loading=\"lazy\" decoding=\"async\" width=\"300\" height=\"300\" class=\"gb-image gb-image-abebeec8\" src=\"https:\/\/test-wuwei.de\/orden\/wp-content\/uploads\/2025\/08\/csm_Philipp_jeningen_stirner_658264951c.jpg\" alt=\"\" title=\"csm_Philipp_jeningen_stirner_658264951c\" srcset=\"https:\/\/test-wuwei.de\/orden\/wp-content\/uploads\/2025\/08\/csm_Philipp_jeningen_stirner_658264951c.jpg 300w, https:\/\/test-wuwei.de\/orden\/wp-content\/uploads\/2025\/08\/csm_Philipp_jeningen_stirner_658264951c-600x600.jpg 600w, https:\/\/test-wuwei.de\/orden\/wp-content\/uploads\/2025\/08\/csm_Philipp_jeningen_stirner_658264951c-150x150.jpg 150w\" sizes=\"auto, (max-width: 300px) 100vw, 300px\" \/>\n<figcaption class=\"gb-headline gb-headline-05b28c4b gb-headline-text\">P. Philipp Jeningen SJ<\/figcaption>\n<\/figure>\n\n<\/div><\/div>\n<\/div>","protected":false},"excerpt":{"rendered":"<p>P. Philipp Jeningen SJ wird am 16. Juli seliggesprochen<\/p>\n","protected":false},"featured_media":895,"parent":0,"template":"","categories":[],"class_list":["post-894","meldung","type-meldung","status-publish","has-post-thumbnail","hentry"],"acf":[],"yoast_head":"<!-- This site is optimized with the Yoast SEO plugin v26.3 - https:\/\/yoast.com\/wordpress\/plugins\/seo\/ -->\n<title>Der neue selige Jesuit &#8211; Ordensgemeinschaften in Deutschland<\/title>\n<meta name=\"description\" content=\"P. Philipp Jeningen SJ wird am 16. Juli seliggesprochen\" \/>\n<meta name=\"robots\" content=\"noindex, follow, max-snippet:-1, max-image-preview:large, max-video-preview:-1\" \/>\n<meta property=\"og:locale\" content=\"de_DE\" \/>\n<meta property=\"og:type\" content=\"article\" \/>\n<meta property=\"og:title\" content=\"Der neue selige Jesuit\" \/>\n<meta property=\"og:description\" content=\"P. Philipp Jeningen SJ wird am 16. Juli seliggesprochen\" \/>\n<meta property=\"og:url\" content=\"https:\/\/test-wuwei.de\/orden\/meldung\/der-neue-selige-jesuit\/\" \/>\n<meta property=\"og:site_name\" content=\"Ordensgemeinschaften in Deutschland\" \/>\n<meta property=\"article:modified_time\" content=\"2025-09-01T12:34:34+00:00\" \/>\n<meta property=\"og:image\" content=\"https:\/\/test-wuwei.de\/orden\/wp-content\/uploads\/2025\/08\/csm_Philipp_jeningen_stirner_b2a783e25e.jpg\" \/>\n\t<meta property=\"og:image:width\" content=\"120\" \/>\n\t<meta property=\"og:image:height\" content=\"120\" \/>\n\t<meta property=\"og:image:type\" content=\"image\/jpeg\" \/>\n<meta name=\"twitter:card\" content=\"summary_large_image\" \/>\n<meta name=\"twitter:label1\" content=\"Gesch\u00e4tzte Lesezeit\" \/>\n\t<meta name=\"twitter:data1\" content=\"2\u00a0Minuten\" \/>\n<script type=\"application\/ld+json\" class=\"yoast-schema-graph\">{\"@context\":\"https:\/\/schema.org\",\"@graph\":[{\"@type\":\"WebPage\",\"@id\":\"https:\/\/test-wuwei.de\/orden\/meldung\/der-neue-selige-jesuit\/\",\"url\":\"https:\/\/test-wuwei.de\/orden\/meldung\/der-neue-selige-jesuit\/\",\"name\":\"Der neue selige Jesuit &#8211; Ordensgemeinschaften in Deutschland\",\"isPartOf\":{\"@id\":\"https:\/\/test-wuwei.de\/orden\/#website\"},\"primaryImageOfPage\":{\"@id\":\"https:\/\/test-wuwei.de\/orden\/meldung\/der-neue-selige-jesuit\/#primaryimage\"},\"image\":{\"@id\":\"https:\/\/test-wuwei.de\/orden\/meldung\/der-neue-selige-jesuit\/#primaryimage\"},\"thumbnailUrl\":\"https:\/\/test-wuwei.de\/orden\/wp-content\/uploads\/2025\/08\/csm_Philipp_jeningen_stirner_b2a783e25e.jpg\",\"datePublished\":\"2022-07-12T08:00:00+00:00\",\"dateModified\":\"2025-09-01T12:34:34+00:00\",\"description\":\"P. Philipp Jeningen SJ wird am 16. Juli seliggesprochen\",\"breadcrumb\":{\"@id\":\"https:\/\/test-wuwei.de\/orden\/meldung\/der-neue-selige-jesuit\/#breadcrumb\"},\"inLanguage\":\"de\",\"potentialAction\":[{\"@type\":\"ReadAction\",\"target\":[\"https:\/\/test-wuwei.de\/orden\/meldung\/der-neue-selige-jesuit\/\"]}]},{\"@type\":\"ImageObject\",\"inLanguage\":\"de\",\"@id\":\"https:\/\/test-wuwei.de\/orden\/meldung\/der-neue-selige-jesuit\/#primaryimage\",\"url\":\"https:\/\/test-wuwei.de\/orden\/wp-content\/uploads\/2025\/08\/csm_Philipp_jeningen_stirner_b2a783e25e.jpg\",\"contentUrl\":\"https:\/\/test-wuwei.de\/orden\/wp-content\/uploads\/2025\/08\/csm_Philipp_jeningen_stirner_b2a783e25e.jpg\",\"width\":120,\"height\":120},{\"@type\":\"BreadcrumbList\",\"@id\":\"https:\/\/test-wuwei.de\/orden\/meldung\/der-neue-selige-jesuit\/#breadcrumb\",\"itemListElement\":[{\"@type\":\"ListItem\",\"position\":1,\"name\":\"\ud83c\udfe0\ufe0e\",\"item\":\"https:\/\/test-wuwei.de\/orden\/\"},{\"@type\":\"ListItem\",\"position\":2,\"name\":\"Der neue selige Jesuit\"}]},{\"@type\":\"WebSite\",\"@id\":\"https:\/\/test-wuwei.de\/orden\/#website\",\"url\":\"https:\/\/test-wuwei.de\/orden\/\",\"name\":\"Ordensgemeinschaften in Deutschland\",\"description\":\"Deutsche Ordensobernkonferenz\",\"publisher\":{\"@id\":\"https:\/\/test-wuwei.de\/orden\/#organization\"},\"potentialAction\":[{\"@type\":\"SearchAction\",\"target\":{\"@type\":\"EntryPoint\",\"urlTemplate\":\"https:\/\/test-wuwei.de\/orden\/?s={search_term_string}\"},\"query-input\":{\"@type\":\"PropertyValueSpecification\",\"valueRequired\":true,\"valueName\":\"search_term_string\"}}],\"inLanguage\":\"de\"},{\"@type\":\"Organization\",\"@id\":\"https:\/\/test-wuwei.de\/orden\/#organization\",\"name\":\"Ordensgemeinschaften in Deutschland\",\"url\":\"https:\/\/test-wuwei.de\/orden\/\",\"logo\":{\"@type\":\"ImageObject\",\"inLanguage\":\"de\",\"@id\":\"https:\/\/test-wuwei.de\/orden\/#\/schema\/logo\/image\/\",\"url\":\"https:\/\/test-wuwei.de\/orden\/wp-content\/uploads\/2025\/07\/DOK_Logo_RGB_mit.jpg\",\"contentUrl\":\"https:\/\/test-wuwei.de\/orden\/wp-content\/uploads\/2025\/07\/DOK_Logo_RGB_mit.jpg\",\"width\":2480,\"height\":1748,\"caption\":\"Ordensgemeinschaften in Deutschland\"},\"image\":{\"@id\":\"https:\/\/test-wuwei.de\/orden\/#\/schema\/logo\/image\/\"}}]}<\/script>\n<!-- \/ Yoast SEO plugin. -->","yoast_head_json":{"title":"Der neue selige Jesuit &#8211; Ordensgemeinschaften in Deutschland","description":"P. Philipp Jeningen SJ wird am 16. Juli seliggesprochen","robots":{"index":"noindex","follow":"follow","max-snippet":"max-snippet:-1","max-image-preview":"max-image-preview:large","max-video-preview":"max-video-preview:-1"},"og_locale":"de_DE","og_type":"article","og_title":"Der neue selige Jesuit","og_description":"P. Philipp Jeningen SJ wird am 16. Juli seliggesprochen","og_url":"https:\/\/test-wuwei.de\/orden\/meldung\/der-neue-selige-jesuit\/","og_site_name":"Ordensgemeinschaften in Deutschland","article_modified_time":"2025-09-01T12:34:34+00:00","og_image":[{"width":120,"height":120,"url":"https:\/\/test-wuwei.de\/orden\/wp-content\/uploads\/2025\/08\/csm_Philipp_jeningen_stirner_b2a783e25e.jpg","type":"image\/jpeg"}],"twitter_card":"summary_large_image","twitter_misc":{"Gesch\u00e4tzte Lesezeit":"2\u00a0Minuten"},"schema":{"@context":"https:\/\/schema.org","@graph":[{"@type":"WebPage","@id":"https:\/\/test-wuwei.de\/orden\/meldung\/der-neue-selige-jesuit\/","url":"https:\/\/test-wuwei.de\/orden\/meldung\/der-neue-selige-jesuit\/","name":"Der neue selige Jesuit &#8211; Ordensgemeinschaften in Deutschland","isPartOf":{"@id":"https:\/\/test-wuwei.de\/orden\/#website"},"primaryImageOfPage":{"@id":"https:\/\/test-wuwei.de\/orden\/meldung\/der-neue-selige-jesuit\/#primaryimage"},"image":{"@id":"https:\/\/test-wuwei.de\/orden\/meldung\/der-neue-selige-jesuit\/#primaryimage"},"thumbnailUrl":"https:\/\/test-wuwei.de\/orden\/wp-content\/uploads\/2025\/08\/csm_Philipp_jeningen_stirner_b2a783e25e.jpg","datePublished":"2022-07-12T08:00:00+00:00","dateModified":"2025-09-01T12:34:34+00:00","description":"P. Philipp Jeningen SJ wird am 16. Juli seliggesprochen","breadcrumb":{"@id":"https:\/\/test-wuwei.de\/orden\/meldung\/der-neue-selige-jesuit\/#breadcrumb"},"inLanguage":"de","potentialAction":[{"@type":"ReadAction","target":["https:\/\/test-wuwei.de\/orden\/meldung\/der-neue-selige-jesuit\/"]}]},{"@type":"ImageObject","inLanguage":"de","@id":"https:\/\/test-wuwei.de\/orden\/meldung\/der-neue-selige-jesuit\/#primaryimage","url":"https:\/\/test-wuwei.de\/orden\/wp-content\/uploads\/2025\/08\/csm_Philipp_jeningen_stirner_b2a783e25e.jpg","contentUrl":"https:\/\/test-wuwei.de\/orden\/wp-content\/uploads\/2025\/08\/csm_Philipp_jeningen_stirner_b2a783e25e.jpg","width":120,"height":120},{"@type":"BreadcrumbList","@id":"https:\/\/test-wuwei.de\/orden\/meldung\/der-neue-selige-jesuit\/#breadcrumb","itemListElement":[{"@type":"ListItem","position":1,"name":"\ud83c\udfe0\ufe0e","item":"https:\/\/test-wuwei.de\/orden\/"},{"@type":"ListItem","position":2,"name":"Der neue selige Jesuit"}]},{"@type":"WebSite","@id":"https:\/\/test-wuwei.de\/orden\/#website","url":"https:\/\/test-wuwei.de\/orden\/","name":"Ordensgemeinschaften in Deutschland","description":"Deutsche Ordensobernkonferenz","publisher":{"@id":"https:\/\/test-wuwei.de\/orden\/#organization"},"potentialAction":[{"@type":"SearchAction","target":{"@type":"EntryPoint","urlTemplate":"https:\/\/test-wuwei.de\/orden\/?s={search_term_string}"},"query-input":{"@type":"PropertyValueSpecification","valueRequired":true,"valueName":"search_term_string"}}],"inLanguage":"de"},{"@type":"Organization","@id":"https:\/\/test-wuwei.de\/orden\/#organization","name":"Ordensgemeinschaften in Deutschland","url":"https:\/\/test-wuwei.de\/orden\/","logo":{"@type":"ImageObject","inLanguage":"de","@id":"https:\/\/test-wuwei.de\/orden\/#\/schema\/logo\/image\/","url":"https:\/\/test-wuwei.de\/orden\/wp-content\/uploads\/2025\/07\/DOK_Logo_RGB_mit.jpg","contentUrl":"https:\/\/test-wuwei.de\/orden\/wp-content\/uploads\/2025\/07\/DOK_Logo_RGB_mit.jpg","width":2480,"height":1748,"caption":"Ordensgemeinschaften in Deutschland"},"image":{"@id":"https:\/\/test-wuwei.de\/orden\/#\/schema\/logo\/image\/"}}]}},"_links":{"self":[{"href":"https:\/\/test-wuwei.de\/orden\/wp-json\/wp\/v2\/meldung\/894","targetHints":{"allow":["GET"]}}],"collection":[{"href":"https:\/\/test-wuwei.de\/orden\/wp-json\/wp\/v2\/meldung"}],"about":[{"href":"https:\/\/test-wuwei.de\/orden\/wp-json\/wp\/v2\/types\/meldung"}],"wp:featuredmedia":[{"embeddable":true,"href":"https:\/\/test-wuwei.de\/orden\/wp-json\/wp\/v2\/media\/895"}],"wp:attachment":[{"href":"https:\/\/test-wuwei.de\/orden\/wp-json\/wp\/v2\/media?parent=894"}],"wp:term":[{"taxonomy":"category","embeddable":true,"href":"https:\/\/test-wuwei.de\/orden\/wp-json\/wp\/v2\/categories?post=894"}],"curies":[{"name":"wp","href":"https:\/\/api.w.org\/{rel}","templated":true}]}}

<h2 class="wp-block-heading has-medium-font-size"><strong>P. Philipp Jeningen SJ wird am 16. Juli seliggesprochen</strong></h2>


<div class="gb-grid-wrapper gb-grid-wrapper-0c94c43e">
<div class="gb-grid-column gb-grid-column-f3188136"><div class="gb-container gb-container-f3188136">

<p>1642 geboren, trat Philipp Jeningen 1663 in den Jesuitenorden ein und wurde als Pilgerseelsorger nach Ellwangen entsandt, wo er eine neue Wallfahrtskirche errichtete. Mit seinem überzeugenden Lebensstil und seinem Vorbild an Nächstenliebe hatte er weit über Ellwangen hinaus in den Bistümern Augsburg, Eichstätt und Würzburg großen Erfolg als Volksmissionar. Schon 1945 wurde ein Seligsprechungsprozess eingeleitet. Nachdem Papst Franziskus nun die medizinisch nicht erklärbare Genesung eines Mannes aus Stuttgart nach einem Fürbittengebet zu P. Jeningen als Wunder anerkannt hat, steht einer Seligsprechung nichts mehr im Weg.</p>



<p>Mehr zu P. Philipp Jeningen SJ und der Seligsprechung&nbsp;<a href="https://www.jesuiten.org/news/philipp-jeningen-der-neue-selige-jesuit" target="_blank" rel="noreferrer noopener">auf der Website der Jesuiten</a></p>

</div></div>

<div class="gb-grid-column gb-grid-column-2c5d739d"><div class="gb-container gb-container-2c5d739d">

<figure class="gb-block-image gb-block-image-abebeec8"><img loading="lazy" decoding="async" width="300" height="300" class="gb-image gb-image-abebeec8" src="https://test-wuwei.de/orden/wp-content/uploads/2025/08/csm_Philipp_jeningen_stirner_658264951c.jpg" alt="" title="csm_Philipp_jeningen_stirner_658264951c" srcset="https://test-wuwei.de/orden/wp-content/uploads/2025/08/csm_Philipp_jeningen_stirner_658264951c.jpg 300w, https://test-wuwei.de/orden/wp-content/uploads/2025/08/csm_Philipp_jeningen_stirner_658264951c-600x600.jpg 600w, https://test-wuwei.de/orden/wp-content/uploads/2025/08/csm_Philipp_jeningen_stirner_658264951c-150x150.jpg 150w" sizes="auto, (max-width: 300px) 100vw, 300px" />
<figcaption class="gb-headline gb-headline-05b28c4b gb-headline-text">P. Philipp Jeningen SJ</figcaption>
</figure>

</div></div>
</div>

<!-- This site is optimized with the Yoast SEO plugin v26.3 - https://yoast.com/wordpress/plugins/seo/ -->
<title>Der neue selige Jesuit &#8211; Ordensgemeinschaften in Deutschland</title>
<meta name="description" content="P. Philipp Jeningen SJ wird am 16. Juli seliggesprochen" />
<meta name="robots" content="noindex, follow, max-snippet:-1, max-image-preview:large, max-video-preview:-1" />
<meta property="og:locale" content="de_DE" />
<meta property="og:type" content="article" />
<meta property="og:title" content="Der neue selige Jesuit" />
<meta property="og:description" content="P. Philipp Jeningen SJ wird am 16. Juli seliggesprochen" />
<meta property="og:url" content="https://test-wuwei.de/orden/meldung/der-neue-selige-jesuit/" />
<meta property="og:site_name" content="Ordensgemeinschaften in Deutschland" />
<meta property="article:modified_time" content="2025-09-01T12:34:34+00:00" />
<meta property="og:image" content="https://test-wuwei.de/orden/wp-content/uploads/2025/08/csm_Philipp_jeningen_stirner_b2a783e25e.jpg" />
	<meta property="og:image:width" content="120" />
	<meta property="og:image:height" content="120" />
	<meta property="og:image:type" content="image/jpeg" />
<meta name="twitter:card" content="summary_large_image" />
<meta name="twitter:label1" content="Geschätzte Lesezeit" />
	<meta name="twitter:data1" content="2 Minuten" />
<script type="application/ld+json" class="yoast-schema-graph">{"@context":"https://schema.org","@graph":[{"@type":"WebPage","@id":"https://test-wuwei.de/orden/meldung/der-neue-selige-jesuit/","url":"https://test-wuwei.de/orden/meldung/der-neue-selige-jesuit/","name":"Der neue selige Jesuit &#8211; Ordensgemeinschaften in Deutschland","isPartOf":{"@id":"https://test-wuwei.de/orden/#website"},"primaryImageOfPage":{"@id":"https://test-wuwei.de/orden/meldung/der-neue-selige-jesuit/#primaryimage"},"image":{"@id":"https://test-wuwei.de/orden/meldung/der-neue-selige-jesuit/#primaryimage"},"thumbnailUrl":"https://test-wuwei.de/orden/wp-content/uploads/2025/08/csm_Philipp_jeningen_stirner_b2a783e25e.jpg","datePublished":"2022-07-12T08:00:00+00:00","dateModified":"2025-09-01T12:34:34+00:00","description":"P. Philipp Jeningen SJ wird am 16. Juli seliggesprochen","breadcrumb":{"@id":"https://test-wuwei.de/orden/meldung/der-neue-selige-jesuit/#breadcrumb"},"inLanguage":"de","potentialAction":[{"@type":"ReadAction","target":["https://test-wuwei.de/orden/meldung/der-neue-selige-jesuit/"]}]},{"@type":"ImageObject","inLanguage":"de","@id":"https://test-wuwei.de/orden/meldung/der-neue-selige-jesuit/#primaryimage","url":"https://test-wuwei.de/orden/wp-content/uploads/2025/08/csm_Philipp_jeningen_stirner_b2a783e25e.jpg","contentUrl":"https://test-wuwei.de/orden/wp-content/uploads/2025/08/csm_Philipp_jeningen_stirner_b2a783e25e.jpg","width":120,"height":120},{"@type":"BreadcrumbList","@id":"https://test-wuwei.de/orden/meldung/der-neue-selige-jesuit/#breadcrumb","itemListElement":[{"@type":"ListItem","position":1,"name":"🏠︎","item":"https://test-wuwei.de/orden/"},{"@type":"ListItem","position":2,"name":"Der neue selige Jesuit"}]},{"@type":"WebSite","@id":"https://test-wuwei.de/orden/#website","url":"https://test-wuwei.de/orden/","name":"Ordensgemeinschaften in Deutschland","description":"Deutsche Ordensobernkonferenz","publisher":{"@id":"https://test-wuwei.de/orden/#organization"},"potentialAction":[{"@type":"SearchAction","target":{"@type":"EntryPoint","urlTemplate":"https://test-wuwei.de/orden/?s={search_term_string}"},"query-input":{"@type":"PropertyValueSpecification","valueRequired":true,"valueName":"search_term_string"}}],"inLanguage":"de"},{"@type":"Organization","@id":"https://test-wuwei.de/orden/#organization","name":"Ordensgemeinschaften in Deutschland","url":"https://test-wuwei.de/orden/","logo":{"@type":"ImageObject","inLanguage":"de","@id":"https://test-wuwei.de/orden/#/schema/logo/image/","url":"https://test-wuwei.de/orden/wp-content/uploads/2025/07/DOK_Logo_RGB_mit.jpg","contentUrl":"https://test-wuwei.de/orden/wp-content/uploads/2025/07/DOK_Logo_RGB_mit.jpg","width":2480,"height":1748,"caption":"Ordensgemeinschaften in Deutschland"},"image":{"@id":"https://test-wuwei.de/orden/#/schema/logo/image/"}}]}</script>
<!-- / Yoast SEO plugin. -->
