{"id":4279,"date":"2025-11-05T15:14:00","date_gmt":"2025-11-05T14:14:00","guid":{"rendered":"https:\/\/test-wuwei.de\/orden\/?post_type=meldung&#038;p=4279"},"modified":"2025-12-03T15:16:17","modified_gmt":"2025-12-03T14:16:17","slug":"provinzgruendung-der-kongregation-der-armen-schulschwestern","status":"publish","type":"meldung","link":"https:\/\/test-wuwei.de\/orden\/meldung\/provinzgruendung-der-kongregation-der-armen-schulschwestern\/","title":{"rendered":"Provinzgr\u00fcndung der Kongregation der Armen Schulschwestern"},"content":{"rendered":"\n<h2 class=\"wp-block-heading has-medium-font-size\"><strong>Die Armen Schulschwestern von Unserer Lieben Frau planen eine &#8222;Provinz Europa&#8220; mit Sitz in M\u00fcnchen<\/strong><\/h2>\n\n\n\n<p>Ab dem 1. Januar 2026 entsteht die neue \u201eProvinz Europa\u201c der Kongregation der Armen Schulschwestern von Unserer Lieben Frau&nbsp;mit Sitz&nbsp;in M\u00fcnchen. Damit wird eine wichtige strukturelle und geistliche Neuordnung innerhalb der Gemeinschaft vollzogen, die weltweit in rund 30 L\u00e4ndern wirkt. Die neue Provinz wird die&nbsp;k\u00fcnftig entstehenden Distrikte&nbsp;Bayern, \u00d6sterreich-Italien, Slowenien, Polen und Ungarn umfassen. Etwa 500 Schwestern werden zur neuen Provinz Europa geh\u00f6ren. Die Leitung der neuen Provinz wird im Rahmen einer internationalen Versammlung vom 12. bis 17. November 2025 in Rom gew\u00e4hlt. Sr. Monika Schmidt, derzeitige Provinzoberin der Bayerischen Provinz&nbsp;der Ordensgemeinschaft, nennt als Ziel der neuen&nbsp;Gr\u00fcndung das Anliegen, spirituell den Ansatz von Gr\u00fcnderin Mutter Theresia weiter zu verfolgen und \u201cin Richtung Einheit und Heilung zu denken, also als ein Gegenkonzept zu dem, was wir derzeit in der Welt an Zerrissenheit und nationalistischen Ans\u00e4tzen wahrnehmen&#8220;.<\/p>\n\n\n\n<p>Die Entscheidung f\u00fcr M\u00fcnchen als Sitz&nbsp;der Provinz&nbsp;ist nicht zuf\u00e4llig gefallen: Hier befindet sich das Grab der Ordensgr\u00fcnderin Theresia Gerhardinger (1797\u20131879), die 1833 in Regensburg den Grundstein f\u00fcr die neue&nbsp;Frauenkongregation&nbsp;legte. Die Armen Schulschwestern sind heute auf allen Kontinenten pr\u00e4sent. Ihr Wirken konzentriert sich auf Bildung, Erziehung und soziale Begleitung. Die Gr\u00fcnderin setzte sich im 19. Jahrhundert f\u00fcr Bildungsgerechtigkeit f\u00fcr M\u00e4dchen und Frauen ein. M\u00e4dchen aus allen sozialen Schichten erhielten Unterricht in Religion, Elementarf\u00e4chern, Fremdsprachen, Naturwissenschaften und Sport. In eigens gegr\u00fcndeten \u201eIndustrieschulen\u201c bereitete sie junge Frauen gezielt auf ein selbstst\u00e4ndiges Berufsleben vor. (Mit Materialen von KNA)<\/p>\n","protected":false},"excerpt":{"rendered":"<p>Die Armen Schulschwestern von Unserer Lieben Frau planen eine &#8222;Provinz Europa&#8220; mit Sitz in M\u00fcnchen<\/p>\n","protected":false},"featured_media":4280,"parent":0,"template":"","categories":[],"class_list":["post-4279","meldung","type-meldung","status-publish","has-post-thumbnail","hentry"],"acf":[],"yoast_head":"<!-- This site is optimized with the Yoast SEO plugin v26.3 - https:\/\/yoast.com\/wordpress\/plugins\/seo\/ -->\n<title>Provinzgr\u00fcndung der Kongregation der Armen Schulschwestern &#8211; Ordensgemeinschaften in Deutschland<\/title>\n<meta name=\"description\" content=\"Die Armen Schulschwestern von Unserer Lieben Frau planen eine &quot;Provinz Europa&quot; mit Sitz in M\u00fcnchen\" \/>\n<meta name=\"robots\" content=\"noindex, follow, max-snippet:-1, max-image-preview:large, max-video-preview:-1\" \/>\n<meta property=\"og:locale\" content=\"de_DE\" \/>\n<meta property=\"og:type\" content=\"article\" \/>\n<meta property=\"og:title\" content=\"Provinzgr\u00fcndung der Kongregation der Armen Schulschwestern\" \/>\n<meta property=\"og:description\" content=\"Die Armen Schulschwestern von Unserer Lieben Frau planen eine &quot;Provinz Europa&quot; mit Sitz in M\u00fcnchen\" \/>\n<meta property=\"og:url\" content=\"https:\/\/test-wuwei.de\/orden\/meldung\/provinzgruendung-der-kongregation-der-armen-schulschwestern\/\" \/>\n<meta property=\"og:site_name\" content=\"Ordensgemeinschaften in Deutschland\" \/>\n<meta property=\"article:modified_time\" content=\"2025-12-03T14:16:17+00:00\" \/>\n<meta property=\"og:image\" content=\"https:\/\/test-wuwei.de\/orden\/wp-content\/uploads\/2025\/12\/csm_logo-SSND-586903881_a269481bdc.jpg\" \/>\n\t<meta property=\"og:image:width\" content=\"120\" \/>\n\t<meta property=\"og:image:height\" content=\"120\" \/>\n\t<meta property=\"og:image:type\" content=\"image\/jpeg\" \/>\n<meta name=\"twitter:card\" content=\"summary_large_image\" \/>\n<meta name=\"twitter:label1\" content=\"Gesch\u00e4tzte Lesezeit\" \/>\n\t<meta name=\"twitter:data1\" content=\"2\u00a0Minuten\" \/>\n<script type=\"application\/ld+json\" class=\"yoast-schema-graph\">{\"@context\":\"https:\/\/schema.org\",\"@graph\":[{\"@type\":\"WebPage\",\"@id\":\"https:\/\/test-wuwei.de\/orden\/meldung\/provinzgruendung-der-kongregation-der-armen-schulschwestern\/\",\"url\":\"https:\/\/test-wuwei.de\/orden\/meldung\/provinzgruendung-der-kongregation-der-armen-schulschwestern\/\",\"name\":\"Provinzgr\u00fcndung der Kongregation der Armen Schulschwestern &#8211; Ordensgemeinschaften in Deutschland\",\"isPartOf\":{\"@id\":\"https:\/\/test-wuwei.de\/orden\/#website\"},\"primaryImageOfPage\":{\"@id\":\"https:\/\/test-wuwei.de\/orden\/meldung\/provinzgruendung-der-kongregation-der-armen-schulschwestern\/#primaryimage\"},\"image\":{\"@id\":\"https:\/\/test-wuwei.de\/orden\/meldung\/provinzgruendung-der-kongregation-der-armen-schulschwestern\/#primaryimage\"},\"thumbnailUrl\":\"https:\/\/test-wuwei.de\/orden\/wp-content\/uploads\/2025\/12\/csm_logo-SSND-586903881_a269481bdc.jpg\",\"datePublished\":\"2025-11-05T14:14:00+00:00\",\"dateModified\":\"2025-12-03T14:16:17+00:00\",\"description\":\"Die Armen Schulschwestern von Unserer Lieben Frau planen eine \\\"Provinz Europa\\\" mit Sitz in M\u00fcnchen\",\"breadcrumb\":{\"@id\":\"https:\/\/test-wuwei.de\/orden\/meldung\/provinzgruendung-der-kongregation-der-armen-schulschwestern\/#breadcrumb\"},\"inLanguage\":\"de\",\"potentialAction\":[{\"@type\":\"ReadAction\",\"target\":[\"https:\/\/test-wuwei.de\/orden\/meldung\/provinzgruendung-der-kongregation-der-armen-schulschwestern\/\"]}]},{\"@type\":\"ImageObject\",\"inLanguage\":\"de\",\"@id\":\"https:\/\/test-wuwei.de\/orden\/meldung\/provinzgruendung-der-kongregation-der-armen-schulschwestern\/#primaryimage\",\"url\":\"https:\/\/test-wuwei.de\/orden\/wp-content\/uploads\/2025\/12\/csm_logo-SSND-586903881_a269481bdc.jpg\",\"contentUrl\":\"https:\/\/test-wuwei.de\/orden\/wp-content\/uploads\/2025\/12\/csm_logo-SSND-586903881_a269481bdc.jpg\",\"width\":120,\"height\":120},{\"@type\":\"BreadcrumbList\",\"@id\":\"https:\/\/test-wuwei.de\/orden\/meldung\/provinzgruendung-der-kongregation-der-armen-schulschwestern\/#breadcrumb\",\"itemListElement\":[{\"@type\":\"ListItem\",\"position\":1,\"name\":\"\ud83c\udfe0\ufe0e\",\"item\":\"https:\/\/test-wuwei.de\/orden\/\"},{\"@type\":\"ListItem\",\"position\":2,\"name\":\"Provinzgr\u00fcndung der Kongregation der Armen Schulschwestern\"}]},{\"@type\":\"WebSite\",\"@id\":\"https:\/\/test-wuwei.de\/orden\/#website\",\"url\":\"https:\/\/test-wuwei.de\/orden\/\",\"name\":\"Ordensgemeinschaften in Deutschland\",\"description\":\"Deutsche Ordensobernkonferenz\",\"publisher\":{\"@id\":\"https:\/\/test-wuwei.de\/orden\/#organization\"},\"potentialAction\":[{\"@type\":\"SearchAction\",\"target\":{\"@type\":\"EntryPoint\",\"urlTemplate\":\"https:\/\/test-wuwei.de\/orden\/?s={search_term_string}\"},\"query-input\":{\"@type\":\"PropertyValueSpecification\",\"valueRequired\":true,\"valueName\":\"search_term_string\"}}],\"inLanguage\":\"de\"},{\"@type\":\"Organization\",\"@id\":\"https:\/\/test-wuwei.de\/orden\/#organization\",\"name\":\"Ordensgemeinschaften in Deutschland\",\"url\":\"https:\/\/test-wuwei.de\/orden\/\",\"logo\":{\"@type\":\"ImageObject\",\"inLanguage\":\"de\",\"@id\":\"https:\/\/test-wuwei.de\/orden\/#\/schema\/logo\/image\/\",\"url\":\"https:\/\/test-wuwei.de\/orden\/wp-content\/uploads\/2025\/07\/DOK_Logo_RGB_mit.jpg\",\"contentUrl\":\"https:\/\/test-wuwei.de\/orden\/wp-content\/uploads\/2025\/07\/DOK_Logo_RGB_mit.jpg\",\"width\":2480,\"height\":1748,\"caption\":\"Ordensgemeinschaften in Deutschland\"},\"image\":{\"@id\":\"https:\/\/test-wuwei.de\/orden\/#\/schema\/logo\/image\/\"}}]}<\/script>\n<!-- \/ Yoast SEO plugin. -->","yoast_head_json":{"title":"Provinzgr\u00fcndung der Kongregation der Armen Schulschwestern &#8211; Ordensgemeinschaften in Deutschland","description":"Die Armen Schulschwestern von Unserer Lieben Frau planen eine \"Provinz Europa\" mit Sitz in M\u00fcnchen","robots":{"index":"noindex","follow":"follow","max-snippet":"max-snippet:-1","max-image-preview":"max-image-preview:large","max-video-preview":"max-video-preview:-1"},"og_locale":"de_DE","og_type":"article","og_title":"Provinzgr\u00fcndung der Kongregation der Armen Schulschwestern","og_description":"Die Armen Schulschwestern von Unserer Lieben Frau planen eine \"Provinz Europa\" mit Sitz in M\u00fcnchen","og_url":"https:\/\/test-wuwei.de\/orden\/meldung\/provinzgruendung-der-kongregation-der-armen-schulschwestern\/","og_site_name":"Ordensgemeinschaften in Deutschland","article_modified_time":"2025-12-03T14:16:17+00:00","og_image":[{"width":120,"height":120,"url":"https:\/\/test-wuwei.de\/orden\/wp-content\/uploads\/2025\/12\/csm_logo-SSND-586903881_a269481bdc.jpg","type":"image\/jpeg"}],"twitter_card":"summary_large_image","twitter_misc":{"Gesch\u00e4tzte Lesezeit":"2\u00a0Minuten"},"schema":{"@context":"https:\/\/schema.org","@graph":[{"@type":"WebPage","@id":"https:\/\/test-wuwei.de\/orden\/meldung\/provinzgruendung-der-kongregation-der-armen-schulschwestern\/","url":"https:\/\/test-wuwei.de\/orden\/meldung\/provinzgruendung-der-kongregation-der-armen-schulschwestern\/","name":"Provinzgr\u00fcndung der Kongregation der Armen Schulschwestern &#8211; Ordensgemeinschaften in Deutschland","isPartOf":{"@id":"https:\/\/test-wuwei.de\/orden\/#website"},"primaryImageOfPage":{"@id":"https:\/\/test-wuwei.de\/orden\/meldung\/provinzgruendung-der-kongregation-der-armen-schulschwestern\/#primaryimage"},"image":{"@id":"https:\/\/test-wuwei.de\/orden\/meldung\/provinzgruendung-der-kongregation-der-armen-schulschwestern\/#primaryimage"},"thumbnailUrl":"https:\/\/test-wuwei.de\/orden\/wp-content\/uploads\/2025\/12\/csm_logo-SSND-586903881_a269481bdc.jpg","datePublished":"2025-11-05T14:14:00+00:00","dateModified":"2025-12-03T14:16:17+00:00","description":"Die Armen Schulschwestern von Unserer Lieben Frau planen eine \"Provinz Europa\" mit Sitz in M\u00fcnchen","breadcrumb":{"@id":"https:\/\/test-wuwei.de\/orden\/meldung\/provinzgruendung-der-kongregation-der-armen-schulschwestern\/#breadcrumb"},"inLanguage":"de","potentialAction":[{"@type":"ReadAction","target":["https:\/\/test-wuwei.de\/orden\/meldung\/provinzgruendung-der-kongregation-der-armen-schulschwestern\/"]}]},{"@type":"ImageObject","inLanguage":"de","@id":"https:\/\/test-wuwei.de\/orden\/meldung\/provinzgruendung-der-kongregation-der-armen-schulschwestern\/#primaryimage","url":"https:\/\/test-wuwei.de\/orden\/wp-content\/uploads\/2025\/12\/csm_logo-SSND-586903881_a269481bdc.jpg","contentUrl":"https:\/\/test-wuwei.de\/orden\/wp-content\/uploads\/2025\/12\/csm_logo-SSND-586903881_a269481bdc.jpg","width":120,"height":120},{"@type":"BreadcrumbList","@id":"https:\/\/test-wuwei.de\/orden\/meldung\/provinzgruendung-der-kongregation-der-armen-schulschwestern\/#breadcrumb","itemListElement":[{"@type":"ListItem","position":1,"name":"\ud83c\udfe0\ufe0e","item":"https:\/\/test-wuwei.de\/orden\/"},{"@type":"ListItem","position":2,"name":"Provinzgr\u00fcndung der Kongregation der Armen Schulschwestern"}]},{"@type":"WebSite","@id":"https:\/\/test-wuwei.de\/orden\/#website","url":"https:\/\/test-wuwei.de\/orden\/","name":"Ordensgemeinschaften in Deutschland","description":"Deutsche Ordensobernkonferenz","publisher":{"@id":"https:\/\/test-wuwei.de\/orden\/#organization"},"potentialAction":[{"@type":"SearchAction","target":{"@type":"EntryPoint","urlTemplate":"https:\/\/test-wuwei.de\/orden\/?s={search_term_string}"},"query-input":{"@type":"PropertyValueSpecification","valueRequired":true,"valueName":"search_term_string"}}],"inLanguage":"de"},{"@type":"Organization","@id":"https:\/\/test-wuwei.de\/orden\/#organization","name":"Ordensgemeinschaften in Deutschland","url":"https:\/\/test-wuwei.de\/orden\/","logo":{"@type":"ImageObject","inLanguage":"de","@id":"https:\/\/test-wuwei.de\/orden\/#\/schema\/logo\/image\/","url":"https:\/\/test-wuwei.de\/orden\/wp-content\/uploads\/2025\/07\/DOK_Logo_RGB_mit.jpg","contentUrl":"https:\/\/test-wuwei.de\/orden\/wp-content\/uploads\/2025\/07\/DOK_Logo_RGB_mit.jpg","width":2480,"height":1748,"caption":"Ordensgemeinschaften in Deutschland"},"image":{"@id":"https:\/\/test-wuwei.de\/orden\/#\/schema\/logo\/image\/"}}]}},"_links":{"self":[{"href":"https:\/\/test-wuwei.de\/orden\/wp-json\/wp\/v2\/meldung\/4279","targetHints":{"allow":["GET"]}}],"collection":[{"href":"https:\/\/test-wuwei.de\/orden\/wp-json\/wp\/v2\/meldung"}],"about":[{"href":"https:\/\/test-wuwei.de\/orden\/wp-json\/wp\/v2\/types\/meldung"}],"wp:featuredmedia":[{"embeddable":true,"href":"https:\/\/test-wuwei.de\/orden\/wp-json\/wp\/v2\/media\/4280"}],"wp:attachment":[{"href":"https:\/\/test-wuwei.de\/orden\/wp-json\/wp\/v2\/media?parent=4279"}],"wp:term":[{"taxonomy":"category","embeddable":true,"href":"https:\/\/test-wuwei.de\/orden\/wp-json\/wp\/v2\/categories?post=4279"}],"curies":[{"name":"wp","href":"https:\/\/api.w.org\/{rel}","templated":true}]}}

Provinzgründung der Kongregation der Armen Schulschwestern

<h2 class="wp-block-heading has-medium-font-size"><strong>Die Armen Schulschwestern von Unserer Lieben Frau planen eine &#8222;Provinz Europa&#8220; mit Sitz in München</strong></h2>



<p>Ab dem 1. Januar 2026 entsteht die neue „Provinz Europa“ der Kongregation der Armen Schulschwestern von Unserer Lieben Frau&nbsp;mit Sitz&nbsp;in München. Damit wird eine wichtige strukturelle und geistliche Neuordnung innerhalb der Gemeinschaft vollzogen, die weltweit in rund 30 Ländern wirkt. Die neue Provinz wird die&nbsp;künftig entstehenden Distrikte&nbsp;Bayern, Österreich-Italien, Slowenien, Polen und Ungarn umfassen. Etwa 500 Schwestern werden zur neuen Provinz Europa gehören. Die Leitung der neuen Provinz wird im Rahmen einer internationalen Versammlung vom 12. bis 17. November 2025 in Rom gewählt. Sr. Monika Schmidt, derzeitige Provinzoberin der Bayerischen Provinz&nbsp;der Ordensgemeinschaft, nennt als Ziel der neuen&nbsp;Gründung das Anliegen, spirituell den Ansatz von Gründerin Mutter Theresia weiter zu verfolgen und “in Richtung Einheit und Heilung zu denken, also als ein Gegenkonzept zu dem, was wir derzeit in der Welt an Zerrissenheit und nationalistischen Ansätzen wahrnehmen&#8220;.</p>



<p>Die Entscheidung für München als Sitz&nbsp;der Provinz&nbsp;ist nicht zufällig gefallen: Hier befindet sich das Grab der Ordensgründerin Theresia Gerhardinger (1797–1879), die 1833 in Regensburg den Grundstein für die neue&nbsp;Frauenkongregation&nbsp;legte. Die Armen Schulschwestern sind heute auf allen Kontinenten präsent. Ihr Wirken konzentriert sich auf Bildung, Erziehung und soziale Begleitung. Die Gründerin setzte sich im 19. Jahrhundert für Bildungsgerechtigkeit für Mädchen und Frauen ein. Mädchen aus allen sozialen Schichten erhielten Unterricht in Religion, Elementarfächern, Fremdsprachen, Naturwissenschaften und Sport. In eigens gegründeten „Industrieschulen“ bereitete sie junge Frauen gezielt auf ein selbstständiges Berufsleben vor. (Mit Materialen von KNA)</p>

<p>Die Armen Schulschwestern von Unserer Lieben Frau planen eine &#8222;Provinz Europa&#8220; mit Sitz in München</p>

<!-- This site is optimized with the Yoast SEO plugin v26.3 - https://yoast.com/wordpress/plugins/seo/ -->
<title>Provinzgründung der Kongregation der Armen Schulschwestern &#8211; Ordensgemeinschaften in Deutschland</title>
<meta name="description" content="Die Armen Schulschwestern von Unserer Lieben Frau planen eine &quot;Provinz Europa&quot; mit Sitz in München" />
<meta name="robots" content="noindex, follow, max-snippet:-1, max-image-preview:large, max-video-preview:-1" />
<meta property="og:locale" content="de_DE" />
<meta property="og:type" content="article" />
<meta property="og:title" content="Provinzgründung der Kongregation der Armen Schulschwestern" />
<meta property="og:description" content="Die Armen Schulschwestern von Unserer Lieben Frau planen eine &quot;Provinz Europa&quot; mit Sitz in München" />
<meta property="og:url" content="https://test-wuwei.de/orden/meldung/provinzgruendung-der-kongregation-der-armen-schulschwestern/" />
<meta property="og:site_name" content="Ordensgemeinschaften in Deutschland" />
<meta property="article:modified_time" content="2025-12-03T14:16:17+00:00" />
<meta property="og:image" content="https://test-wuwei.de/orden/wp-content/uploads/2025/12/csm_logo-SSND-586903881_a269481bdc.jpg" />
	<meta property="og:image:width" content="120" />
	<meta property="og:image:height" content="120" />
	<meta property="og:image:type" content="image/jpeg" />
<meta name="twitter:card" content="summary_large_image" />
<meta name="twitter:label1" content="Geschätzte Lesezeit" />
	<meta name="twitter:data1" content="2 Minuten" />
<script type="application/ld+json" class="yoast-schema-graph">{"@context":"https://schema.org","@graph":[{"@type":"WebPage","@id":"https://test-wuwei.de/orden/meldung/provinzgruendung-der-kongregation-der-armen-schulschwestern/","url":"https://test-wuwei.de/orden/meldung/provinzgruendung-der-kongregation-der-armen-schulschwestern/","name":"Provinzgründung der Kongregation der Armen Schulschwestern &#8211; Ordensgemeinschaften in Deutschland","isPartOf":{"@id":"https://test-wuwei.de/orden/#website"},"primaryImageOfPage":{"@id":"https://test-wuwei.de/orden/meldung/provinzgruendung-der-kongregation-der-armen-schulschwestern/#primaryimage"},"image":{"@id":"https://test-wuwei.de/orden/meldung/provinzgruendung-der-kongregation-der-armen-schulschwestern/#primaryimage"},"thumbnailUrl":"https://test-wuwei.de/orden/wp-content/uploads/2025/12/csm_logo-SSND-586903881_a269481bdc.jpg","datePublished":"2025-11-05T14:14:00+00:00","dateModified":"2025-12-03T14:16:17+00:00","description":"Die Armen Schulschwestern von Unserer Lieben Frau planen eine \"Provinz Europa\" mit Sitz in München","breadcrumb":{"@id":"https://test-wuwei.de/orden/meldung/provinzgruendung-der-kongregation-der-armen-schulschwestern/#breadcrumb"},"inLanguage":"de","potentialAction":[{"@type":"ReadAction","target":["https://test-wuwei.de/orden/meldung/provinzgruendung-der-kongregation-der-armen-schulschwestern/"]}]},{"@type":"ImageObject","inLanguage":"de","@id":"https://test-wuwei.de/orden/meldung/provinzgruendung-der-kongregation-der-armen-schulschwestern/#primaryimage","url":"https://test-wuwei.de/orden/wp-content/uploads/2025/12/csm_logo-SSND-586903881_a269481bdc.jpg","contentUrl":"https://test-wuwei.de/orden/wp-content/uploads/2025/12/csm_logo-SSND-586903881_a269481bdc.jpg","width":120,"height":120},{"@type":"BreadcrumbList","@id":"https://test-wuwei.de/orden/meldung/provinzgruendung-der-kongregation-der-armen-schulschwestern/#breadcrumb","itemListElement":[{"@type":"ListItem","position":1,"name":"🏠︎","item":"https://test-wuwei.de/orden/"},{"@type":"ListItem","position":2,"name":"Provinzgründung der Kongregation der Armen Schulschwestern"}]},{"@type":"WebSite","@id":"https://test-wuwei.de/orden/#website","url":"https://test-wuwei.de/orden/","name":"Ordensgemeinschaften in Deutschland","description":"Deutsche Ordensobernkonferenz","publisher":{"@id":"https://test-wuwei.de/orden/#organization"},"potentialAction":[{"@type":"SearchAction","target":{"@type":"EntryPoint","urlTemplate":"https://test-wuwei.de/orden/?s={search_term_string}"},"query-input":{"@type":"PropertyValueSpecification","valueRequired":true,"valueName":"search_term_string"}}],"inLanguage":"de"},{"@type":"Organization","@id":"https://test-wuwei.de/orden/#organization","name":"Ordensgemeinschaften in Deutschland","url":"https://test-wuwei.de/orden/","logo":{"@type":"ImageObject","inLanguage":"de","@id":"https://test-wuwei.de/orden/#/schema/logo/image/","url":"https://test-wuwei.de/orden/wp-content/uploads/2025/07/DOK_Logo_RGB_mit.jpg","contentUrl":"https://test-wuwei.de/orden/wp-content/uploads/2025/07/DOK_Logo_RGB_mit.jpg","width":2480,"height":1748,"caption":"Ordensgemeinschaften in Deutschland"},"image":{"@id":"https://test-wuwei.de/orden/#/schema/logo/image/"}}]}</script>
<!-- / Yoast SEO plugin. -->

Provinzgründung der Kongregation der Armen Schulschwestern &#8211; Ordensgemeinschaften in Deutschland

Die Armen Schulschwestern von Unserer Lieben Frau planen eine "Provinz Europa" mit Sitz in München
