{"id":286,"date":"2025-07-04T09:00:00","date_gmt":"2025-07-04T07:00:00","guid":{"rendered":"https:\/\/test-wuwei.de\/orden\/?post_type=aktuelles&#038;p=286"},"modified":"2025-08-18T08:43:00","modified_gmt":"2025-08-18T06:43:00","slug":"vinzentinerinnen-fusionieren","status":"publish","type":"meldung","link":"https:\/\/test-wuwei.de\/orden\/meldung\/vinzentinerinnen-fusionieren\/","title":{"rendered":"Vinzentinerinnen fusionieren"},"content":{"rendered":"\n<h2 class=\"wp-block-heading has-medium-font-size\">Barmherzigen Schwestern vom hl. Vinzenz von Paul aus Untermarchtal, Stra\u00dfburg und Heppenheim feiern ihre kirchliche Fusion<\/h2>\n\n\n\n<p><em>Orden.de dokumentiert die Meldung der Vinzentinerinnen auf&nbsp;<a href=\"https:\/\/untermarchtal.de\/vinzentinerinnen-fusionieren\/aktuelles\/\" target=\"_blank\" rel=\"noreferrer noopener\">untermarchtal.de<\/a>:<\/em><\/p>\n\n\n\n<p>&#8222;Am 31. Mai 2025 feierten die Barmherzigen Schwestern vom hl. Vinzenz von Paul aus Untermarchtal, Stra\u00dfburg und Heppenheim ihre kirchenrechtliche Fusion. Damit w\u00e4chst zusammen, was bereits vor rund 170 Jahren eins war.<\/p>\n\n\n\n<p>Im Jahr 1852 sandten die Stra\u00dfburger&nbsp;<em>S\u0153urs de la Charit\u00e9<\/em>&nbsp;die ersten vier Schwestern nach Schw\u00e4bisch Gm\u00fcnd zum Aufbau einer neuen Gemeinschaft, die 1858 eigenst\u00e4ndig wurde und heute in Untermarchtal beheimatet ist. Auch in anderen deutschsprachigen Di\u00f6zesen entstanden auf \u00e4hnliche Weise Mutterh\u00e4user der Barmherzigen Schwestern vom hl. Vinzenz von Paul \u2013 unter anderem in Heppenheim.<\/p>\n\n\n\n<p>In den letzten Jahrzehnten hat sich die Situation der Ordensgemeinschaften tiefgreifend ver\u00e4ndert. Bereits im Jahr 2019 haben sich die Heppenheimer Vinzentinerinnen wieder ihrer Ursprungs-Gemeinschaft in Stra\u00dfburg angeschlossen. Nun ist auch in Stra\u00dfburg die Zeit f\u00fcr einen neuen Schritt gekommen. Die dortige Gemeinschaft hat entschieden, ihren Weg in enger Verbundenheit mit Untermarchtal fortzusetzen \u2013 dem heute gr\u00f6\u00dften vinzentinischen Mutterhaus im deutschsprachigen Raum. Anfang Mai kam daf\u00fcr die offizielle Zustimmung aus Rom.<\/p>\n\n\n\n<p>Schwester Blandine Klein, Generaloberin der&nbsp;<em>S\u0153urs de la Charit\u00e9<\/em>, betont: \u201eIch bin dankbar, dass wir diesen Weg nun gehen k\u00f6nnen. Die Entscheidung zur Fusion bringt f\u00fcr uns Klarheit und neue Stabilit\u00e4t.\u201c Auch Schwester Elisabeth Halbmann, Generaloberin der Untermarchtaler Vinzentinerinnen, freut sich \u00fcber den positiven Bescheid: \u201eWir nehmen die Schwestern aus Stra\u00dfburg und Heppenheim mit gro\u00dfer Wertsch\u00e4tzung in unsere Gemeinschaft auf. Es ist sch\u00f6n, auf diese Weise f\u00fcreinander da sein zu k\u00f6nnen.\u201c<\/p>\n\n\n\n<p>Zu den rund 170 Schwestern in Untermarchtal und 270 Schwestern in Tansania und \u00c4thiopien kommen nun 73 Schwestern aus Heppenheim und Stra\u00dfburg hinzu. Mit der Fusion wollen die Gemeinschaften ihre Kr\u00e4fte b\u00fcndeln und ihr gemeinsames Charisma lebendig erhalten \u2013 in einer Zeit, in der sich Kirche und Gesellschaft im Wandel befinden. Die neue gemeinsame Struktur erm\u00f6glicht es, Aufgaben und Ressourcen besser zu koordinieren und den vinzentinischen Auftrag gemeinsam weiterzutragen.&#8220;<\/p>\n","protected":false},"excerpt":{"rendered":"<p>Barmherzigen Schwestern vom hl. Vinzenz von Paul aus Untermarchtal, Stra\u00dfburg und Heppenheim feiern ihre kirchliche Fusion<\/p>\n","protected":false},"featured_media":288,"parent":0,"template":"","categories":[],"class_list":["post-286","meldung","type-meldung","status-publish","has-post-thumbnail","hentry"],"acf":[],"yoast_head":"<!-- This site is optimized with the Yoast SEO plugin v26.3 - https:\/\/yoast.com\/wordpress\/plugins\/seo\/ -->\n<title>Vinzentinerinnen fusionieren &#8211; Ordensgemeinschaften in Deutschland<\/title>\n<meta name=\"description\" content=\"Barmherzigen Schwestern vom hl. Vinzenz von Paul aus Untermarchtal, Stra\u00dfburg und Heppenheim feiern ihre kirchliche Fusion\" \/>\n<meta name=\"robots\" content=\"noindex, follow, max-snippet:-1, max-image-preview:large, max-video-preview:-1\" \/>\n<meta property=\"og:locale\" content=\"de_DE\" \/>\n<meta property=\"og:type\" content=\"article\" \/>\n<meta property=\"og:title\" content=\"Vinzentinerinnen fusionieren\" \/>\n<meta property=\"og:description\" content=\"Barmherzigen Schwestern vom hl. Vinzenz von Paul aus Untermarchtal, Stra\u00dfburg und Heppenheim feiern ihre kirchliche Fusion\" \/>\n<meta property=\"og:url\" content=\"https:\/\/test-wuwei.de\/orden\/meldung\/vinzentinerinnen-fusionieren\/\" \/>\n<meta property=\"og:site_name\" content=\"Ordensgemeinschaften in Deutschland\" \/>\n<meta property=\"article:modified_time\" content=\"2025-08-18T06:43:00+00:00\" \/>\n<meta property=\"og:image\" content=\"https:\/\/test-wuwei.de\/orden\/wp-content\/uploads\/2025\/07\/csm_flowers-93737_960_720_07e2ca1376.jpg\" \/>\n\t<meta property=\"og:image:width\" content=\"120\" \/>\n\t<meta property=\"og:image:height\" content=\"120\" \/>\n\t<meta property=\"og:image:type\" content=\"image\/jpeg\" \/>\n<meta name=\"twitter:card\" content=\"summary_large_image\" \/>\n<meta name=\"twitter:label1\" content=\"Gesch\u00e4tzte Lesezeit\" \/>\n\t<meta name=\"twitter:data1\" content=\"2\u00a0Minuten\" \/>\n<script type=\"application\/ld+json\" class=\"yoast-schema-graph\">{\"@context\":\"https:\/\/schema.org\",\"@graph\":[{\"@type\":\"WebPage\",\"@id\":\"https:\/\/test-wuwei.de\/orden\/meldung\/vinzentinerinnen-fusionieren\/\",\"url\":\"https:\/\/test-wuwei.de\/orden\/meldung\/vinzentinerinnen-fusionieren\/\",\"name\":\"Vinzentinerinnen fusionieren &#8211; Ordensgemeinschaften in Deutschland\",\"isPartOf\":{\"@id\":\"https:\/\/test-wuwei.de\/orden\/#website\"},\"primaryImageOfPage\":{\"@id\":\"https:\/\/test-wuwei.de\/orden\/meldung\/vinzentinerinnen-fusionieren\/#primaryimage\"},\"image\":{\"@id\":\"https:\/\/test-wuwei.de\/orden\/meldung\/vinzentinerinnen-fusionieren\/#primaryimage\"},\"thumbnailUrl\":\"https:\/\/test-wuwei.de\/orden\/wp-content\/uploads\/2025\/07\/csm_flowers-93737_960_720_07e2ca1376.jpg\",\"datePublished\":\"2025-07-04T07:00:00+00:00\",\"dateModified\":\"2025-08-18T06:43:00+00:00\",\"description\":\"Barmherzigen Schwestern vom hl. Vinzenz von Paul aus Untermarchtal, Stra\u00dfburg und Heppenheim feiern ihre kirchliche Fusion\",\"breadcrumb\":{\"@id\":\"https:\/\/test-wuwei.de\/orden\/meldung\/vinzentinerinnen-fusionieren\/#breadcrumb\"},\"inLanguage\":\"de\",\"potentialAction\":[{\"@type\":\"ReadAction\",\"target\":[\"https:\/\/test-wuwei.de\/orden\/meldung\/vinzentinerinnen-fusionieren\/\"]}]},{\"@type\":\"ImageObject\",\"inLanguage\":\"de\",\"@id\":\"https:\/\/test-wuwei.de\/orden\/meldung\/vinzentinerinnen-fusionieren\/#primaryimage\",\"url\":\"https:\/\/test-wuwei.de\/orden\/wp-content\/uploads\/2025\/07\/csm_flowers-93737_960_720_07e2ca1376.jpg\",\"contentUrl\":\"https:\/\/test-wuwei.de\/orden\/wp-content\/uploads\/2025\/07\/csm_flowers-93737_960_720_07e2ca1376.jpg\",\"width\":120,\"height\":120},{\"@type\":\"BreadcrumbList\",\"@id\":\"https:\/\/test-wuwei.de\/orden\/meldung\/vinzentinerinnen-fusionieren\/#breadcrumb\",\"itemListElement\":[{\"@type\":\"ListItem\",\"position\":1,\"name\":\"\ud83c\udfe0\ufe0e\",\"item\":\"https:\/\/test-wuwei.de\/orden\/\"},{\"@type\":\"ListItem\",\"position\":2,\"name\":\"Vinzentinerinnen fusionieren\"}]},{\"@type\":\"WebSite\",\"@id\":\"https:\/\/test-wuwei.de\/orden\/#website\",\"url\":\"https:\/\/test-wuwei.de\/orden\/\",\"name\":\"Ordensgemeinschaften in Deutschland\",\"description\":\"Deutsche Ordensobernkonferenz\",\"publisher\":{\"@id\":\"https:\/\/test-wuwei.de\/orden\/#organization\"},\"potentialAction\":[{\"@type\":\"SearchAction\",\"target\":{\"@type\":\"EntryPoint\",\"urlTemplate\":\"https:\/\/test-wuwei.de\/orden\/?s={search_term_string}\"},\"query-input\":{\"@type\":\"PropertyValueSpecification\",\"valueRequired\":true,\"valueName\":\"search_term_string\"}}],\"inLanguage\":\"de\"},{\"@type\":\"Organization\",\"@id\":\"https:\/\/test-wuwei.de\/orden\/#organization\",\"name\":\"Ordensgemeinschaften in Deutschland\",\"url\":\"https:\/\/test-wuwei.de\/orden\/\",\"logo\":{\"@type\":\"ImageObject\",\"inLanguage\":\"de\",\"@id\":\"https:\/\/test-wuwei.de\/orden\/#\/schema\/logo\/image\/\",\"url\":\"https:\/\/test-wuwei.de\/orden\/wp-content\/uploads\/2025\/07\/DOK_Logo_RGB_mit.jpg\",\"contentUrl\":\"https:\/\/test-wuwei.de\/orden\/wp-content\/uploads\/2025\/07\/DOK_Logo_RGB_mit.jpg\",\"width\":2480,\"height\":1748,\"caption\":\"Ordensgemeinschaften in Deutschland\"},\"image\":{\"@id\":\"https:\/\/test-wuwei.de\/orden\/#\/schema\/logo\/image\/\"}}]}<\/script>\n<!-- \/ Yoast SEO plugin. -->","yoast_head_json":{"title":"Vinzentinerinnen fusionieren &#8211; Ordensgemeinschaften in Deutschland","description":"Barmherzigen Schwestern vom hl. Vinzenz von Paul aus Untermarchtal, Stra\u00dfburg und Heppenheim feiern ihre kirchliche Fusion","robots":{"index":"noindex","follow":"follow","max-snippet":"max-snippet:-1","max-image-preview":"max-image-preview:large","max-video-preview":"max-video-preview:-1"},"og_locale":"de_DE","og_type":"article","og_title":"Vinzentinerinnen fusionieren","og_description":"Barmherzigen Schwestern vom hl. Vinzenz von Paul aus Untermarchtal, Stra\u00dfburg und Heppenheim feiern ihre kirchliche Fusion","og_url":"https:\/\/test-wuwei.de\/orden\/meldung\/vinzentinerinnen-fusionieren\/","og_site_name":"Ordensgemeinschaften in Deutschland","article_modified_time":"2025-08-18T06:43:00+00:00","og_image":[{"width":120,"height":120,"url":"https:\/\/test-wuwei.de\/orden\/wp-content\/uploads\/2025\/07\/csm_flowers-93737_960_720_07e2ca1376.jpg","type":"image\/jpeg"}],"twitter_card":"summary_large_image","twitter_misc":{"Gesch\u00e4tzte Lesezeit":"2\u00a0Minuten"},"schema":{"@context":"https:\/\/schema.org","@graph":[{"@type":"WebPage","@id":"https:\/\/test-wuwei.de\/orden\/meldung\/vinzentinerinnen-fusionieren\/","url":"https:\/\/test-wuwei.de\/orden\/meldung\/vinzentinerinnen-fusionieren\/","name":"Vinzentinerinnen fusionieren &#8211; Ordensgemeinschaften in Deutschland","isPartOf":{"@id":"https:\/\/test-wuwei.de\/orden\/#website"},"primaryImageOfPage":{"@id":"https:\/\/test-wuwei.de\/orden\/meldung\/vinzentinerinnen-fusionieren\/#primaryimage"},"image":{"@id":"https:\/\/test-wuwei.de\/orden\/meldung\/vinzentinerinnen-fusionieren\/#primaryimage"},"thumbnailUrl":"https:\/\/test-wuwei.de\/orden\/wp-content\/uploads\/2025\/07\/csm_flowers-93737_960_720_07e2ca1376.jpg","datePublished":"2025-07-04T07:00:00+00:00","dateModified":"2025-08-18T06:43:00+00:00","description":"Barmherzigen Schwestern vom hl. Vinzenz von Paul aus Untermarchtal, Stra\u00dfburg und Heppenheim feiern ihre kirchliche Fusion","breadcrumb":{"@id":"https:\/\/test-wuwei.de\/orden\/meldung\/vinzentinerinnen-fusionieren\/#breadcrumb"},"inLanguage":"de","potentialAction":[{"@type":"ReadAction","target":["https:\/\/test-wuwei.de\/orden\/meldung\/vinzentinerinnen-fusionieren\/"]}]},{"@type":"ImageObject","inLanguage":"de","@id":"https:\/\/test-wuwei.de\/orden\/meldung\/vinzentinerinnen-fusionieren\/#primaryimage","url":"https:\/\/test-wuwei.de\/orden\/wp-content\/uploads\/2025\/07\/csm_flowers-93737_960_720_07e2ca1376.jpg","contentUrl":"https:\/\/test-wuwei.de\/orden\/wp-content\/uploads\/2025\/07\/csm_flowers-93737_960_720_07e2ca1376.jpg","width":120,"height":120},{"@type":"BreadcrumbList","@id":"https:\/\/test-wuwei.de\/orden\/meldung\/vinzentinerinnen-fusionieren\/#breadcrumb","itemListElement":[{"@type":"ListItem","position":1,"name":"\ud83c\udfe0\ufe0e","item":"https:\/\/test-wuwei.de\/orden\/"},{"@type":"ListItem","position":2,"name":"Vinzentinerinnen fusionieren"}]},{"@type":"WebSite","@id":"https:\/\/test-wuwei.de\/orden\/#website","url":"https:\/\/test-wuwei.de\/orden\/","name":"Ordensgemeinschaften in Deutschland","description":"Deutsche Ordensobernkonferenz","publisher":{"@id":"https:\/\/test-wuwei.de\/orden\/#organization"},"potentialAction":[{"@type":"SearchAction","target":{"@type":"EntryPoint","urlTemplate":"https:\/\/test-wuwei.de\/orden\/?s={search_term_string}"},"query-input":{"@type":"PropertyValueSpecification","valueRequired":true,"valueName":"search_term_string"}}],"inLanguage":"de"},{"@type":"Organization","@id":"https:\/\/test-wuwei.de\/orden\/#organization","name":"Ordensgemeinschaften in Deutschland","url":"https:\/\/test-wuwei.de\/orden\/","logo":{"@type":"ImageObject","inLanguage":"de","@id":"https:\/\/test-wuwei.de\/orden\/#\/schema\/logo\/image\/","url":"https:\/\/test-wuwei.de\/orden\/wp-content\/uploads\/2025\/07\/DOK_Logo_RGB_mit.jpg","contentUrl":"https:\/\/test-wuwei.de\/orden\/wp-content\/uploads\/2025\/07\/DOK_Logo_RGB_mit.jpg","width":2480,"height":1748,"caption":"Ordensgemeinschaften in Deutschland"},"image":{"@id":"https:\/\/test-wuwei.de\/orden\/#\/schema\/logo\/image\/"}}]}},"_links":{"self":[{"href":"https:\/\/test-wuwei.de\/orden\/wp-json\/wp\/v2\/meldung\/286","targetHints":{"allow":["GET"]}}],"collection":[{"href":"https:\/\/test-wuwei.de\/orden\/wp-json\/wp\/v2\/meldung"}],"about":[{"href":"https:\/\/test-wuwei.de\/orden\/wp-json\/wp\/v2\/types\/meldung"}],"wp:featuredmedia":[{"embeddable":true,"href":"https:\/\/test-wuwei.de\/orden\/wp-json\/wp\/v2\/media\/288"}],"wp:attachment":[{"href":"https:\/\/test-wuwei.de\/orden\/wp-json\/wp\/v2\/media?parent=286"}],"wp:term":[{"taxonomy":"category","embeddable":true,"href":"https:\/\/test-wuwei.de\/orden\/wp-json\/wp\/v2\/categories?post=286"}],"curies":[{"name":"wp","href":"https:\/\/api.w.org\/{rel}","templated":true}]}}

<h2 class="wp-block-heading has-medium-font-size">Barmherzigen Schwestern vom hl. Vinzenz von Paul aus Untermarchtal, Straßburg und Heppenheim feiern ihre kirchliche Fusion</h2>



<p><em>Orden.de dokumentiert die Meldung der Vinzentinerinnen auf&nbsp;<a href="https://untermarchtal.de/vinzentinerinnen-fusionieren/aktuelles/" target="_blank" rel="noreferrer noopener">untermarchtal.de</a>:</em></p>



<p>&#8222;Am 31. Mai 2025 feierten die Barmherzigen Schwestern vom hl. Vinzenz von Paul aus Untermarchtal, Straßburg und Heppenheim ihre kirchenrechtliche Fusion. Damit wächst zusammen, was bereits vor rund 170 Jahren eins war.</p>



<p>Im Jahr 1852 sandten die Straßburger&nbsp;<em>Sœurs de la Charité</em>&nbsp;die ersten vier Schwestern nach Schwäbisch Gmünd zum Aufbau einer neuen Gemeinschaft, die 1858 eigenständig wurde und heute in Untermarchtal beheimatet ist. Auch in anderen deutschsprachigen Diözesen entstanden auf ähnliche Weise Mutterhäuser der Barmherzigen Schwestern vom hl. Vinzenz von Paul – unter anderem in Heppenheim.</p>



<p>In den letzten Jahrzehnten hat sich die Situation der Ordensgemeinschaften tiefgreifend verändert. Bereits im Jahr 2019 haben sich die Heppenheimer Vinzentinerinnen wieder ihrer Ursprungs-Gemeinschaft in Straßburg angeschlossen. Nun ist auch in Straßburg die Zeit für einen neuen Schritt gekommen. Die dortige Gemeinschaft hat entschieden, ihren Weg in enger Verbundenheit mit Untermarchtal fortzusetzen – dem heute größten vinzentinischen Mutterhaus im deutschsprachigen Raum. Anfang Mai kam dafür die offizielle Zustimmung aus Rom.</p>



<p>Schwester Blandine Klein, Generaloberin der&nbsp;<em>Sœurs de la Charité</em>, betont: „Ich bin dankbar, dass wir diesen Weg nun gehen können. Die Entscheidung zur Fusion bringt für uns Klarheit und neue Stabilität.“ Auch Schwester Elisabeth Halbmann, Generaloberin der Untermarchtaler Vinzentinerinnen, freut sich über den positiven Bescheid: „Wir nehmen die Schwestern aus Straßburg und Heppenheim mit großer Wertschätzung in unsere Gemeinschaft auf. Es ist schön, auf diese Weise füreinander da sein zu können.“</p>



<p>Zu den rund 170 Schwestern in Untermarchtal und 270 Schwestern in Tansania und Äthiopien kommen nun 73 Schwestern aus Heppenheim und Straßburg hinzu. Mit der Fusion wollen die Gemeinschaften ihre Kräfte bündeln und ihr gemeinsames Charisma lebendig erhalten – in einer Zeit, in der sich Kirche und Gesellschaft im Wandel befinden. Die neue gemeinsame Struktur ermöglicht es, Aufgaben und Ressourcen besser zu koordinieren und den vinzentinischen Auftrag gemeinsam weiterzutragen.&#8220;</p>

<p>Barmherzigen Schwestern vom hl. Vinzenz von Paul aus Untermarchtal, Straßburg und Heppenheim feiern ihre kirchliche Fusion</p>

<!-- This site is optimized with the Yoast SEO plugin v26.3 - https://yoast.com/wordpress/plugins/seo/ -->
<title>Vinzentinerinnen fusionieren &#8211; Ordensgemeinschaften in Deutschland</title>
<meta name="description" content="Barmherzigen Schwestern vom hl. Vinzenz von Paul aus Untermarchtal, Straßburg und Heppenheim feiern ihre kirchliche Fusion" />
<meta name="robots" content="noindex, follow, max-snippet:-1, max-image-preview:large, max-video-preview:-1" />
<meta property="og:locale" content="de_DE" />
<meta property="og:type" content="article" />
<meta property="og:title" content="Vinzentinerinnen fusionieren" />
<meta property="og:description" content="Barmherzigen Schwestern vom hl. Vinzenz von Paul aus Untermarchtal, Straßburg und Heppenheim feiern ihre kirchliche Fusion" />
<meta property="og:url" content="https://test-wuwei.de/orden/meldung/vinzentinerinnen-fusionieren/" />
<meta property="og:site_name" content="Ordensgemeinschaften in Deutschland" />
<meta property="article:modified_time" content="2025-08-18T06:43:00+00:00" />
<meta property="og:image" content="https://test-wuwei.de/orden/wp-content/uploads/2025/07/csm_flowers-93737_960_720_07e2ca1376.jpg" />
	<meta property="og:image:width" content="120" />
	<meta property="og:image:height" content="120" />
	<meta property="og:image:type" content="image/jpeg" />
<meta name="twitter:card" content="summary_large_image" />
<meta name="twitter:label1" content="Geschätzte Lesezeit" />
	<meta name="twitter:data1" content="2 Minuten" />
<script type="application/ld+json" class="yoast-schema-graph">{"@context":"https://schema.org","@graph":[{"@type":"WebPage","@id":"https://test-wuwei.de/orden/meldung/vinzentinerinnen-fusionieren/","url":"https://test-wuwei.de/orden/meldung/vinzentinerinnen-fusionieren/","name":"Vinzentinerinnen fusionieren &#8211; Ordensgemeinschaften in Deutschland","isPartOf":{"@id":"https://test-wuwei.de/orden/#website"},"primaryImageOfPage":{"@id":"https://test-wuwei.de/orden/meldung/vinzentinerinnen-fusionieren/#primaryimage"},"image":{"@id":"https://test-wuwei.de/orden/meldung/vinzentinerinnen-fusionieren/#primaryimage"},"thumbnailUrl":"https://test-wuwei.de/orden/wp-content/uploads/2025/07/csm_flowers-93737_960_720_07e2ca1376.jpg","datePublished":"2025-07-04T07:00:00+00:00","dateModified":"2025-08-18T06:43:00+00:00","description":"Barmherzigen Schwestern vom hl. Vinzenz von Paul aus Untermarchtal, Straßburg und Heppenheim feiern ihre kirchliche Fusion","breadcrumb":{"@id":"https://test-wuwei.de/orden/meldung/vinzentinerinnen-fusionieren/#breadcrumb"},"inLanguage":"de","potentialAction":[{"@type":"ReadAction","target":["https://test-wuwei.de/orden/meldung/vinzentinerinnen-fusionieren/"]}]},{"@type":"ImageObject","inLanguage":"de","@id":"https://test-wuwei.de/orden/meldung/vinzentinerinnen-fusionieren/#primaryimage","url":"https://test-wuwei.de/orden/wp-content/uploads/2025/07/csm_flowers-93737_960_720_07e2ca1376.jpg","contentUrl":"https://test-wuwei.de/orden/wp-content/uploads/2025/07/csm_flowers-93737_960_720_07e2ca1376.jpg","width":120,"height":120},{"@type":"BreadcrumbList","@id":"https://test-wuwei.de/orden/meldung/vinzentinerinnen-fusionieren/#breadcrumb","itemListElement":[{"@type":"ListItem","position":1,"name":"🏠︎","item":"https://test-wuwei.de/orden/"},{"@type":"ListItem","position":2,"name":"Vinzentinerinnen fusionieren"}]},{"@type":"WebSite","@id":"https://test-wuwei.de/orden/#website","url":"https://test-wuwei.de/orden/","name":"Ordensgemeinschaften in Deutschland","description":"Deutsche Ordensobernkonferenz","publisher":{"@id":"https://test-wuwei.de/orden/#organization"},"potentialAction":[{"@type":"SearchAction","target":{"@type":"EntryPoint","urlTemplate":"https://test-wuwei.de/orden/?s={search_term_string}"},"query-input":{"@type":"PropertyValueSpecification","valueRequired":true,"valueName":"search_term_string"}}],"inLanguage":"de"},{"@type":"Organization","@id":"https://test-wuwei.de/orden/#organization","name":"Ordensgemeinschaften in Deutschland","url":"https://test-wuwei.de/orden/","logo":{"@type":"ImageObject","inLanguage":"de","@id":"https://test-wuwei.de/orden/#/schema/logo/image/","url":"https://test-wuwei.de/orden/wp-content/uploads/2025/07/DOK_Logo_RGB_mit.jpg","contentUrl":"https://test-wuwei.de/orden/wp-content/uploads/2025/07/DOK_Logo_RGB_mit.jpg","width":2480,"height":1748,"caption":"Ordensgemeinschaften in Deutschland"},"image":{"@id":"https://test-wuwei.de/orden/#/schema/logo/image/"}}]}</script>
<!-- / Yoast SEO plugin. -->

Barmherzigen Schwestern vom hl. Vinzenz von Paul aus Untermarchtal, Straßburg und Heppenheim feiern ihre kirchliche Fusion
