{"version":"1.0","provider_name":"Ordensgemeinschaften in Deutschland","provider_url":"https:\/\/test-wuwei.de\/orden","author_name":"Simon Vogel","author_url":"https:\/\/test-wuwei.de\/orden\/author\/simonvogel\/","title":"Sch\u00f6pfungsthematik: 10 Jahre Laudato si\u00b4 und 800 Jahre Sonnengesang des hl. Franziskus &#8211; Ordensgemeinschaften in Deutschland","type":"rich","width":600,"height":338,"html":"<blockquote class=\"wp-embedded-content\" data-secret=\"27L87mCLZq\"><a href=\"https:\/\/test-wuwei.de\/orden\/aktuelles\/themen\/schoepfungsthematik\/\">Sch\u00f6pfungsthematik: 10 Jahre Laudato si\u00b4 und 800 Jahre Sonnengesang des hl. Franziskus<\/a><\/blockquote><iframe sandbox=\"allow-scripts\" security=\"restricted\" src=\"https:\/\/test-wuwei.de\/orden\/aktuelles\/themen\/schoepfungsthematik\/embed\/#?secret=27L87mCLZq\" width=\"600\" height=\"338\" title=\"&#8222;Sch\u00f6pfungsthematik: 10 Jahre Laudato si\u00b4 und 800 Jahre Sonnengesang des hl. Franziskus&#8220; &#8211; Ordensgemeinschaften in Deutschland\" data-secret=\"27L87mCLZq\" frameborder=\"0\" marginwidth=\"0\" marginheight=\"0\" scrolling=\"no\" class=\"wp-embedded-content\"><\/iframe><script>\n\/*! This file is auto-generated *\/\n!function(d,l){\"use strict\";l.querySelector&&d.addEventListener&&\"undefined\"!=typeof URL&&(d.wp=d.wp||{},d.wp.receiveEmbedMessage||(d.wp.receiveEmbedMessage=function(e){var t=e.data;if((t||t.secret||t.message||t.value)&&!\/[^a-zA-Z0-9]\/.test(t.secret)){for(var s,r,n,a=l.querySelectorAll('iframe[data-secret=\"'+t.secret+'\"]'),o=l.querySelectorAll('blockquote[data-secret=\"'+t.secret+'\"]'),c=new RegExp(\"^https?:$\",\"i\"),i=0;i<o.length;i++)o[i].style.display=\"none\";for(i=0;i<a.length;i++)s=a[i],e.source===s.contentWindow&&(s.removeAttribute(\"style\"),\"height\"===t.message?(1e3<(r=parseInt(t.value,10))?r=1e3:~~r<200&&(r=200),s.height=r):\"link\"===t.message&&(r=new URL(s.getAttribute(\"src\")),n=new URL(t.value),c.test(n.protocol))&&n.host===r.host&&l.activeElement===s&&(d.top.location.href=t.value))}},d.addEventListener(\"message\",d.wp.receiveEmbedMessage,!1),l.addEventListener(\"DOMContentLoaded\",function(){for(var e,t,s=l.querySelectorAll(\"iframe.wp-embedded-content\"),r=0;r<s.length;r++)(t=(e=s[r]).getAttribute(\"data-secret\"))||(t=Math.random().toString(36).substring(2,12),e.src+=\"#?secret=\"+t,e.setAttribute(\"data-secret\",t)),e.contentWindow.postMessage({message:\"ready\",secret:t},\"*\")},!1)))}(window,document);\n\/\/# sourceURL=https:\/\/test-wuwei.de\/orden\/wp-includes\/js\/wp-embed.min.js\n<\/script>\n","thumbnail_url":"https:\/\/test-wuwei.de\/orden\/wp-content\/uploads\/2025\/09\/csm_plants-4963049_1920_0d588892ce.jpg","thumbnail_width":870,"thumbnail_height":324,"description":"Im Jahr 2025 j\u00e4hren sich zwei bedeutende Ereignisse: Die Enzyklika&nbsp;Laudato si\u2019, die zum Verm\u00e4chtnis von Papst Franziskus geh\u00f6rt, begeht ihr zehnj\u00e4hriges Bestehen, und der&nbsp;Sonnengesang&nbsp;des heiligen Franziskus feiert seinen 800. Jahrestag. Beide Texte haben Menschen immer wieder dazu angeregt, \u00fcber das Verh\u00e4ltnis des Menschen zur Sch\u00f6pfung sowie \u00fcber die daraus erwachsende Verantwortung nachzudenken. Ihre zentralen Botschaften ... weiterlesen"}

Schöpfungsthematik: 10 Jahre Laudato si´ und 800 Jahre Sonnengesang des hl. Franziskus &#8211; Ordensgemeinschaften in Deutschland

<blockquote class="wp-embedded-content" data-secret="27L87mCLZq"><a href="https://test-wuwei.de/orden/aktuelles/themen/schoepfungsthematik/">Schöpfungsthematik: 10 Jahre Laudato si´ und 800 Jahre Sonnengesang des hl. Franziskus</a></blockquote><iframe sandbox="allow-scripts" security="restricted" src="https://test-wuwei.de/orden/aktuelles/themen/schoepfungsthematik/embed/#?secret=27L87mCLZq" width="600" height="338" title="&#8222;Schöpfungsthematik: 10 Jahre Laudato si´ und 800 Jahre Sonnengesang des hl. Franziskus&#8220; &#8211; Ordensgemeinschaften in Deutschland" data-secret="27L87mCLZq" frameborder="0" marginwidth="0" marginheight="0" scrolling="no" class="wp-embedded-content"></iframe><script>
/*! This file is auto-generated */
!function(d,l){"use strict";l.querySelector&&d.addEventListener&&"undefined"!=typeof URL&&(d.wp=d.wp||{},d.wp.receiveEmbedMessage||(d.wp.receiveEmbedMessage=function(e){var t=e.data;if((t||t.secret||t.message||t.value)&&!/[^a-zA-Z0-9]/.test(t.secret)){for(var s,r,n,a=l.querySelectorAll('iframe[data-secret="'+t.secret+'"]'),o=l.querySelectorAll('blockquote[data-secret="'+t.secret+'"]'),c=new RegExp("^https?:$","i"),i=0;i<o.length;i++)o[i].style.display="none";for(i=0;i<a.length;i++)s=a[i],e.source===s.contentWindow&&(s.removeAttribute("style"),"height"===t.message?(1e3<(r=parseInt(t.value,10))?r=1e3:~~r<200&&(r=200),s.height=r):"link"===t.message&&(r=new URL(s.getAttribute("src")),n=new URL(t.value),c.test(n.protocol))&&n.host===r.host&&l.activeElement===s&&(d.top.location.href=t.value))}},d.addEventListener("message",d.wp.receiveEmbedMessage,!1),l.addEventListener("DOMContentLoaded",function(){for(var e,t,s=l.querySelectorAll("iframe.wp-embedded-content"),r=0;r<s.length;r++)(t=(e=s[r]).getAttribute("data-secret"))||(t=Math.random().toString(36).substring(2,12),e.src+="#?secret="+t,e.setAttribute("data-secret",t)),e.contentWindow.postMessage({message:"ready",secret:t},"*")},!1)))}(window,document);
//# sourceURL=https://test-wuwei.de/orden/wp-includes/js/wp-embed.min.js
</script>

Im Jahr 2025 jähren sich zwei bedeutende Ereignisse: Die Enzyklika&nbsp;Laudato si’, die zum Vermächtnis von Papst Franziskus gehört, begeht ihr zehnjähriges Bestehen, und der&nbsp;Sonnengesang&nbsp;des heiligen Franziskus feiert seinen 800. Jahrestag. Beide Texte haben Menschen immer wieder dazu angeregt, über das Verhältnis des Menschen zur Schöpfung sowie über die daraus erwachsende Verantwortung nachzudenken. Ihre zentralen Botschaften ... weiterlesen
