{"id":186,"date":"2026-01-22T12:07:51","date_gmt":"2026-01-22T11:07:51","guid":{"rendered":"https:\/\/test-wuwei.de\/orden-ruach\/?post_type=veranstaltung&#038;p=186"},"modified":"2026-01-23T15:15:02","modified_gmt":"2026-01-23T14:15:02","slug":"unsere-gruenderinnen-und-gruender-stephan-harding","status":"publish","type":"veranstaltung","link":"https:\/\/test-wuwei.de\/orden-ruach\/veranstaltung\/unsere-gruenderinnen-und-gruender-stephan-harding\/","title":{"rendered":"Unsere Gr\u00fcnderinnen und Gr\u00fcnder II"},"content":{"rendered":"\n<h2 class=\"gb-text\">Wer ist eigentlich: Stephan Harding?<\/h2>\n\n\n\n<a class=\"gb-text button-standard\" href=\"https:\/\/test-wuwei.de\/orden-ruach\/ninja-forms\/7nlwh\">Anmeldung<\/a>\n\n\n\n<p>Das 2. Vatikanische Konzil hat den Ordensleuten die \u201est\u00e4ndige R\u00fcckkehr zu den Quellen jedes christlichen Lebens und zum Geist des Ursprungs der einzelnen Institute\u201c (PC 2) ans Herz gelegt. Seitdem ist das jeweilige Gr\u00fcndungscharisma wieder mehr in den Blick ger\u00fcckt: Quellenschriften wurden erforscht, \u00fcbersetzt und interpretiert, Gr\u00fcnderinnen und Gr\u00fcnder wurden Teil einer intensiven Besch\u00e4ftigung in Orden und Kongregationen.<\/p>\n\n\n\n<p>Unser neues Format \u201eUnsere Gr\u00fcnderinnen und Gr\u00fcnder\u201c nimmt in Videokonferenzen wichtige Gestalten des Ordenslebens in den Blick: Wer waren sie? Was war ihr Anliegen? Was haben sie uns heute zu sagen? Nach einem knapp einst\u00fcndigen Referat ist jeweils ein kurzer Austausch vorgesehen.<\/p>\n\n\n\n<h3 class=\"wp-block-heading\">Wer ist eigentlich: Stephan Harding?<\/h3>\n\n\n\n<p>Der hl. Bernhard von Clairvaux ist auch heute noch bekannt. Er gr\u00fcndete das Kloster in Clairvaux, das zum Vorbild f\u00fcr viele weitere Zisterzienserkl\u00f6ster wurde. Als \u201eorganisatorischer Kopf\u201c der Zisterzienser gilt aber der englische M\u00f6nch Stephan Harding (ca. 1060-1134). Die von ihm verfasste \u201eCarta Caritatis\u201c gilt als die eigentliche Ordensgr\u00fcndung 1119. Dieses bahnbrechende Regelwerk bef\u00f6rderte die rasante Ausbreitung des Ordens in ganz Europa.<\/p>\n\n\n\n<div class=\"gb-element-e92b2876\">\n<div class=\"gb-element-bdf0945f\">\n<h3 class=\"gb-text\">Termin und Ort<\/h3>\n\n\n\n<p><strong>Termin: <\/strong>Donnerstag, 11.06.2026, 19:30 Uhr bis 20:45 Uhr<br><strong>Veranstaltungsort:<\/strong> Online<\/p>\n\n\n\n<hr class=\"wp-block-separator has-text-color has-base-2-color has-alpha-channel-opacity has-base-2-background-color has-background is-style-wide\"\/>\n\n\n\n<h3 class=\"gb-text\">Kurskosten<\/h3>\n\n\n\n<p>Die Teilnahme ist kostenlos, eine Anmeldung ist jedoch erforderlich, um die Zugangsdaten zu erhalten.<\/p>\n\n\n\n<hr class=\"wp-block-separator has-text-color has-base-2-color has-alpha-channel-opacity has-base-2-background-color has-background is-style-wide\"\/>\n\n\n\n<h3 class=\"gb-text\">Anmeldung<\/h3>\n\n\n\n<p>Es kann die gesamte Reihe oder auch nur eine Veranstaltung gebucht werden.<\/p>\n\n\n\n<p><strong>Anmeldeschluss:<\/strong> 11.06.2026<\/p>\n\n\n\n<a class=\"gb-text button-standard gb-text-2078b8a8\" href=\"https:\/\/test-wuwei.de\/orden-ruach\/ninja-forms\/7nlwh\">Anmeldung<\/a>\n<\/div>\n<\/div>\n\n\n\n<h3 class=\"gb-text gb-text-36233391\">Referent\/innen<\/h3>\n\n\n\n<div class=\"gb-element-1c522a22\">\n<div>\n<div><div >\n<div class=\"gb-loop-item post-184 mensch type-mensch status-publish has-post-thumbnail hentry no-featured-image-padding\">\n<img loading=\"lazy\" decoding=\"async\" width=\"181\" height=\"200\" data-media-id=\"183\" class=\"gb-media-c3cb7ca4\" alt=\"\" src=\"https:\/\/test-wuwei.de\/orden-ruach\/wp-content\/uploads\/2026\/01\/P.-Dr.-Johannes-Mueller-OCist.jpg\"\/>\n\n\n\n<p class=\"gb-text gb-text-73d0e81e\">P. Dr. Johannes M\u00fcller OCist<\/p>\n\n\n\n<p class=\"gb-text\">Priester seit 1992, Zisterzienser seit 1993 in Langwaden, 2001 Doktorat in monastischer Theologie an S. Anselmo in Rom, 2001 bis zur Aufl\u00f6sung 2017 in Himmerod, zuletzt als Abt. Seitdem in der Oberlausitz mit Diensten in den Frauenkl\u00f6stern Marienstern und Marienthal und im Bistum Dresden-Mei\u00dfen.<\/p>\n<\/div>\n<\/div><\/div>\n<\/div>\n\n\n\n<div><\/div>\n\n\n\n<div><\/div>\n\n\n\n<div><\/div>\n<\/div>\n","protected":false},"featured_media":0,"template":"","meta":{"_acf_changed":true},"class_list":["post-186","veranstaltung","type-veranstaltung","status-publish","hentry","no-featured-image-padding"],"acf":[],"mb":[],"yoast_head":"<!-- This site is optimized with the Yoast SEO plugin v27.4 - https:\/\/yoast.com\/product\/yoast-seo-wordpress\/ -->\n<title>Unsere Gr\u00fcnderinnen und Gr\u00fcnder II - RUACH<\/title>\n<meta name=\"robots\" content=\"noindex, follow, max-snippet:-1, max-image-preview:large, max-video-preview:-1\" \/>\n<meta property=\"og:locale\" content=\"de_DE\" \/>\n<meta property=\"og:type\" content=\"article\" \/>\n<meta property=\"og:title\" content=\"Unsere Gr\u00fcnderinnen und Gr\u00fcnder II - RUACH\" \/>\n<meta property=\"og:description\" content=\"Wer ist eigentlich: Stephan Harding? Anmeldung Das 2. Vatikanische Konzil hat den Ordensleuten die \u201est\u00e4ndige R\u00fcckkehr zu den Quellen jedes christlichen Lebens und zum Geist des Ursprungs der einzelnen Institute\u201c (PC 2) ans Herz gelegt. Seitdem ist das jeweilige Gr\u00fcndungscharisma wieder mehr in den Blick ger\u00fcckt: Quellenschriften wurden erforscht, \u00fcbersetzt und interpretiert, Gr\u00fcnderinnen und Gr\u00fcnder ... weiterlesen\" \/>\n<meta property=\"og:url\" content=\"https:\/\/test-wuwei.de\/orden-ruach\/veranstaltung\/unsere-gruenderinnen-und-gruender-stephan-harding\/\" \/>\n<meta property=\"og:site_name\" content=\"RUACH\" \/>\n<meta property=\"article:modified_time\" content=\"2026-01-23T14:15:02+00:00\" \/>\n<meta name=\"twitter:card\" content=\"summary_large_image\" \/>\n<meta name=\"twitter:label1\" content=\"Gesch\u00e4tzte Lesezeit\" \/>\n\t<meta name=\"twitter:data1\" content=\"2\u00a0Minuten\" \/>\n<script type=\"application\/ld+json\" class=\"yoast-schema-graph\">{\"@context\":\"https:\\\/\\\/schema.org\",\"@graph\":[{\"@type\":\"WebPage\",\"@id\":\"https:\\\/\\\/test-wuwei.de\\\/orden-ruach\\\/veranstaltung\\\/unsere-gruenderinnen-und-gruender-stephan-harding\\\/\",\"url\":\"https:\\\/\\\/test-wuwei.de\\\/orden-ruach\\\/veranstaltung\\\/unsere-gruenderinnen-und-gruender-stephan-harding\\\/\",\"name\":\"Unsere Gr\u00fcnderinnen und Gr\u00fcnder II - RUACH\",\"isPartOf\":{\"@id\":\"https:\\\/\\\/test-wuwei.de\\\/orden-ruach\\\/#website\"},\"datePublished\":\"2026-01-22T11:07:51+00:00\",\"dateModified\":\"2026-01-23T14:15:02+00:00\",\"breadcrumb\":{\"@id\":\"https:\\\/\\\/test-wuwei.de\\\/orden-ruach\\\/veranstaltung\\\/unsere-gruenderinnen-und-gruender-stephan-harding\\\/#breadcrumb\"},\"inLanguage\":\"de\",\"potentialAction\":[{\"@type\":\"ReadAction\",\"target\":[\"https:\\\/\\\/test-wuwei.de\\\/orden-ruach\\\/veranstaltung\\\/unsere-gruenderinnen-und-gruender-stephan-harding\\\/\"]}]},{\"@type\":\"BreadcrumbList\",\"@id\":\"https:\\\/\\\/test-wuwei.de\\\/orden-ruach\\\/veranstaltung\\\/unsere-gruenderinnen-und-gruender-stephan-harding\\\/#breadcrumb\",\"itemListElement\":[{\"@type\":\"ListItem\",\"position\":1,\"name\":\"\ud83c\udfe0\ufe0e\",\"item\":\"https:\\\/\\\/test-wuwei.de\\\/orden-ruach\\\/\"},{\"@type\":\"ListItem\",\"position\":2,\"name\":\"Unsere Gr\u00fcnderinnen und Gr\u00fcnder II\"}]},{\"@type\":\"WebSite\",\"@id\":\"https:\\\/\\\/test-wuwei.de\\\/orden-ruach\\\/#website\",\"url\":\"https:\\\/\\\/test-wuwei.de\\\/orden-ruach\\\/\",\"name\":\"RUACH\",\"description\":\"Ordensgemeinschaften in Deutschland\",\"publisher\":{\"@id\":\"https:\\\/\\\/test-wuwei.de\\\/orden-ruach\\\/#organization\"},\"potentialAction\":[{\"@type\":\"SearchAction\",\"target\":{\"@type\":\"EntryPoint\",\"urlTemplate\":\"https:\\\/\\\/test-wuwei.de\\\/orden-ruach\\\/?s={search_term_string}\"},\"query-input\":{\"@type\":\"PropertyValueSpecification\",\"valueRequired\":true,\"valueName\":\"search_term_string\"}}],\"inLanguage\":\"de\"},{\"@type\":\"Organization\",\"@id\":\"https:\\\/\\\/test-wuwei.de\\\/orden-ruach\\\/#organization\",\"name\":\"RUACH\",\"url\":\"https:\\\/\\\/test-wuwei.de\\\/orden-ruach\\\/\",\"logo\":{\"@type\":\"ImageObject\",\"inLanguage\":\"de\",\"@id\":\"https:\\\/\\\/test-wuwei.de\\\/orden-ruach\\\/#\\\/schema\\\/logo\\\/image\\\/\",\"url\":\"https:\\\/\\\/test-wuwei.de\\\/orden-ruach\\\/wp-content\\\/uploads\\\/2025\\\/12\\\/RUACH_Logo.png\",\"contentUrl\":\"https:\\\/\\\/test-wuwei.de\\\/orden-ruach\\\/wp-content\\\/uploads\\\/2025\\\/12\\\/RUACH_Logo.png\",\"width\":1161,\"height\":868,\"caption\":\"RUACH\"},\"image\":{\"@id\":\"https:\\\/\\\/test-wuwei.de\\\/orden-ruach\\\/#\\\/schema\\\/logo\\\/image\\\/\"}}]}<\/script>\n<!-- \/ Yoast SEO plugin. -->","yoast_head_json":{"title":"Unsere Gr\u00fcnderinnen und Gr\u00fcnder II - RUACH","robots":{"index":"noindex","follow":"follow","max-snippet":"max-snippet:-1","max-image-preview":"max-image-preview:large","max-video-preview":"max-video-preview:-1"},"og_locale":"de_DE","og_type":"article","og_title":"Unsere Gr\u00fcnderinnen und Gr\u00fcnder II - RUACH","og_description":"Wer ist eigentlich: Stephan Harding? Anmeldung Das 2. Vatikanische Konzil hat den Ordensleuten die \u201est\u00e4ndige R\u00fcckkehr zu den Quellen jedes christlichen Lebens und zum Geist des Ursprungs der einzelnen Institute\u201c (PC 2) ans Herz gelegt. Seitdem ist das jeweilige Gr\u00fcndungscharisma wieder mehr in den Blick ger\u00fcckt: Quellenschriften wurden erforscht, \u00fcbersetzt und interpretiert, Gr\u00fcnderinnen und Gr\u00fcnder ... weiterlesen","og_url":"https:\/\/test-wuwei.de\/orden-ruach\/veranstaltung\/unsere-gruenderinnen-und-gruender-stephan-harding\/","og_site_name":"RUACH","article_modified_time":"2026-01-23T14:15:02+00:00","twitter_card":"summary_large_image","twitter_misc":{"Gesch\u00e4tzte Lesezeit":"2\u00a0Minuten"},"schema":{"@context":"https:\/\/schema.org","@graph":[{"@type":"WebPage","@id":"https:\/\/test-wuwei.de\/orden-ruach\/veranstaltung\/unsere-gruenderinnen-und-gruender-stephan-harding\/","url":"https:\/\/test-wuwei.de\/orden-ruach\/veranstaltung\/unsere-gruenderinnen-und-gruender-stephan-harding\/","name":"Unsere Gr\u00fcnderinnen und Gr\u00fcnder II - RUACH","isPartOf":{"@id":"https:\/\/test-wuwei.de\/orden-ruach\/#website"},"datePublished":"2026-01-22T11:07:51+00:00","dateModified":"2026-01-23T14:15:02+00:00","breadcrumb":{"@id":"https:\/\/test-wuwei.de\/orden-ruach\/veranstaltung\/unsere-gruenderinnen-und-gruender-stephan-harding\/#breadcrumb"},"inLanguage":"de","potentialAction":[{"@type":"ReadAction","target":["https:\/\/test-wuwei.de\/orden-ruach\/veranstaltung\/unsere-gruenderinnen-und-gruender-stephan-harding\/"]}]},{"@type":"BreadcrumbList","@id":"https:\/\/test-wuwei.de\/orden-ruach\/veranstaltung\/unsere-gruenderinnen-und-gruender-stephan-harding\/#breadcrumb","itemListElement":[{"@type":"ListItem","position":1,"name":"\ud83c\udfe0\ufe0e","item":"https:\/\/test-wuwei.de\/orden-ruach\/"},{"@type":"ListItem","position":2,"name":"Unsere Gr\u00fcnderinnen und Gr\u00fcnder II"}]},{"@type":"WebSite","@id":"https:\/\/test-wuwei.de\/orden-ruach\/#website","url":"https:\/\/test-wuwei.de\/orden-ruach\/","name":"RUACH","description":"Ordensgemeinschaften in Deutschland","publisher":{"@id":"https:\/\/test-wuwei.de\/orden-ruach\/#organization"},"potentialAction":[{"@type":"SearchAction","target":{"@type":"EntryPoint","urlTemplate":"https:\/\/test-wuwei.de\/orden-ruach\/?s={search_term_string}"},"query-input":{"@type":"PropertyValueSpecification","valueRequired":true,"valueName":"search_term_string"}}],"inLanguage":"de"},{"@type":"Organization","@id":"https:\/\/test-wuwei.de\/orden-ruach\/#organization","name":"RUACH","url":"https:\/\/test-wuwei.de\/orden-ruach\/","logo":{"@type":"ImageObject","inLanguage":"de","@id":"https:\/\/test-wuwei.de\/orden-ruach\/#\/schema\/logo\/image\/","url":"https:\/\/test-wuwei.de\/orden-ruach\/wp-content\/uploads\/2025\/12\/RUACH_Logo.png","contentUrl":"https:\/\/test-wuwei.de\/orden-ruach\/wp-content\/uploads\/2025\/12\/RUACH_Logo.png","width":1161,"height":868,"caption":"RUACH"},"image":{"@id":"https:\/\/test-wuwei.de\/orden-ruach\/#\/schema\/logo\/image\/"}}]}},"mfb_rest_fields":["title","yoast_head","yoast_head_json"],"_links":{"self":[{"href":"https:\/\/test-wuwei.de\/orden-ruach\/wp-json\/wp\/v2\/veranstaltung\/186","targetHints":{"allow":["GET"]}}],"collection":[{"href":"https:\/\/test-wuwei.de\/orden-ruach\/wp-json\/wp\/v2\/veranstaltung"}],"about":[{"href":"https:\/\/test-wuwei.de\/orden-ruach\/wp-json\/wp\/v2\/types\/veranstaltung"}],"wp:attachment":[{"href":"https:\/\/test-wuwei.de\/orden-ruach\/wp-json\/wp\/v2\/media?parent=186"}],"curies":[{"name":"wp","href":"https:\/\/api.w.org\/{rel}","templated":true}]}}

Unsere Gründerinnen und Gründer II

<h2 class="gb-text">Wer ist eigentlich: Stephan Harding?</h2>



<a class="gb-text button-standard" href="https://test-wuwei.de/orden-ruach/ninja-forms/7nlwh">Anmeldung</a>



<p>Das 2. Vatikanische Konzil hat den Ordensleuten die „ständige Rückkehr zu den Quellen jedes christlichen Lebens und zum Geist des Ursprungs der einzelnen Institute“ (PC 2) ans Herz gelegt. Seitdem ist das jeweilige Gründungscharisma wieder mehr in den Blick gerückt: Quellenschriften wurden erforscht, übersetzt und interpretiert, Gründerinnen und Gründer wurden Teil einer intensiven Beschäftigung in Orden und Kongregationen.</p>



<p>Unser neues Format „Unsere Gründerinnen und Gründer“ nimmt in Videokonferenzen wichtige Gestalten des Ordenslebens in den Blick: Wer waren sie? Was war ihr Anliegen? Was haben sie uns heute zu sagen? Nach einem knapp einstündigen Referat ist jeweils ein kurzer Austausch vorgesehen.</p>



<h3 class="wp-block-heading">Wer ist eigentlich: Stephan Harding?</h3>



<p>Der hl. Bernhard von Clairvaux ist auch heute noch bekannt. Er gründete das Kloster in Clairvaux, das zum Vorbild für viele weitere Zisterzienserklöster wurde. Als „organisatorischer Kopf“ der Zisterzienser gilt aber der englische Mönch Stephan Harding (ca. 1060-1134). Die von ihm verfasste „Carta Caritatis“ gilt als die eigentliche Ordensgründung 1119. Dieses bahnbrechende Regelwerk beförderte die rasante Ausbreitung des Ordens in ganz Europa.</p>



<div class="gb-element-e92b2876">
<div class="gb-element-bdf0945f">
<h3 class="gb-text">Termin und Ort</h3>



<p><strong>Termin: </strong>Donnerstag, 11.06.2026, 19:30 Uhr bis 20:45 Uhr<br><strong>Veranstaltungsort:</strong> Online</p>



<hr class="wp-block-separator has-text-color has-base-2-color has-alpha-channel-opacity has-base-2-background-color has-background is-style-wide"/>



<h3 class="gb-text">Kurskosten</h3>



<p>Die Teilnahme ist kostenlos, eine Anmeldung ist jedoch erforderlich, um die Zugangsdaten zu erhalten.</p>



<hr class="wp-block-separator has-text-color has-base-2-color has-alpha-channel-opacity has-base-2-background-color has-background is-style-wide"/>



<h3 class="gb-text">Anmeldung</h3>



<p>Es kann die gesamte Reihe oder auch nur eine Veranstaltung gebucht werden.</p>



<p><strong>Anmeldeschluss:</strong> 11.06.2026</p>



<a class="gb-text button-standard gb-text-2078b8a8" href="https://test-wuwei.de/orden-ruach/ninja-forms/7nlwh">Anmeldung</a>
</div>
</div>



<h3 class="gb-text gb-text-36233391">Referent/innen</h3>



<div class="gb-element-1c522a22">
<div>
<div><div >
<div class="gb-loop-item post-184 mensch type-mensch status-publish has-post-thumbnail hentry no-featured-image-padding">
<img loading="lazy" decoding="async" width="181" height="200" data-media-id="183" class="gb-media-c3cb7ca4" alt="" src="https://test-wuwei.de/orden-ruach/wp-content/uploads/2026/01/P.-Dr.-Johannes-Mueller-OCist.jpg"/>



<p class="gb-text gb-text-73d0e81e">P. Dr. Johannes Müller OCist</p>



<p class="gb-text">Priester seit 1992, Zisterzienser seit 1993 in Langwaden, 2001 Doktorat in monastischer Theologie an S. Anselmo in Rom, 2001 bis zur Auflösung 2017 in Himmerod, zuletzt als Abt. Seitdem in der Oberlausitz mit Diensten in den Frauenklöstern Marienstern und Marienthal und im Bistum Dresden-Meißen.</p>
</div>
</div></div>
</div>



<div></div>



<div></div>



<div></div>
</div>

<!-- This site is optimized with the Yoast SEO plugin v27.4 - https://yoast.com/product/yoast-seo-wordpress/ -->
<title>Unsere Gründerinnen und Gründer II - RUACH</title>
<meta name="robots" content="noindex, follow, max-snippet:-1, max-image-preview:large, max-video-preview:-1" />
<meta property="og:locale" content="de_DE" />
<meta property="og:type" content="article" />
<meta property="og:title" content="Unsere Gründerinnen und Gründer II - RUACH" />
<meta property="og:description" content="Wer ist eigentlich: Stephan Harding? Anmeldung Das 2. Vatikanische Konzil hat den Ordensleuten die „ständige Rückkehr zu den Quellen jedes christlichen Lebens und zum Geist des Ursprungs der einzelnen Institute“ (PC 2) ans Herz gelegt. Seitdem ist das jeweilige Gründungscharisma wieder mehr in den Blick gerückt: Quellenschriften wurden erforscht, übersetzt und interpretiert, Gründerinnen und Gründer ... weiterlesen" />
<meta property="og:url" content="https://test-wuwei.de/orden-ruach/veranstaltung/unsere-gruenderinnen-und-gruender-stephan-harding/" />
<meta property="og:site_name" content="RUACH" />
<meta property="article:modified_time" content="2026-01-23T14:15:02+00:00" />
<meta name="twitter:card" content="summary_large_image" />
<meta name="twitter:label1" content="Geschätzte Lesezeit" />
	<meta name="twitter:data1" content="2 Minuten" />
<script type="application/ld+json" class="yoast-schema-graph">{"@context":"https:\/\/schema.org","@graph":[{"@type":"WebPage","@id":"https:\/\/test-wuwei.de\/orden-ruach\/veranstaltung\/unsere-gruenderinnen-und-gruender-stephan-harding\/","url":"https:\/\/test-wuwei.de\/orden-ruach\/veranstaltung\/unsere-gruenderinnen-und-gruender-stephan-harding\/","name":"Unsere Gründerinnen und Gründer II - RUACH","isPartOf":{"@id":"https:\/\/test-wuwei.de\/orden-ruach\/#website"},"datePublished":"2026-01-22T11:07:51+00:00","dateModified":"2026-01-23T14:15:02+00:00","breadcrumb":{"@id":"https:\/\/test-wuwei.de\/orden-ruach\/veranstaltung\/unsere-gruenderinnen-und-gruender-stephan-harding\/#breadcrumb"},"inLanguage":"de","potentialAction":[{"@type":"ReadAction","target":["https:\/\/test-wuwei.de\/orden-ruach\/veranstaltung\/unsere-gruenderinnen-und-gruender-stephan-harding\/"]}]},{"@type":"BreadcrumbList","@id":"https:\/\/test-wuwei.de\/orden-ruach\/veranstaltung\/unsere-gruenderinnen-und-gruender-stephan-harding\/#breadcrumb","itemListElement":[{"@type":"ListItem","position":1,"name":"🏠︎","item":"https:\/\/test-wuwei.de\/orden-ruach\/"},{"@type":"ListItem","position":2,"name":"Unsere Gründerinnen und Gründer II"}]},{"@type":"WebSite","@id":"https:\/\/test-wuwei.de\/orden-ruach\/#website","url":"https:\/\/test-wuwei.de\/orden-ruach\/","name":"RUACH","description":"Ordensgemeinschaften in Deutschland","publisher":{"@id":"https:\/\/test-wuwei.de\/orden-ruach\/#organization"},"potentialAction":[{"@type":"SearchAction","target":{"@type":"EntryPoint","urlTemplate":"https:\/\/test-wuwei.de\/orden-ruach\/?s={search_term_string}"},"query-input":{"@type":"PropertyValueSpecification","valueRequired":true,"valueName":"search_term_string"}}],"inLanguage":"de"},{"@type":"Organization","@id":"https:\/\/test-wuwei.de\/orden-ruach\/#organization","name":"RUACH","url":"https:\/\/test-wuwei.de\/orden-ruach\/","logo":{"@type":"ImageObject","inLanguage":"de","@id":"https:\/\/test-wuwei.de\/orden-ruach\/#\/schema\/logo\/image\/","url":"https:\/\/test-wuwei.de\/orden-ruach\/wp-content\/uploads\/2025\/12\/RUACH_Logo.png","contentUrl":"https:\/\/test-wuwei.de\/orden-ruach\/wp-content\/uploads\/2025\/12\/RUACH_Logo.png","width":1161,"height":868,"caption":"RUACH"},"image":{"@id":"https:\/\/test-wuwei.de\/orden-ruach\/#\/schema\/logo\/image\/"}}]}</script>
<!-- / Yoast SEO plugin. -->

Unsere Gründerinnen und Gründer II - RUACH

Wer ist eigentlich: Stephan Harding? Anmeldung Das 2. Vatikanische Konzil hat den Ordensleuten die „ständige Rückkehr zu den Quellen jedes christlichen Lebens und zum Geist des Ursprungs der einzelnen Institute“ (PC 2) ans Herz gelegt. Seitdem ist das jeweilige Gründungscharisma wieder mehr in den Blick gerückt: Quellenschriften wurden erforscht, übersetzt und interpretiert, Gründerinnen und Gründer ... weiterlesen
