{"id":149,"date":"2026-01-12T12:39:24","date_gmt":"2026-01-12T11:39:24","guid":{"rendered":"https:\/\/test-wuwei.de\/orden-ruach\/?post_type=veranstaltung&#038;p=149"},"modified":"2026-01-23T15:36:04","modified_gmt":"2026-01-23T14:36:04","slug":"konflikte-und-deren-bearbeitung-als-chance-entdecken","status":"publish","type":"veranstaltung","link":"https:\/\/test-wuwei.de\/orden-ruach\/veranstaltung\/konflikte-und-deren-bearbeitung-als-chance-entdecken\/","title":{"rendered":"KONFLIKTE und deren Bearbeitung als Chance entdecken"},"content":{"rendered":"\n<a class=\"gb-text button-standard\" href=\"https:\/\/test-wuwei.de\/orden-ruach\/ninja-forms\/14r9ac\">Anmeldung<\/a>\n\n\n\n<p>Kritische Gespr\u00e4che und Konflikte geh\u00f6ren zum Leitungs-Alltag.&nbsp;Bei dieser Fortbildung geht es nicht um Konflikttheorien, sondern um Methoden und Haltungen, diese produktiv anzugehen: Sie haben etwas zu kl\u00e4ren \u2013 Sie werden angegriffen \u2013 Sie sind gefordert, zwischen zwei Parteien zu vermitteln.&nbsp;Ziel ist dabei immer, gemeinsam den Weg zu entdecken, auf dem man einvernehmlich weiterarbeiten oder neue Entscheidungen treffen kann.&nbsp;Wir werden das an konkreten Situationen aus Ihren Arbeits- und Lebensbereichen trainieren.<\/p>\n\n\n\n<p>Der Kurs eignet sich als Erg\u00e4nzung zum Kurs \u201eNeu im Leitungsamt. Gleicherma\u00dfen k\u00f6nnen sich aber auch Oberinnen und Obere anmelden, die noch nicht an diesem Kurs teilgenommen haben.<\/p>\n\n\n\n<div class=\"gb-element-e92b2876\">\n<div class=\"gb-element-bdf0945f\">\n<h3 class=\"gb-text\">Zielgruppe<\/h3>\n\n\n\n<ul class=\"wp-block-list\">\n<li><\/li>\n<\/ul>\n\n\n\n<hr class=\"wp-block-separator has-text-color has-base-2-color has-alpha-channel-opacity has-base-2-background-color has-background is-style-wide\"\/>\n\n\n\n<h3 class=\"gb-text\">Termin und Ort<\/h3>\n\n\n\n<p><strong>Termin: <\/strong>Montag, 09.11.2026, 14:00 Uhr, bis Donnerstag, 12.11.2026, 13:00 Uhr<br><strong>Veranstaltungsort:<\/strong> Sch\u00f6nstattzentrum Marienh\u00f6he, Josef-Kentenich-Weg 1, 97074 W\u00fcrzburg<\/p>\n\n\n\n<hr class=\"wp-block-separator has-text-color has-base-2-color has-alpha-channel-opacity has-base-2-background-color has-background is-style-wide\"\/>\n\n\n\n<h3 class=\"gb-text\">Kurskosten<\/h3>\n\n\n\n<p>520 Euro pro Person (zuz\u00fcglich Kosten f\u00fcr Unterkunft und Verpflegung ca. 350 Euro, Zahlung vor Ort)<\/p>\n\n\n\n<hr class=\"wp-block-separator has-text-color has-base-2-color has-alpha-channel-opacity has-base-2-background-color has-background is-style-wide\"\/>\n\n\n\n<h3 class=\"gb-text\">Anmeldung<\/h3>\n\n\n\n<p><strong>Anmeldeschluss:<\/strong> 23.07.2026<\/p>\n\n\n\n<a class=\"gb-text button-standard gb-text-2078b8a8\" href=\"https:\/\/test-wuwei.de\/orden-ruach\/ninja-forms\/14r9ac\">Anmeldung<\/a>\n<\/div>\n<\/div>\n\n\n\n<h3 class=\"gb-text gb-text-36233391\">Trainerinnen<\/h3>\n\n\n\n<div class=\"gb-element-1c522a22\">\n<div>\n<div><div >\n<div class=\"gb-loop-item post-150 mensch type-mensch status-publish has-post-thumbnail hentry no-featured-image-padding\">\n<img loading=\"lazy\" decoding=\"async\" width=\"199\" height=\"200\" data-media-id=\"151\" class=\"gb-media-c3cb7ca4\" alt=\"Hana von Bentzel\" src=\"https:\/\/test-wuwei.de\/orden-ruach\/wp-content\/uploads\/2026\/01\/Hana-von-Bentzel.jpg\" srcset=\"https:\/\/test-wuwei.de\/orden-ruach\/wp-content\/uploads\/2026\/01\/Hana-von-Bentzel.jpg 199w, https:\/\/test-wuwei.de\/orden-ruach\/wp-content\/uploads\/2026\/01\/Hana-von-Bentzel-150x150.jpg 150w\" sizes=\"auto, (max-width: 199px) 100vw, 199px\" \/>\n\n\n\n<p class=\"gb-text gb-text-73d0e81e\">Hana von Bentzel<\/p>\n\n\n\n<p class=\"gb-text\">Trainerin und Ausbildnerin f\u00fcr Kommunikation in Arbeits- und privaten Kontexten, Heroldsbach<\/p>\n<\/div>\n<\/div><\/div>\n<\/div>\n\n\n\n<div>\n<div><div >\n<div class=\"gb-loop-item post-152 mensch type-mensch status-publish has-post-thumbnail hentry no-featured-image-padding\">\n<img loading=\"lazy\" decoding=\"async\" width=\"200\" height=\"200\" data-media-id=\"153\" class=\"gb-media-9fc7997c\" alt=\"Anne Kurlemann\" src=\"https:\/\/test-wuwei.de\/orden-ruach\/wp-content\/uploads\/2026\/01\/Anne-Kurlemann.jpg\" srcset=\"https:\/\/test-wuwei.de\/orden-ruach\/wp-content\/uploads\/2026\/01\/Anne-Kurlemann.jpg 200w, https:\/\/test-wuwei.de\/orden-ruach\/wp-content\/uploads\/2026\/01\/Anne-Kurlemann-150x150.jpg 150w\" sizes=\"auto, (max-width: 200px) 100vw, 200px\" \/>\n\n\n\n<p class=\"gb-text gb-text-fa606c20\">Anne Kurlemann<\/p>\n\n\n\n<p class=\"gb-text\">Trainerin f\u00fcr Gespr\u00e4chsf\u00fchrung, Supervisorin DGSv, Bamberg<\/p>\n<\/div>\n<\/div><\/div>\n<\/div>\n\n\n\n<div><\/div>\n\n\n\n<div><\/div>\n\n\n\n<div><\/div>\n<\/div>\n","protected":false},"featured_media":0,"template":"","meta":{"_acf_changed":true},"class_list":["post-149","veranstaltung","type-veranstaltung","status-publish","hentry","no-featured-image-padding"],"acf":[],"mb":[],"yoast_head":"<!-- This site is optimized with the Yoast SEO plugin v27.4 - https:\/\/yoast.com\/product\/yoast-seo-wordpress\/ -->\n<title>KONFLIKTE und deren Bearbeitung als Chance entdecken - RUACH<\/title>\n<meta name=\"robots\" content=\"noindex, follow, max-snippet:-1, max-image-preview:large, max-video-preview:-1\" \/>\n<meta property=\"og:locale\" content=\"de_DE\" \/>\n<meta property=\"og:type\" content=\"article\" \/>\n<meta property=\"og:title\" content=\"KONFLIKTE und deren Bearbeitung als Chance entdecken - RUACH\" \/>\n<meta property=\"og:description\" content=\"Anmeldung Kritische Gespr\u00e4che und Konflikte geh\u00f6ren zum Leitungs-Alltag.&nbsp;Bei dieser Fortbildung geht es nicht um Konflikttheorien, sondern um Methoden und Haltungen, diese produktiv anzugehen: Sie haben etwas zu kl\u00e4ren \u2013 Sie werden angegriffen \u2013 Sie sind gefordert, zwischen zwei Parteien zu vermitteln.&nbsp;Ziel ist dabei immer, gemeinsam den Weg zu entdecken, auf dem man einvernehmlich weiterarbeiten oder ... weiterlesen\" \/>\n<meta property=\"og:url\" content=\"https:\/\/test-wuwei.de\/orden-ruach\/veranstaltung\/konflikte-und-deren-bearbeitung-als-chance-entdecken\/\" \/>\n<meta property=\"og:site_name\" content=\"RUACH\" \/>\n<meta property=\"article:modified_time\" content=\"2026-01-23T14:36:04+00:00\" \/>\n<meta name=\"twitter:card\" content=\"summary_large_image\" \/>\n<meta name=\"twitter:label1\" content=\"Gesch\u00e4tzte Lesezeit\" \/>\n\t<meta name=\"twitter:data1\" content=\"2\u00a0Minuten\" \/>\n<script type=\"application\/ld+json\" class=\"yoast-schema-graph\">{\"@context\":\"https:\\\/\\\/schema.org\",\"@graph\":[{\"@type\":\"WebPage\",\"@id\":\"https:\\\/\\\/test-wuwei.de\\\/orden-ruach\\\/veranstaltung\\\/konflikte-und-deren-bearbeitung-als-chance-entdecken\\\/\",\"url\":\"https:\\\/\\\/test-wuwei.de\\\/orden-ruach\\\/veranstaltung\\\/konflikte-und-deren-bearbeitung-als-chance-entdecken\\\/\",\"name\":\"KONFLIKTE und deren Bearbeitung als Chance entdecken - RUACH\",\"isPartOf\":{\"@id\":\"https:\\\/\\\/test-wuwei.de\\\/orden-ruach\\\/#website\"},\"datePublished\":\"2026-01-12T11:39:24+00:00\",\"dateModified\":\"2026-01-23T14:36:04+00:00\",\"breadcrumb\":{\"@id\":\"https:\\\/\\\/test-wuwei.de\\\/orden-ruach\\\/veranstaltung\\\/konflikte-und-deren-bearbeitung-als-chance-entdecken\\\/#breadcrumb\"},\"inLanguage\":\"de\",\"potentialAction\":[{\"@type\":\"ReadAction\",\"target\":[\"https:\\\/\\\/test-wuwei.de\\\/orden-ruach\\\/veranstaltung\\\/konflikte-und-deren-bearbeitung-als-chance-entdecken\\\/\"]}]},{\"@type\":\"BreadcrumbList\",\"@id\":\"https:\\\/\\\/test-wuwei.de\\\/orden-ruach\\\/veranstaltung\\\/konflikte-und-deren-bearbeitung-als-chance-entdecken\\\/#breadcrumb\",\"itemListElement\":[{\"@type\":\"ListItem\",\"position\":1,\"name\":\"\ud83c\udfe0\ufe0e\",\"item\":\"https:\\\/\\\/test-wuwei.de\\\/orden-ruach\\\/\"},{\"@type\":\"ListItem\",\"position\":2,\"name\":\"KONFLIKTE und deren Bearbeitung als Chance entdecken\"}]},{\"@type\":\"WebSite\",\"@id\":\"https:\\\/\\\/test-wuwei.de\\\/orden-ruach\\\/#website\",\"url\":\"https:\\\/\\\/test-wuwei.de\\\/orden-ruach\\\/\",\"name\":\"RUACH\",\"description\":\"Ordensgemeinschaften in Deutschland\",\"publisher\":{\"@id\":\"https:\\\/\\\/test-wuwei.de\\\/orden-ruach\\\/#organization\"},\"potentialAction\":[{\"@type\":\"SearchAction\",\"target\":{\"@type\":\"EntryPoint\",\"urlTemplate\":\"https:\\\/\\\/test-wuwei.de\\\/orden-ruach\\\/?s={search_term_string}\"},\"query-input\":{\"@type\":\"PropertyValueSpecification\",\"valueRequired\":true,\"valueName\":\"search_term_string\"}}],\"inLanguage\":\"de\"},{\"@type\":\"Organization\",\"@id\":\"https:\\\/\\\/test-wuwei.de\\\/orden-ruach\\\/#organization\",\"name\":\"RUACH\",\"url\":\"https:\\\/\\\/test-wuwei.de\\\/orden-ruach\\\/\",\"logo\":{\"@type\":\"ImageObject\",\"inLanguage\":\"de\",\"@id\":\"https:\\\/\\\/test-wuwei.de\\\/orden-ruach\\\/#\\\/schema\\\/logo\\\/image\\\/\",\"url\":\"https:\\\/\\\/test-wuwei.de\\\/orden-ruach\\\/wp-content\\\/uploads\\\/2025\\\/12\\\/RUACH_Logo.png\",\"contentUrl\":\"https:\\\/\\\/test-wuwei.de\\\/orden-ruach\\\/wp-content\\\/uploads\\\/2025\\\/12\\\/RUACH_Logo.png\",\"width\":1161,\"height\":868,\"caption\":\"RUACH\"},\"image\":{\"@id\":\"https:\\\/\\\/test-wuwei.de\\\/orden-ruach\\\/#\\\/schema\\\/logo\\\/image\\\/\"}}]}<\/script>\n<!-- \/ Yoast SEO plugin. -->","yoast_head_json":{"title":"KONFLIKTE und deren Bearbeitung als Chance entdecken - RUACH","robots":{"index":"noindex","follow":"follow","max-snippet":"max-snippet:-1","max-image-preview":"max-image-preview:large","max-video-preview":"max-video-preview:-1"},"og_locale":"de_DE","og_type":"article","og_title":"KONFLIKTE und deren Bearbeitung als Chance entdecken - RUACH","og_description":"Anmeldung Kritische Gespr\u00e4che und Konflikte geh\u00f6ren zum Leitungs-Alltag.&nbsp;Bei dieser Fortbildung geht es nicht um Konflikttheorien, sondern um Methoden und Haltungen, diese produktiv anzugehen: Sie haben etwas zu kl\u00e4ren \u2013 Sie werden angegriffen \u2013 Sie sind gefordert, zwischen zwei Parteien zu vermitteln.&nbsp;Ziel ist dabei immer, gemeinsam den Weg zu entdecken, auf dem man einvernehmlich weiterarbeiten oder ... weiterlesen","og_url":"https:\/\/test-wuwei.de\/orden-ruach\/veranstaltung\/konflikte-und-deren-bearbeitung-als-chance-entdecken\/","og_site_name":"RUACH","article_modified_time":"2026-01-23T14:36:04+00:00","twitter_card":"summary_large_image","twitter_misc":{"Gesch\u00e4tzte Lesezeit":"2\u00a0Minuten"},"schema":{"@context":"https:\/\/schema.org","@graph":[{"@type":"WebPage","@id":"https:\/\/test-wuwei.de\/orden-ruach\/veranstaltung\/konflikte-und-deren-bearbeitung-als-chance-entdecken\/","url":"https:\/\/test-wuwei.de\/orden-ruach\/veranstaltung\/konflikte-und-deren-bearbeitung-als-chance-entdecken\/","name":"KONFLIKTE und deren Bearbeitung als Chance entdecken - RUACH","isPartOf":{"@id":"https:\/\/test-wuwei.de\/orden-ruach\/#website"},"datePublished":"2026-01-12T11:39:24+00:00","dateModified":"2026-01-23T14:36:04+00:00","breadcrumb":{"@id":"https:\/\/test-wuwei.de\/orden-ruach\/veranstaltung\/konflikte-und-deren-bearbeitung-als-chance-entdecken\/#breadcrumb"},"inLanguage":"de","potentialAction":[{"@type":"ReadAction","target":["https:\/\/test-wuwei.de\/orden-ruach\/veranstaltung\/konflikte-und-deren-bearbeitung-als-chance-entdecken\/"]}]},{"@type":"BreadcrumbList","@id":"https:\/\/test-wuwei.de\/orden-ruach\/veranstaltung\/konflikte-und-deren-bearbeitung-als-chance-entdecken\/#breadcrumb","itemListElement":[{"@type":"ListItem","position":1,"name":"\ud83c\udfe0\ufe0e","item":"https:\/\/test-wuwei.de\/orden-ruach\/"},{"@type":"ListItem","position":2,"name":"KONFLIKTE und deren Bearbeitung als Chance entdecken"}]},{"@type":"WebSite","@id":"https:\/\/test-wuwei.de\/orden-ruach\/#website","url":"https:\/\/test-wuwei.de\/orden-ruach\/","name":"RUACH","description":"Ordensgemeinschaften in Deutschland","publisher":{"@id":"https:\/\/test-wuwei.de\/orden-ruach\/#organization"},"potentialAction":[{"@type":"SearchAction","target":{"@type":"EntryPoint","urlTemplate":"https:\/\/test-wuwei.de\/orden-ruach\/?s={search_term_string}"},"query-input":{"@type":"PropertyValueSpecification","valueRequired":true,"valueName":"search_term_string"}}],"inLanguage":"de"},{"@type":"Organization","@id":"https:\/\/test-wuwei.de\/orden-ruach\/#organization","name":"RUACH","url":"https:\/\/test-wuwei.de\/orden-ruach\/","logo":{"@type":"ImageObject","inLanguage":"de","@id":"https:\/\/test-wuwei.de\/orden-ruach\/#\/schema\/logo\/image\/","url":"https:\/\/test-wuwei.de\/orden-ruach\/wp-content\/uploads\/2025\/12\/RUACH_Logo.png","contentUrl":"https:\/\/test-wuwei.de\/orden-ruach\/wp-content\/uploads\/2025\/12\/RUACH_Logo.png","width":1161,"height":868,"caption":"RUACH"},"image":{"@id":"https:\/\/test-wuwei.de\/orden-ruach\/#\/schema\/logo\/image\/"}}]}},"mfb_rest_fields":["title","yoast_head","yoast_head_json"],"_links":{"self":[{"href":"https:\/\/test-wuwei.de\/orden-ruach\/wp-json\/wp\/v2\/veranstaltung\/149","targetHints":{"allow":["GET"]}}],"collection":[{"href":"https:\/\/test-wuwei.de\/orden-ruach\/wp-json\/wp\/v2\/veranstaltung"}],"about":[{"href":"https:\/\/test-wuwei.de\/orden-ruach\/wp-json\/wp\/v2\/types\/veranstaltung"}],"wp:attachment":[{"href":"https:\/\/test-wuwei.de\/orden-ruach\/wp-json\/wp\/v2\/media?parent=149"}],"curies":[{"name":"wp","href":"https:\/\/api.w.org\/{rel}","templated":true}]}}

<a class="gb-text button-standard" href="https://test-wuwei.de/orden-ruach/ninja-forms/14r9ac">Anmeldung</a>



<p>Kritische Gespräche und Konflikte gehören zum Leitungs-Alltag.&nbsp;Bei dieser Fortbildung geht es nicht um Konflikttheorien, sondern um Methoden und Haltungen, diese produktiv anzugehen: Sie haben etwas zu klären – Sie werden angegriffen – Sie sind gefordert, zwischen zwei Parteien zu vermitteln.&nbsp;Ziel ist dabei immer, gemeinsam den Weg zu entdecken, auf dem man einvernehmlich weiterarbeiten oder neue Entscheidungen treffen kann.&nbsp;Wir werden das an konkreten Situationen aus Ihren Arbeits- und Lebensbereichen trainieren.</p>



<p>Der Kurs eignet sich als Ergänzung zum Kurs „Neu im Leitungsamt. Gleichermaßen können sich aber auch Oberinnen und Obere anmelden, die noch nicht an diesem Kurs teilgenommen haben.</p>



<div class="gb-element-e92b2876">
<div class="gb-element-bdf0945f">
<h3 class="gb-text">Zielgruppe</h3>



<ul class="wp-block-list">
<li></li>
</ul>



<hr class="wp-block-separator has-text-color has-base-2-color has-alpha-channel-opacity has-base-2-background-color has-background is-style-wide"/>



<h3 class="gb-text">Termin und Ort</h3>



<p><strong>Termin: </strong>Montag, 09.11.2026, 14:00 Uhr, bis Donnerstag, 12.11.2026, 13:00 Uhr<br><strong>Veranstaltungsort:</strong> Schönstattzentrum Marienhöhe, Josef-Kentenich-Weg 1, 97074 Würzburg</p>



<hr class="wp-block-separator has-text-color has-base-2-color has-alpha-channel-opacity has-base-2-background-color has-background is-style-wide"/>



<h3 class="gb-text">Kurskosten</h3>



<p>520 Euro pro Person (zuzüglich Kosten für Unterkunft und Verpflegung ca. 350 Euro, Zahlung vor Ort)</p>



<hr class="wp-block-separator has-text-color has-base-2-color has-alpha-channel-opacity has-base-2-background-color has-background is-style-wide"/>



<h3 class="gb-text">Anmeldung</h3>



<p><strong>Anmeldeschluss:</strong> 23.07.2026</p>



<a class="gb-text button-standard gb-text-2078b8a8" href="https://test-wuwei.de/orden-ruach/ninja-forms/14r9ac">Anmeldung</a>
</div>
</div>



<h3 class="gb-text gb-text-36233391">Trainerinnen</h3>



<div class="gb-element-1c522a22">
<div>
<div><div >
<div class="gb-loop-item post-150 mensch type-mensch status-publish has-post-thumbnail hentry no-featured-image-padding">
<img loading="lazy" decoding="async" width="199" height="200" data-media-id="151" class="gb-media-c3cb7ca4" alt="Hana von Bentzel" src="https://test-wuwei.de/orden-ruach/wp-content/uploads/2026/01/Hana-von-Bentzel.jpg" srcset="https://test-wuwei.de/orden-ruach/wp-content/uploads/2026/01/Hana-von-Bentzel.jpg 199w, https://test-wuwei.de/orden-ruach/wp-content/uploads/2026/01/Hana-von-Bentzel-150x150.jpg 150w" sizes="auto, (max-width: 199px) 100vw, 199px" />



<p class="gb-text gb-text-73d0e81e">Hana von Bentzel</p>



<p class="gb-text">Trainerin und Ausbildnerin für Kommunikation in Arbeits- und privaten Kontexten, Heroldsbach</p>
</div>
</div></div>
</div>



<div>
<div><div >
<div class="gb-loop-item post-152 mensch type-mensch status-publish has-post-thumbnail hentry no-featured-image-padding">
<img loading="lazy" decoding="async" width="200" height="200" data-media-id="153" class="gb-media-9fc7997c" alt="Anne Kurlemann" src="https://test-wuwei.de/orden-ruach/wp-content/uploads/2026/01/Anne-Kurlemann.jpg" srcset="https://test-wuwei.de/orden-ruach/wp-content/uploads/2026/01/Anne-Kurlemann.jpg 200w, https://test-wuwei.de/orden-ruach/wp-content/uploads/2026/01/Anne-Kurlemann-150x150.jpg 150w" sizes="auto, (max-width: 200px) 100vw, 200px" />



<p class="gb-text gb-text-fa606c20">Anne Kurlemann</p>



<p class="gb-text">Trainerin für Gesprächsführung, Supervisorin DGSv, Bamberg</p>
</div>
</div></div>
</div>



<div></div>



<div></div>



<div></div>
</div>

<!-- This site is optimized with the Yoast SEO plugin v27.4 - https://yoast.com/product/yoast-seo-wordpress/ -->
<title>KONFLIKTE und deren Bearbeitung als Chance entdecken - RUACH</title>
<meta name="robots" content="noindex, follow, max-snippet:-1, max-image-preview:large, max-video-preview:-1" />
<meta property="og:locale" content="de_DE" />
<meta property="og:type" content="article" />
<meta property="og:title" content="KONFLIKTE und deren Bearbeitung als Chance entdecken - RUACH" />
<meta property="og:description" content="Anmeldung Kritische Gespräche und Konflikte gehören zum Leitungs-Alltag.&nbsp;Bei dieser Fortbildung geht es nicht um Konflikttheorien, sondern um Methoden und Haltungen, diese produktiv anzugehen: Sie haben etwas zu klären – Sie werden angegriffen – Sie sind gefordert, zwischen zwei Parteien zu vermitteln.&nbsp;Ziel ist dabei immer, gemeinsam den Weg zu entdecken, auf dem man einvernehmlich weiterarbeiten oder ... weiterlesen" />
<meta property="og:url" content="https://test-wuwei.de/orden-ruach/veranstaltung/konflikte-und-deren-bearbeitung-als-chance-entdecken/" />
<meta property="og:site_name" content="RUACH" />
<meta property="article:modified_time" content="2026-01-23T14:36:04+00:00" />
<meta name="twitter:card" content="summary_large_image" />
<meta name="twitter:label1" content="Geschätzte Lesezeit" />
	<meta name="twitter:data1" content="2 Minuten" />
<script type="application/ld+json" class="yoast-schema-graph">{"@context":"https:\/\/schema.org","@graph":[{"@type":"WebPage","@id":"https:\/\/test-wuwei.de\/orden-ruach\/veranstaltung\/konflikte-und-deren-bearbeitung-als-chance-entdecken\/","url":"https:\/\/test-wuwei.de\/orden-ruach\/veranstaltung\/konflikte-und-deren-bearbeitung-als-chance-entdecken\/","name":"KONFLIKTE und deren Bearbeitung als Chance entdecken - RUACH","isPartOf":{"@id":"https:\/\/test-wuwei.de\/orden-ruach\/#website"},"datePublished":"2026-01-12T11:39:24+00:00","dateModified":"2026-01-23T14:36:04+00:00","breadcrumb":{"@id":"https:\/\/test-wuwei.de\/orden-ruach\/veranstaltung\/konflikte-und-deren-bearbeitung-als-chance-entdecken\/#breadcrumb"},"inLanguage":"de","potentialAction":[{"@type":"ReadAction","target":["https:\/\/test-wuwei.de\/orden-ruach\/veranstaltung\/konflikte-und-deren-bearbeitung-als-chance-entdecken\/"]}]},{"@type":"BreadcrumbList","@id":"https:\/\/test-wuwei.de\/orden-ruach\/veranstaltung\/konflikte-und-deren-bearbeitung-als-chance-entdecken\/#breadcrumb","itemListElement":[{"@type":"ListItem","position":1,"name":"🏠︎","item":"https:\/\/test-wuwei.de\/orden-ruach\/"},{"@type":"ListItem","position":2,"name":"KONFLIKTE und deren Bearbeitung als Chance entdecken"}]},{"@type":"WebSite","@id":"https:\/\/test-wuwei.de\/orden-ruach\/#website","url":"https:\/\/test-wuwei.de\/orden-ruach\/","name":"RUACH","description":"Ordensgemeinschaften in Deutschland","publisher":{"@id":"https:\/\/test-wuwei.de\/orden-ruach\/#organization"},"potentialAction":[{"@type":"SearchAction","target":{"@type":"EntryPoint","urlTemplate":"https:\/\/test-wuwei.de\/orden-ruach\/?s={search_term_string}"},"query-input":{"@type":"PropertyValueSpecification","valueRequired":true,"valueName":"search_term_string"}}],"inLanguage":"de"},{"@type":"Organization","@id":"https:\/\/test-wuwei.de\/orden-ruach\/#organization","name":"RUACH","url":"https:\/\/test-wuwei.de\/orden-ruach\/","logo":{"@type":"ImageObject","inLanguage":"de","@id":"https:\/\/test-wuwei.de\/orden-ruach\/#\/schema\/logo\/image\/","url":"https:\/\/test-wuwei.de\/orden-ruach\/wp-content\/uploads\/2025\/12\/RUACH_Logo.png","contentUrl":"https:\/\/test-wuwei.de\/orden-ruach\/wp-content\/uploads\/2025\/12\/RUACH_Logo.png","width":1161,"height":868,"caption":"RUACH"},"image":{"@id":"https:\/\/test-wuwei.de\/orden-ruach\/#\/schema\/logo\/image\/"}}]}</script>
<!-- / Yoast SEO plugin. -->

Anmeldung Kritische Gespräche und Konflikte gehören zum Leitungs-Alltag.&nbsp;Bei dieser Fortbildung geht es nicht um Konflikttheorien, sondern um Methoden und Haltungen, diese produktiv anzugehen: Sie haben etwas zu klären – Sie werden angegriffen – Sie sind gefordert, zwischen zwei Parteien zu vermitteln.&nbsp;Ziel ist dabei immer, gemeinsam den Weg zu entdecken, auf dem man einvernehmlich weiterarbeiten oder ... weiterlesen
