{"id":144,"date":"2026-01-12T12:26:12","date_gmt":"2026-01-12T11:26:12","guid":{"rendered":"https:\/\/test-wuwei.de\/orden-ruach\/?post_type=veranstaltung&#038;p=144"},"modified":"2026-01-23T15:37:40","modified_gmt":"2026-01-23T14:37:40","slug":"neu-im-leitungsamt","status":"publish","type":"veranstaltung","link":"https:\/\/test-wuwei.de\/orden-ruach\/veranstaltung\/neu-im-leitungsamt\/","title":{"rendered":"Neu im Leitungsamt"},"content":{"rendered":"\n<h2 class=\"gb-text\">Eine Starthilfe f\u00fcr Ordensleute, die in ein Leitungsamt gew\u00e4hlt oder ernannt wurden<\/h2>\n\n\n\n<a class=\"gb-text button-standard\" href=\"https:\/\/test-wuwei.de\/orden-ruach\/ninja-forms\/15xzcb\">Anmeldung<\/a>\n\n\n\n<p>Wer gerade ins Amt gekommen ist, f\u00fcr die\/den k\u00f6nnen Hilfen und Orientierung zur \u00dcbernahme der neuen Aufgabe sehr willkommen sein. Das Seminar bietet Hilfestellungen f\u00fcr die neue Aufgabe sowie wichtige Hinweise f\u00fcr die ersten Schritte im Amt (F\u00fchrungspers\u00f6nlichkeit, F\u00fchrungsaufgabe, Teamentwicklung, Entscheidungsfindung in Gemeinschaft etc.), stellt Informationen \u00fcber Vernetzungen und Unterst\u00fctzungen (z. B. Angebote der DOK) bereit und greift Fragen der Teilnehmenden auf. In Gruppenarbeit soll das Instrument der kollegialen Beratung einge\u00fcbt werden, welches evtl. nach dem Seminar weitergef\u00fchrt werden kann.<\/p>\n\n\n\n<div class=\"gb-element-e92b2876\">\n<div class=\"gb-element-bdf0945f\">\n<h3 class=\"gb-text\">Zielgruppe<\/h3>\n\n\n\n<ul class=\"wp-block-list\">\n<li>Neu im Leitungsamt<\/li>\n<\/ul>\n\n\n\n<hr class=\"wp-block-separator has-text-color has-base-2-color has-alpha-channel-opacity has-base-2-background-color has-background is-style-wide\"\/>\n\n\n\n<h3 class=\"gb-text\">Termin und Ort<\/h3>\n\n\n\n<p><strong>Termin: <\/strong>Montag, 23.11.2026, 15:00 Uhr, bis Freitag, 27.11.2026, nach dem Mittagessen<br><strong>Veranstaltungsort:<\/strong> Bildungs- und G\u00e4stehaus Kloster Neustadt, Waldstra\u00dfe 145, 67434 Neustadt\/Weinstra\u00dfe<\/p>\n\n\n\n<hr class=\"wp-block-separator has-text-color has-base-2-color has-alpha-channel-opacity has-base-2-background-color has-background is-style-wide\"\/>\n\n\n\n<h3 class=\"gb-text\">Kurskosten<\/h3>\n\n\n\n<p>490 Euro pro Person (zuz\u00fcglich Kosten f\u00fcr Unterkunft und Verpflegung ca. 540 Euro, Zahlung vor Ort)<\/p>\n\n\n\n<hr class=\"wp-block-separator has-text-color has-base-2-color has-alpha-channel-opacity has-base-2-background-color has-background is-style-wide\"\/>\n\n\n\n<h3 class=\"gb-text\">Anmeldung<\/h3>\n\n\n\n<p><strong>Anmeldeschluss:<\/strong> 09.09.2026<\/p>\n\n\n\n<a class=\"gb-text button-standard gb-text-2078b8a8\" href=\"https:\/\/test-wuwei.de\/orden-ruach\/ninja-forms\/15xzcb\">Anmeldung<\/a>\n<\/div>\n<\/div>\n\n\n\n<h3 class=\"gb-text gb-text-36233391\">Kursleitung<\/h3>\n\n\n\n<div class=\"gb-element-1c522a22\">\n<div>\n<div><div >\n<div class=\"gb-loop-item post-140 mensch type-mensch status-publish has-post-thumbnail hentry no-featured-image-padding\">\n<img loading=\"lazy\" decoding=\"async\" width=\"200\" height=\"200\" data-media-id=\"141\" class=\"gb-media-c3cb7ca4\" alt=\"P. Stefan Tert\u00fcnte SCJ\" src=\"https:\/\/test-wuwei.de\/orden-ruach\/wp-content\/uploads\/2026\/01\/Kl.-Sr.-Sabine-Luger.jpg\" srcset=\"https:\/\/test-wuwei.de\/orden-ruach\/wp-content\/uploads\/2026\/01\/Kl.-Sr.-Sabine-Luger.jpg 200w, https:\/\/test-wuwei.de\/orden-ruach\/wp-content\/uploads\/2026\/01\/Kl.-Sr.-Sabine-Luger-150x150.jpg 150w\" sizes=\"auto, (max-width: 200px) 100vw, 200px\" \/>\n\n\n\n<p class=\"gb-text gb-text-73d0e81e\">Kl. Sr. Sabine Luger<\/p>\n\n\n\n<p class=\"gb-text\">geboren 1969 in \u00d6sterreich, wohnhaft in Frankfurt, Eintritt in die Ordensgemeinschaft der Kleinen Schwestern Jesu 1989, seit 2021 Regionalverantwortliche der Region Deutschland-\u00d6sterreich, davor Regionalverantwortliche f\u00fcr die Region \u00d6sterreich (2006-2012) und Noviziatsleiterin (2015-2018) f\u00fcr 2 internationale Noviziate.<\/p>\n<\/div>\n<\/div><\/div>\n<\/div>\n\n\n\n<div>\n<div><div >\n<div class=\"gb-loop-item post-143 mensch type-mensch status-publish has-post-thumbnail hentry no-featured-image-padding\">\n<img loading=\"lazy\" decoding=\"async\" width=\"200\" height=\"200\" data-media-id=\"142\" class=\"gb-media-697d7db0\" alt=\"P. Stefan Tert\u00fcnte SCJ\" src=\"https:\/\/test-wuwei.de\/orden-ruach\/wp-content\/uploads\/2026\/01\/P.-Stefan-Tertuente-SCJ.jpg\" srcset=\"https:\/\/test-wuwei.de\/orden-ruach\/wp-content\/uploads\/2026\/01\/P.-Stefan-Tertuente-SCJ.jpg 200w, https:\/\/test-wuwei.de\/orden-ruach\/wp-content\/uploads\/2026\/01\/P.-Stefan-Tertuente-SCJ-150x150.jpg 150w\" sizes=\"auto, (max-width: 200px) 100vw, 200px\" \/>\n\n\n\n<p class=\"gb-text gb-text-415ab8a8\">P. Stefan Tert\u00fcnte SCJ<\/p>\n\n\n\n<p class=\"gb-text\">geboren 1965, Eintritt in die Ordensgemeinschaft der Herz-Jesu-Priester (Dehonianer) 1987, Promotion in Theologie, seit 2022 Provinzoberer in Deutschland, davor in der \u00f6kumenischen City-Pastoral (Oberhausen) und in der Leitung des ordenseigenen Forschungsinstitutes in Rom t\u00e4tig.<\/p>\n<\/div>\n<\/div><\/div>\n<\/div>\n\n\n\n<div><\/div>\n\n\n\n<div><\/div>\n<\/div>\n","protected":false},"featured_media":0,"template":"","meta":{"_acf_changed":true},"class_list":["post-144","veranstaltung","type-veranstaltung","status-publish","hentry","no-featured-image-padding"],"acf":[],"mb":[],"yoast_head":"<!-- This site is optimized with the Yoast SEO plugin v27.4 - https:\/\/yoast.com\/product\/yoast-seo-wordpress\/ -->\n<title>Neu im Leitungsamt - RUACH<\/title>\n<meta name=\"robots\" content=\"noindex, follow, max-snippet:-1, max-image-preview:large, max-video-preview:-1\" \/>\n<meta property=\"og:locale\" content=\"de_DE\" \/>\n<meta property=\"og:type\" content=\"article\" \/>\n<meta property=\"og:title\" content=\"Neu im Leitungsamt - RUACH\" \/>\n<meta property=\"og:description\" content=\"Eine Starthilfe f\u00fcr Ordensleute, die in ein Leitungsamt gew\u00e4hlt oder ernannt wurden Anmeldung Wer gerade ins Amt gekommen ist, f\u00fcr die\/den k\u00f6nnen Hilfen und Orientierung zur \u00dcbernahme der neuen Aufgabe sehr willkommen sein. Das Seminar bietet Hilfestellungen f\u00fcr die neue Aufgabe sowie wichtige Hinweise f\u00fcr die ersten Schritte im Amt (F\u00fchrungspers\u00f6nlichkeit, F\u00fchrungsaufgabe, Teamentwicklung, Entscheidungsfindung in ... weiterlesen\" \/>\n<meta property=\"og:url\" content=\"https:\/\/test-wuwei.de\/orden-ruach\/veranstaltung\/neu-im-leitungsamt\/\" \/>\n<meta property=\"og:site_name\" content=\"RUACH\" \/>\n<meta property=\"article:modified_time\" content=\"2026-01-23T14:37:40+00:00\" \/>\n<meta name=\"twitter:card\" content=\"summary_large_image\" \/>\n<meta name=\"twitter:label1\" content=\"Gesch\u00e4tzte Lesezeit\" \/>\n\t<meta name=\"twitter:data1\" content=\"2\u00a0Minuten\" \/>\n<script type=\"application\/ld+json\" class=\"yoast-schema-graph\">{\"@context\":\"https:\\\/\\\/schema.org\",\"@graph\":[{\"@type\":\"WebPage\",\"@id\":\"https:\\\/\\\/test-wuwei.de\\\/orden-ruach\\\/veranstaltung\\\/neu-im-leitungsamt\\\/\",\"url\":\"https:\\\/\\\/test-wuwei.de\\\/orden-ruach\\\/veranstaltung\\\/neu-im-leitungsamt\\\/\",\"name\":\"Neu im Leitungsamt - RUACH\",\"isPartOf\":{\"@id\":\"https:\\\/\\\/test-wuwei.de\\\/orden-ruach\\\/#website\"},\"datePublished\":\"2026-01-12T11:26:12+00:00\",\"dateModified\":\"2026-01-23T14:37:40+00:00\",\"breadcrumb\":{\"@id\":\"https:\\\/\\\/test-wuwei.de\\\/orden-ruach\\\/veranstaltung\\\/neu-im-leitungsamt\\\/#breadcrumb\"},\"inLanguage\":\"de\",\"potentialAction\":[{\"@type\":\"ReadAction\",\"target\":[\"https:\\\/\\\/test-wuwei.de\\\/orden-ruach\\\/veranstaltung\\\/neu-im-leitungsamt\\\/\"]}]},{\"@type\":\"BreadcrumbList\",\"@id\":\"https:\\\/\\\/test-wuwei.de\\\/orden-ruach\\\/veranstaltung\\\/neu-im-leitungsamt\\\/#breadcrumb\",\"itemListElement\":[{\"@type\":\"ListItem\",\"position\":1,\"name\":\"\ud83c\udfe0\ufe0e\",\"item\":\"https:\\\/\\\/test-wuwei.de\\\/orden-ruach\\\/\"},{\"@type\":\"ListItem\",\"position\":2,\"name\":\"Neu im Leitungsamt\"}]},{\"@type\":\"WebSite\",\"@id\":\"https:\\\/\\\/test-wuwei.de\\\/orden-ruach\\\/#website\",\"url\":\"https:\\\/\\\/test-wuwei.de\\\/orden-ruach\\\/\",\"name\":\"RUACH\",\"description\":\"Ordensgemeinschaften in Deutschland\",\"publisher\":{\"@id\":\"https:\\\/\\\/test-wuwei.de\\\/orden-ruach\\\/#organization\"},\"potentialAction\":[{\"@type\":\"SearchAction\",\"target\":{\"@type\":\"EntryPoint\",\"urlTemplate\":\"https:\\\/\\\/test-wuwei.de\\\/orden-ruach\\\/?s={search_term_string}\"},\"query-input\":{\"@type\":\"PropertyValueSpecification\",\"valueRequired\":true,\"valueName\":\"search_term_string\"}}],\"inLanguage\":\"de\"},{\"@type\":\"Organization\",\"@id\":\"https:\\\/\\\/test-wuwei.de\\\/orden-ruach\\\/#organization\",\"name\":\"RUACH\",\"url\":\"https:\\\/\\\/test-wuwei.de\\\/orden-ruach\\\/\",\"logo\":{\"@type\":\"ImageObject\",\"inLanguage\":\"de\",\"@id\":\"https:\\\/\\\/test-wuwei.de\\\/orden-ruach\\\/#\\\/schema\\\/logo\\\/image\\\/\",\"url\":\"https:\\\/\\\/test-wuwei.de\\\/orden-ruach\\\/wp-content\\\/uploads\\\/2025\\\/12\\\/RUACH_Logo.png\",\"contentUrl\":\"https:\\\/\\\/test-wuwei.de\\\/orden-ruach\\\/wp-content\\\/uploads\\\/2025\\\/12\\\/RUACH_Logo.png\",\"width\":1161,\"height\":868,\"caption\":\"RUACH\"},\"image\":{\"@id\":\"https:\\\/\\\/test-wuwei.de\\\/orden-ruach\\\/#\\\/schema\\\/logo\\\/image\\\/\"}}]}<\/script>\n<!-- \/ Yoast SEO plugin. -->","yoast_head_json":{"title":"Neu im Leitungsamt - RUACH","robots":{"index":"noindex","follow":"follow","max-snippet":"max-snippet:-1","max-image-preview":"max-image-preview:large","max-video-preview":"max-video-preview:-1"},"og_locale":"de_DE","og_type":"article","og_title":"Neu im Leitungsamt - RUACH","og_description":"Eine Starthilfe f\u00fcr Ordensleute, die in ein Leitungsamt gew\u00e4hlt oder ernannt wurden Anmeldung Wer gerade ins Amt gekommen ist, f\u00fcr die\/den k\u00f6nnen Hilfen und Orientierung zur \u00dcbernahme der neuen Aufgabe sehr willkommen sein. Das Seminar bietet Hilfestellungen f\u00fcr die neue Aufgabe sowie wichtige Hinweise f\u00fcr die ersten Schritte im Amt (F\u00fchrungspers\u00f6nlichkeit, F\u00fchrungsaufgabe, Teamentwicklung, Entscheidungsfindung in ... weiterlesen","og_url":"https:\/\/test-wuwei.de\/orden-ruach\/veranstaltung\/neu-im-leitungsamt\/","og_site_name":"RUACH","article_modified_time":"2026-01-23T14:37:40+00:00","twitter_card":"summary_large_image","twitter_misc":{"Gesch\u00e4tzte Lesezeit":"2\u00a0Minuten"},"schema":{"@context":"https:\/\/schema.org","@graph":[{"@type":"WebPage","@id":"https:\/\/test-wuwei.de\/orden-ruach\/veranstaltung\/neu-im-leitungsamt\/","url":"https:\/\/test-wuwei.de\/orden-ruach\/veranstaltung\/neu-im-leitungsamt\/","name":"Neu im Leitungsamt - RUACH","isPartOf":{"@id":"https:\/\/test-wuwei.de\/orden-ruach\/#website"},"datePublished":"2026-01-12T11:26:12+00:00","dateModified":"2026-01-23T14:37:40+00:00","breadcrumb":{"@id":"https:\/\/test-wuwei.de\/orden-ruach\/veranstaltung\/neu-im-leitungsamt\/#breadcrumb"},"inLanguage":"de","potentialAction":[{"@type":"ReadAction","target":["https:\/\/test-wuwei.de\/orden-ruach\/veranstaltung\/neu-im-leitungsamt\/"]}]},{"@type":"BreadcrumbList","@id":"https:\/\/test-wuwei.de\/orden-ruach\/veranstaltung\/neu-im-leitungsamt\/#breadcrumb","itemListElement":[{"@type":"ListItem","position":1,"name":"\ud83c\udfe0\ufe0e","item":"https:\/\/test-wuwei.de\/orden-ruach\/"},{"@type":"ListItem","position":2,"name":"Neu im Leitungsamt"}]},{"@type":"WebSite","@id":"https:\/\/test-wuwei.de\/orden-ruach\/#website","url":"https:\/\/test-wuwei.de\/orden-ruach\/","name":"RUACH","description":"Ordensgemeinschaften in Deutschland","publisher":{"@id":"https:\/\/test-wuwei.de\/orden-ruach\/#organization"},"potentialAction":[{"@type":"SearchAction","target":{"@type":"EntryPoint","urlTemplate":"https:\/\/test-wuwei.de\/orden-ruach\/?s={search_term_string}"},"query-input":{"@type":"PropertyValueSpecification","valueRequired":true,"valueName":"search_term_string"}}],"inLanguage":"de"},{"@type":"Organization","@id":"https:\/\/test-wuwei.de\/orden-ruach\/#organization","name":"RUACH","url":"https:\/\/test-wuwei.de\/orden-ruach\/","logo":{"@type":"ImageObject","inLanguage":"de","@id":"https:\/\/test-wuwei.de\/orden-ruach\/#\/schema\/logo\/image\/","url":"https:\/\/test-wuwei.de\/orden-ruach\/wp-content\/uploads\/2025\/12\/RUACH_Logo.png","contentUrl":"https:\/\/test-wuwei.de\/orden-ruach\/wp-content\/uploads\/2025\/12\/RUACH_Logo.png","width":1161,"height":868,"caption":"RUACH"},"image":{"@id":"https:\/\/test-wuwei.de\/orden-ruach\/#\/schema\/logo\/image\/"}}]}},"mfb_rest_fields":["title","yoast_head","yoast_head_json"],"_links":{"self":[{"href":"https:\/\/test-wuwei.de\/orden-ruach\/wp-json\/wp\/v2\/veranstaltung\/144","targetHints":{"allow":["GET"]}}],"collection":[{"href":"https:\/\/test-wuwei.de\/orden-ruach\/wp-json\/wp\/v2\/veranstaltung"}],"about":[{"href":"https:\/\/test-wuwei.de\/orden-ruach\/wp-json\/wp\/v2\/types\/veranstaltung"}],"wp:attachment":[{"href":"https:\/\/test-wuwei.de\/orden-ruach\/wp-json\/wp\/v2\/media?parent=144"}],"curies":[{"name":"wp","href":"https:\/\/api.w.org\/{rel}","templated":true}]}}

<h2 class="gb-text">Eine Starthilfe für Ordensleute, die in ein Leitungsamt gewählt oder ernannt wurden</h2>



<a class="gb-text button-standard" href="https://test-wuwei.de/orden-ruach/ninja-forms/15xzcb">Anmeldung</a>



<p>Wer gerade ins Amt gekommen ist, für die/den können Hilfen und Orientierung zur Übernahme der neuen Aufgabe sehr willkommen sein. Das Seminar bietet Hilfestellungen für die neue Aufgabe sowie wichtige Hinweise für die ersten Schritte im Amt (Führungspersönlichkeit, Führungsaufgabe, Teamentwicklung, Entscheidungsfindung in Gemeinschaft etc.), stellt Informationen über Vernetzungen und Unterstützungen (z. B. Angebote der DOK) bereit und greift Fragen der Teilnehmenden auf. In Gruppenarbeit soll das Instrument der kollegialen Beratung eingeübt werden, welches evtl. nach dem Seminar weitergeführt werden kann.</p>



<div class="gb-element-e92b2876">
<div class="gb-element-bdf0945f">
<h3 class="gb-text">Zielgruppe</h3>



<ul class="wp-block-list">
<li>Neu im Leitungsamt</li>
</ul>



<hr class="wp-block-separator has-text-color has-base-2-color has-alpha-channel-opacity has-base-2-background-color has-background is-style-wide"/>



<h3 class="gb-text">Termin und Ort</h3>



<p><strong>Termin: </strong>Montag, 23.11.2026, 15:00 Uhr, bis Freitag, 27.11.2026, nach dem Mittagessen<br><strong>Veranstaltungsort:</strong> Bildungs- und Gästehaus Kloster Neustadt, Waldstraße 145, 67434 Neustadt/Weinstraße</p>



<hr class="wp-block-separator has-text-color has-base-2-color has-alpha-channel-opacity has-base-2-background-color has-background is-style-wide"/>



<h3 class="gb-text">Kurskosten</h3>



<p>490 Euro pro Person (zuzüglich Kosten für Unterkunft und Verpflegung ca. 540 Euro, Zahlung vor Ort)</p>



<hr class="wp-block-separator has-text-color has-base-2-color has-alpha-channel-opacity has-base-2-background-color has-background is-style-wide"/>



<h3 class="gb-text">Anmeldung</h3>



<p><strong>Anmeldeschluss:</strong> 09.09.2026</p>



<a class="gb-text button-standard gb-text-2078b8a8" href="https://test-wuwei.de/orden-ruach/ninja-forms/15xzcb">Anmeldung</a>
</div>
</div>



<h3 class="gb-text gb-text-36233391">Kursleitung</h3>



<div class="gb-element-1c522a22">
<div>
<div><div >
<div class="gb-loop-item post-140 mensch type-mensch status-publish has-post-thumbnail hentry no-featured-image-padding">
<img loading="lazy" decoding="async" width="200" height="200" data-media-id="141" class="gb-media-c3cb7ca4" alt="P. Stefan Tertünte SCJ" src="https://test-wuwei.de/orden-ruach/wp-content/uploads/2026/01/Kl.-Sr.-Sabine-Luger.jpg" srcset="https://test-wuwei.de/orden-ruach/wp-content/uploads/2026/01/Kl.-Sr.-Sabine-Luger.jpg 200w, https://test-wuwei.de/orden-ruach/wp-content/uploads/2026/01/Kl.-Sr.-Sabine-Luger-150x150.jpg 150w" sizes="auto, (max-width: 200px) 100vw, 200px" />



<p class="gb-text gb-text-73d0e81e">Kl. Sr. Sabine Luger</p>



<p class="gb-text">geboren 1969 in Österreich, wohnhaft in Frankfurt, Eintritt in die Ordensgemeinschaft der Kleinen Schwestern Jesu 1989, seit 2021 Regionalverantwortliche der Region Deutschland-Österreich, davor Regionalverantwortliche für die Region Österreich (2006-2012) und Noviziatsleiterin (2015-2018) für 2 internationale Noviziate.</p>
</div>
</div></div>
</div>



<div>
<div><div >
<div class="gb-loop-item post-143 mensch type-mensch status-publish has-post-thumbnail hentry no-featured-image-padding">
<img loading="lazy" decoding="async" width="200" height="200" data-media-id="142" class="gb-media-697d7db0" alt="P. Stefan Tertünte SCJ" src="https://test-wuwei.de/orden-ruach/wp-content/uploads/2026/01/P.-Stefan-Tertuente-SCJ.jpg" srcset="https://test-wuwei.de/orden-ruach/wp-content/uploads/2026/01/P.-Stefan-Tertuente-SCJ.jpg 200w, https://test-wuwei.de/orden-ruach/wp-content/uploads/2026/01/P.-Stefan-Tertuente-SCJ-150x150.jpg 150w" sizes="auto, (max-width: 200px) 100vw, 200px" />



<p class="gb-text gb-text-415ab8a8">P. Stefan Tertünte SCJ</p>



<p class="gb-text">geboren 1965, Eintritt in die Ordensgemeinschaft der Herz-Jesu-Priester (Dehonianer) 1987, Promotion in Theologie, seit 2022 Provinzoberer in Deutschland, davor in der ökumenischen City-Pastoral (Oberhausen) und in der Leitung des ordenseigenen Forschungsinstitutes in Rom tätig.</p>
</div>
</div></div>
</div>



<div></div>



<div></div>
</div>

<!-- This site is optimized with the Yoast SEO plugin v27.4 - https://yoast.com/product/yoast-seo-wordpress/ -->
<title>Neu im Leitungsamt - RUACH</title>
<meta name="robots" content="noindex, follow, max-snippet:-1, max-image-preview:large, max-video-preview:-1" />
<meta property="og:locale" content="de_DE" />
<meta property="og:type" content="article" />
<meta property="og:title" content="Neu im Leitungsamt - RUACH" />
<meta property="og:description" content="Eine Starthilfe für Ordensleute, die in ein Leitungsamt gewählt oder ernannt wurden Anmeldung Wer gerade ins Amt gekommen ist, für die/den können Hilfen und Orientierung zur Übernahme der neuen Aufgabe sehr willkommen sein. Das Seminar bietet Hilfestellungen für die neue Aufgabe sowie wichtige Hinweise für die ersten Schritte im Amt (Führungspersönlichkeit, Führungsaufgabe, Teamentwicklung, Entscheidungsfindung in ... weiterlesen" />
<meta property="og:url" content="https://test-wuwei.de/orden-ruach/veranstaltung/neu-im-leitungsamt/" />
<meta property="og:site_name" content="RUACH" />
<meta property="article:modified_time" content="2026-01-23T14:37:40+00:00" />
<meta name="twitter:card" content="summary_large_image" />
<meta name="twitter:label1" content="Geschätzte Lesezeit" />
	<meta name="twitter:data1" content="2 Minuten" />
<script type="application/ld+json" class="yoast-schema-graph">{"@context":"https:\/\/schema.org","@graph":[{"@type":"WebPage","@id":"https:\/\/test-wuwei.de\/orden-ruach\/veranstaltung\/neu-im-leitungsamt\/","url":"https:\/\/test-wuwei.de\/orden-ruach\/veranstaltung\/neu-im-leitungsamt\/","name":"Neu im Leitungsamt - RUACH","isPartOf":{"@id":"https:\/\/test-wuwei.de\/orden-ruach\/#website"},"datePublished":"2026-01-12T11:26:12+00:00","dateModified":"2026-01-23T14:37:40+00:00","breadcrumb":{"@id":"https:\/\/test-wuwei.de\/orden-ruach\/veranstaltung\/neu-im-leitungsamt\/#breadcrumb"},"inLanguage":"de","potentialAction":[{"@type":"ReadAction","target":["https:\/\/test-wuwei.de\/orden-ruach\/veranstaltung\/neu-im-leitungsamt\/"]}]},{"@type":"BreadcrumbList","@id":"https:\/\/test-wuwei.de\/orden-ruach\/veranstaltung\/neu-im-leitungsamt\/#breadcrumb","itemListElement":[{"@type":"ListItem","position":1,"name":"🏠︎","item":"https:\/\/test-wuwei.de\/orden-ruach\/"},{"@type":"ListItem","position":2,"name":"Neu im Leitungsamt"}]},{"@type":"WebSite","@id":"https:\/\/test-wuwei.de\/orden-ruach\/#website","url":"https:\/\/test-wuwei.de\/orden-ruach\/","name":"RUACH","description":"Ordensgemeinschaften in Deutschland","publisher":{"@id":"https:\/\/test-wuwei.de\/orden-ruach\/#organization"},"potentialAction":[{"@type":"SearchAction","target":{"@type":"EntryPoint","urlTemplate":"https:\/\/test-wuwei.de\/orden-ruach\/?s={search_term_string}"},"query-input":{"@type":"PropertyValueSpecification","valueRequired":true,"valueName":"search_term_string"}}],"inLanguage":"de"},{"@type":"Organization","@id":"https:\/\/test-wuwei.de\/orden-ruach\/#organization","name":"RUACH","url":"https:\/\/test-wuwei.de\/orden-ruach\/","logo":{"@type":"ImageObject","inLanguage":"de","@id":"https:\/\/test-wuwei.de\/orden-ruach\/#\/schema\/logo\/image\/","url":"https:\/\/test-wuwei.de\/orden-ruach\/wp-content\/uploads\/2025\/12\/RUACH_Logo.png","contentUrl":"https:\/\/test-wuwei.de\/orden-ruach\/wp-content\/uploads\/2025\/12\/RUACH_Logo.png","width":1161,"height":868,"caption":"RUACH"},"image":{"@id":"https:\/\/test-wuwei.de\/orden-ruach\/#\/schema\/logo\/image\/"}}]}</script>
<!-- / Yoast SEO plugin. -->

Eine Starthilfe für Ordensleute, die in ein Leitungsamt gewählt oder ernannt wurden Anmeldung Wer gerade ins Amt gekommen ist, für die/den können Hilfen und Orientierung zur Übernahme der neuen Aufgabe sehr willkommen sein. Das Seminar bietet Hilfestellungen für die neue Aufgabe sowie wichtige Hinweise für die ersten Schritte im Amt (Führungspersönlichkeit, Führungsaufgabe, Teamentwicklung, Entscheidungsfindung in ... weiterlesen
