{"id":24,"date":"2025-12-12T14:13:28","date_gmt":"2025-12-12T13:13:28","guid":{"rendered":"https:\/\/test-wuwei.de\/orden-ruach\/?page_id=24"},"modified":"2026-03-05T07:11:16","modified_gmt":"2026-03-05T06:11:16","slug":"veranstaltungen","status":"publish","type":"page","link":"https:\/\/test-wuwei.de\/orden-ruach\/veranstaltungen\/","title":{"rendered":"Aktuelle Veranstaltungen"},"content":{"rendered":"\n<div class=\"order-by-beginn\"><div class=\"gb-looper-e97675a3\">\n<div class=\"gb-loop-item gb-loop-item-3190c036 post-186 veranstaltung type-veranstaltung status-publish hentry no-featured-image-padding\">\n<div><span style=\"font-size:30px;font-style:normal;font-weight:700;\" class=\"is-acf-field wp-elements-e2f05892fabf051a1cdde43736d344ae wp-block-mfb-meta-field-block has-text-color has-accent-color\"><span class=\"value\">Unsere Gr\u00fcnderinnen und Gr\u00fcnder II<\/span><\/span><\/div>\n\n\n\n<div class=\"gb-element-d50faa42\"><span style=\"font-size:20px;font-style:italic;font-weight:400;\" class=\"is-acf-field wp-elements-8e2458dfbe9e16a845cb62af18f4c4db wp-block-mfb-meta-field-block has-text-color has-grey-color\"><span class=\"value\">Wer ist eigentlich: Stephan Harding?<\/span><\/span><\/div>\n\n\n<span style=\"font-size:20px;\" class=\"is-acf-field wp-elements-5802cdc7e1195b088967291d970e22d5 wp-block-mfb-meta-field-block has-text-color has-grey-color\"><span class=\"value\">11.06.2026<\/span><\/span>\n\n\n<div><span style=\"font-size:20px;font-style:normal;font-weight:400;\" class=\"is-acf-field wp-elements-75b15ba2836047c579397a3c70ffb930 wp-block-mfb-meta-field-block has-text-color has-grey-color\"><span class=\"value\">online<\/span><\/span><\/div>\n\n\n\n<a class=\"gb-text button-standard\" href=\"https:\/\/test-wuwei.de\/orden-ruach\/veranstaltung\/unsere-gruenderinnen-und-gruender-stephan-harding\/\">mehr erfahren<\/a>\n<\/div>\n\n<div class=\"gb-loop-item gb-loop-item-3190c036 post-215 veranstaltung type-veranstaltung status-publish hentry no-featured-image-padding\">\n<div><span style=\"font-size:30px;font-style:normal;font-weight:700;\" class=\"is-acf-field wp-elements-e2f05892fabf051a1cdde43736d344ae wp-block-mfb-meta-field-block has-text-color has-accent-color\"><span class=\"value\">\u201ebleibt alles anders\u201c \u2013 (H. Gr\u00f6nemeyer)<\/span><\/span><\/div>\n\n\n\n<div class=\"gb-element-d50faa42\"><span style=\"font-size:20px;font-style:italic;font-weight:400;\" class=\"is-acf-field wp-elements-8e2458dfbe9e16a845cb62af18f4c4db wp-block-mfb-meta-field-block has-text-color has-grey-color\"><span class=\"value\">Ein Kooperationsprojekt von RUACH mit der Arbeitsgruppe Ordenstheologie<\/span><\/span><\/div>\n\n\n<span style=\"font-size:20px;\" class=\"is-acf-field wp-elements-5802cdc7e1195b088967291d970e22d5 wp-block-mfb-meta-field-block has-text-color has-grey-color\"><span class=\"value\">18.06.2026, 17.09.2026, 12.11.2026<\/span><\/span>\n\n\n<div><span style=\"font-size:20px;font-style:normal;font-weight:400;\" class=\"is-acf-field wp-elements-75b15ba2836047c579397a3c70ffb930 wp-block-mfb-meta-field-block has-text-color has-grey-color\"><span class=\"value\">online<\/span><\/span><\/div>\n\n\n\n<a class=\"gb-text button-standard\" href=\"https:\/\/test-wuwei.de\/orden-ruach\/veranstaltung\/bleibt-alles-anders\/\">mehr erfahren<\/a>\n<\/div>\n\n<div class=\"gb-loop-item gb-loop-item-3190c036 post-167 veranstaltung type-veranstaltung status-publish hentry no-featured-image-padding\">\n<div><span style=\"font-size:30px;font-style:normal;font-weight:700;\" class=\"is-acf-field wp-elements-e2f05892fabf051a1cdde43736d344ae wp-block-mfb-meta-field-block has-text-color has-accent-color\"><span class=\"value\">Institutionelles Schutzkonzept: Risiko- und Schutzanalyse entwickeln, \u00fcberarbeiten und umsetzen<\/span><\/span><\/div>\n\n\n\n<div class=\"gb-element-d50faa42\"><\/div>\n\n\n<span style=\"font-size:20px;\" class=\"is-acf-field wp-elements-5802cdc7e1195b088967291d970e22d5 wp-block-mfb-meta-field-block has-text-color has-grey-color\"><span class=\"value\">11.09.2026<\/span><\/span>\n\n\n<div><span style=\"font-size:20px;font-style:normal;font-weight:400;\" class=\"is-acf-field wp-elements-75b15ba2836047c579397a3c70ffb930 wp-block-mfb-meta-field-block has-text-color has-grey-color\"><span class=\"value\">online<\/span><\/span><\/div>\n\n\n\n<a class=\"gb-text button-standard\" href=\"https:\/\/test-wuwei.de\/orden-ruach\/veranstaltung\/institutionelles-schutzkonzept-risiko-und-schutzanalyse-entwickeln-ueberarbeiten-und-umsetzen\/\">mehr erfahren<\/a>\n<\/div>\n\n<div class=\"gb-loop-item gb-loop-item-3190c036 post-159 veranstaltung type-veranstaltung status-publish hentry no-featured-image-padding\">\n<div><span style=\"font-size:30px;font-style:normal;font-weight:700;\" class=\"is-acf-field wp-elements-e2f05892fabf051a1cdde43736d344ae wp-block-mfb-meta-field-block has-text-color has-accent-color\"><span class=\"value\">Glaube, Berufung, Verantwortung: Bedeutung von Missbrauchstaten und die eigene Integrit\u00e4t im Ordensleben<\/span><\/span><\/div>\n\n\n\n<div class=\"gb-element-d50faa42\"><\/div>\n\n\n<span style=\"font-size:20px;\" class=\"is-acf-field wp-elements-5802cdc7e1195b088967291d970e22d5 wp-block-mfb-meta-field-block has-text-color has-grey-color\"><span class=\"value\">25.09.2026<\/span><\/span>\n\n\n<div><span style=\"font-size:20px;font-style:normal;font-weight:400;\" class=\"is-acf-field wp-elements-75b15ba2836047c579397a3c70ffb930 wp-block-mfb-meta-field-block has-text-color has-grey-color\"><span class=\"value\">Burkardushaus \u2013 Tagungszentrum am Dom, W\u00fcrzburg<\/span><\/span><\/div>\n\n\n\n<a class=\"gb-text button-standard\" href=\"https:\/\/test-wuwei.de\/orden-ruach\/veranstaltung\/glaube-berufung-verantwortung-bedeutung-von-missbrauchstaten-und-die-eigene-integritaet-im-ordensleben\/\">mehr erfahren<\/a>\n<\/div>\n\n<div class=\"gb-loop-item gb-loop-item-3190c036 post-154 veranstaltung type-veranstaltung status-publish hentry no-featured-image-padding\">\n<div><span style=\"font-size:30px;font-style:normal;font-weight:700;\" class=\"is-acf-field wp-elements-e2f05892fabf051a1cdde43736d344ae wp-block-mfb-meta-field-block has-text-color has-accent-color\"><span class=\"value\">Ordensnetzwerk alternde Gemeinschaften: Treffen f\u00fcr Koordinatorinnen und Koordinatoren<\/span><\/span><\/div>\n\n\n\n<div class=\"gb-element-d50faa42\"><\/div>\n\n\n<span style=\"font-size:20px;\" class=\"is-acf-field wp-elements-5802cdc7e1195b088967291d970e22d5 wp-block-mfb-meta-field-block has-text-color has-grey-color\"><span class=\"value\">28.09.2026 \u2013 29.09.2026<\/span><\/span>\n\n\n<div><span style=\"font-size:20px;font-style:normal;font-weight:400;\" class=\"is-acf-field wp-elements-75b15ba2836047c579397a3c70ffb930 wp-block-mfb-meta-field-block has-text-color has-grey-color\"><span class=\"value\">Sch\u00f6nstattzentrum Marienh\u00f6he, W\u00fcrzburg<\/span><\/span><\/div>\n\n\n\n<a class=\"gb-text button-standard\" href=\"https:\/\/test-wuwei.de\/orden-ruach\/veranstaltung\/ordensnetzwerk-alternde-gemeinschaften-treffen-fuer-koordinatorinnen-und-koordinatoren-ii\/\">mehr erfahren<\/a>\n<\/div>\n\n<div class=\"gb-loop-item gb-loop-item-3190c036 post-149 veranstaltung type-veranstaltung status-publish hentry no-featured-image-padding\">\n<div><span style=\"font-size:30px;font-style:normal;font-weight:700;\" class=\"is-acf-field wp-elements-e2f05892fabf051a1cdde43736d344ae wp-block-mfb-meta-field-block has-text-color has-accent-color\"><span class=\"value\">KONFLIKTE und deren Bearbeitung als Chance entdecken<\/span><\/span><\/div>\n\n\n\n<div class=\"gb-element-d50faa42\"><\/div>\n\n\n<span style=\"font-size:20px;\" class=\"is-acf-field wp-elements-5802cdc7e1195b088967291d970e22d5 wp-block-mfb-meta-field-block has-text-color has-grey-color\"><span class=\"value\">09.11.2026 \u2013 12.11.2026<\/span><\/span>\n\n\n<div><span style=\"font-size:20px;font-style:normal;font-weight:400;\" class=\"is-acf-field wp-elements-75b15ba2836047c579397a3c70ffb930 wp-block-mfb-meta-field-block has-text-color has-grey-color\"><span class=\"value\">Sch\u00f6nstattzentrum Marienh\u00f6he, 97074 W\u00fcrzburg<\/span><\/span><\/div>\n\n\n\n<a class=\"gb-text button-standard\" href=\"https:\/\/test-wuwei.de\/orden-ruach\/veranstaltung\/konflikte-und-deren-bearbeitung-als-chance-entdecken\/\">mehr erfahren<\/a>\n<\/div>\n\n<div class=\"gb-loop-item gb-loop-item-3190c036 post-187 veranstaltung type-veranstaltung status-publish hentry no-featured-image-padding\">\n<div><span style=\"font-size:30px;font-style:normal;font-weight:700;\" class=\"is-acf-field wp-elements-e2f05892fabf051a1cdde43736d344ae wp-block-mfb-meta-field-block has-text-color has-accent-color\"><span class=\"value\">Unsere Gr\u00fcnderinnen und Gr\u00fcnder III<\/span><\/span><\/div>\n\n\n\n<div class=\"gb-element-d50faa42\"><span style=\"font-size:20px;font-style:italic;font-weight:400;\" class=\"is-acf-field wp-elements-8e2458dfbe9e16a845cb62af18f4c4db wp-block-mfb-meta-field-block has-text-color has-grey-color\"><span class=\"value\">In aller Munde: Augustinus von Hippo<\/span><\/span><\/div>\n\n\n<span style=\"font-size:20px;\" class=\"is-acf-field wp-elements-5802cdc7e1195b088967291d970e22d5 wp-block-mfb-meta-field-block has-text-color has-grey-color\"><span class=\"value\">19.11.2026<\/span><\/span>\n\n\n<div><span style=\"font-size:20px;font-style:normal;font-weight:400;\" class=\"is-acf-field wp-elements-75b15ba2836047c579397a3c70ffb930 wp-block-mfb-meta-field-block has-text-color has-grey-color\"><span class=\"value\">online<\/span><\/span><\/div>\n\n\n\n<a class=\"gb-text button-standard\" href=\"https:\/\/test-wuwei.de\/orden-ruach\/veranstaltung\/unsere-gruenderinnen-und-gruender-augustinus-von-hippo\/\">mehr erfahren<\/a>\n<\/div>\n\n<div class=\"gb-loop-item gb-loop-item-3190c036 post-144 veranstaltung type-veranstaltung status-publish hentry no-featured-image-padding\">\n<div><span style=\"font-size:30px;font-style:normal;font-weight:700;\" class=\"is-acf-field wp-elements-e2f05892fabf051a1cdde43736d344ae wp-block-mfb-meta-field-block has-text-color has-accent-color\"><span class=\"value\">Neu im Leitungsamt<\/span><\/span><\/div>\n\n\n\n<div class=\"gb-element-d50faa42\"><\/div>\n\n\n<span style=\"font-size:20px;\" class=\"is-acf-field wp-elements-5802cdc7e1195b088967291d970e22d5 wp-block-mfb-meta-field-block has-text-color has-grey-color\"><span class=\"value\">23.11.2026 \u2013 27.11.2026<\/span><\/span>\n\n\n<div><span style=\"font-size:20px;font-style:normal;font-weight:400;\" class=\"is-acf-field wp-elements-75b15ba2836047c579397a3c70ffb930 wp-block-mfb-meta-field-block has-text-color has-grey-color\"><span class=\"value\">Bildungs- und G\u00e4stehaus Kloster Neustadt, Neustadt\/Weinstra\u00dfe<\/span><\/span><\/div>\n\n\n\n<a class=\"gb-text button-standard\" href=\"https:\/\/test-wuwei.de\/orden-ruach\/veranstaltung\/neu-im-leitungsamt\/\">mehr erfahren<\/a>\n<\/div>\n\n<div class=\"gb-loop-item gb-loop-item-3190c036 post-134 veranstaltung type-veranstaltung status-publish hentry no-featured-image-padding\">\n<div><span style=\"font-size:30px;font-style:normal;font-weight:700;\" class=\"is-acf-field wp-elements-e2f05892fabf051a1cdde43736d344ae wp-block-mfb-meta-field-block has-text-color has-accent-color\"><span class=\"value\">RUACH-Grundkurs Recht I <\/span><\/span><\/div>\n\n\n\n<div class=\"gb-element-d50faa42\"><\/div>\n\n\n<span style=\"font-size:20px;\" class=\"is-acf-field wp-elements-5802cdc7e1195b088967291d970e22d5 wp-block-mfb-meta-field-block has-text-color has-grey-color\"><span class=\"value\">30.11. \u2013 04.12.2026<\/span><\/span>\n\n\n<div><span style=\"font-size:20px;font-style:normal;font-weight:400;\" class=\"is-acf-field wp-elements-75b15ba2836047c579397a3c70ffb930 wp-block-mfb-meta-field-block has-text-color has-grey-color\"><span class=\"value\">St. Bonifatiuskloster, H\u00fcnfeld<\/span><\/span><\/div>\n\n\n\n<a class=\"gb-text button-standard\" href=\"https:\/\/test-wuwei.de\/orden-ruach\/veranstaltung\/rechtlicher-grund-und-aufbaukurs-fuer-die-ordensleitung-und-verwaltung-recht-i-2026\/\">mehr erfahren<\/a>\n<\/div>\n\n<div class=\"gb-loop-item gb-loop-item-3190c036 post-69 veranstaltung type-veranstaltung status-publish hentry no-featured-image-padding\">\n<div><span style=\"font-size:30px;font-style:normal;font-weight:700;\" class=\"is-acf-field wp-elements-e2f05892fabf051a1cdde43736d344ae wp-block-mfb-meta-field-block has-text-color has-accent-color\"><span class=\"value\">RUACH-Grundkurs Recht II<\/span><\/span><\/div>\n\n\n\n<div class=\"gb-element-d50faa42\"><\/div>\n\n\n<span style=\"font-size:20px;\" class=\"is-acf-field wp-elements-5802cdc7e1195b088967291d970e22d5 wp-block-mfb-meta-field-block has-text-color has-grey-color\"><span class=\"value\">01.03. \u2013 05.03.2027<\/span><\/span>\n\n\n<div><span style=\"font-size:20px;font-style:normal;font-weight:400;\" class=\"is-acf-field wp-elements-75b15ba2836047c579397a3c70ffb930 wp-block-mfb-meta-field-block has-text-color has-grey-color\"><span class=\"value\">G\u00e4stehaus der Abtei M\u00fcnsterschwarzach<\/span><\/span><\/div>\n\n\n\n<a class=\"gb-text button-standard\" href=\"https:\/\/test-wuwei.de\/orden-ruach\/veranstaltung\/rechtlicher-grund-und-aufbaukurs-fuer-die-ordensleitung-und-verwaltung\/\">mehr erfahren<\/a>\n<\/div>\n<\/div>\n\n\n<div class=\"gb-element-15ed348a gb-query-loop-pagination\">\n\n\n\n<\/div>\n<\/div>\n","protected":false},"excerpt":{"rendered":"","protected":false},"author":1,"featured_media":0,"parent":0,"menu_order":0,"comment_status":"closed","ping_status":"closed","template":"","meta":{"_acf_changed":false,"footnotes":""},"class_list":{"0":"post-24","1":"page","2":"type-page","3":"status-publish","5":"no-featured-image-padding"},"acf":[],"mb":[],"yoast_head":"<!-- This site is optimized with the Yoast SEO plugin v27.4 - https:\/\/yoast.com\/product\/yoast-seo-wordpress\/ -->\n<title>Aktuelle Veranstaltungen - RUACH<\/title>\n<meta name=\"robots\" content=\"noindex, follow, max-snippet:-1, max-image-preview:large, max-video-preview:-1\" \/>\n<meta property=\"og:locale\" content=\"de_DE\" \/>\n<meta property=\"og:type\" content=\"article\" \/>\n<meta property=\"og:title\" content=\"Aktuelle Veranstaltungen - RUACH\" \/>\n<meta property=\"og:url\" content=\"https:\/\/test-wuwei.de\/orden-ruach\/veranstaltungen\/\" \/>\n<meta property=\"og:site_name\" content=\"RUACH\" \/>\n<meta property=\"article:modified_time\" content=\"2026-03-05T06:11:16+00:00\" \/>\n<meta name=\"twitter:card\" content=\"summary_large_image\" \/>\n<meta name=\"twitter:label1\" content=\"Gesch\u00e4tzte Lesezeit\" \/>\n\t<meta name=\"twitter:data1\" content=\"1\u00a0Minute\" \/>\n<script type=\"application\/ld+json\" class=\"yoast-schema-graph\">{\"@context\":\"https:\\\/\\\/schema.org\",\"@graph\":[{\"@type\":\"WebPage\",\"@id\":\"https:\\\/\\\/test-wuwei.de\\\/orden-ruach\\\/veranstaltungen\\\/\",\"url\":\"https:\\\/\\\/test-wuwei.de\\\/orden-ruach\\\/veranstaltungen\\\/\",\"name\":\"Aktuelle Veranstaltungen - RUACH\",\"isPartOf\":{\"@id\":\"https:\\\/\\\/test-wuwei.de\\\/orden-ruach\\\/#website\"},\"datePublished\":\"2025-12-12T13:13:28+00:00\",\"dateModified\":\"2026-03-05T06:11:16+00:00\",\"breadcrumb\":{\"@id\":\"https:\\\/\\\/test-wuwei.de\\\/orden-ruach\\\/veranstaltungen\\\/#breadcrumb\"},\"inLanguage\":\"de\",\"potentialAction\":[{\"@type\":\"ReadAction\",\"target\":[\"https:\\\/\\\/test-wuwei.de\\\/orden-ruach\\\/veranstaltungen\\\/\"]}]},{\"@type\":\"BreadcrumbList\",\"@id\":\"https:\\\/\\\/test-wuwei.de\\\/orden-ruach\\\/veranstaltungen\\\/#breadcrumb\",\"itemListElement\":[{\"@type\":\"ListItem\",\"position\":1,\"name\":\"\ud83c\udfe0\ufe0e\",\"item\":\"https:\\\/\\\/test-wuwei.de\\\/orden-ruach\\\/\"},{\"@type\":\"ListItem\",\"position\":2,\"name\":\"Aktuelle Veranstaltungen\"}]},{\"@type\":\"WebSite\",\"@id\":\"https:\\\/\\\/test-wuwei.de\\\/orden-ruach\\\/#website\",\"url\":\"https:\\\/\\\/test-wuwei.de\\\/orden-ruach\\\/\",\"name\":\"RUACH\",\"description\":\"Ordensgemeinschaften in Deutschland\",\"publisher\":{\"@id\":\"https:\\\/\\\/test-wuwei.de\\\/orden-ruach\\\/#organization\"},\"potentialAction\":[{\"@type\":\"SearchAction\",\"target\":{\"@type\":\"EntryPoint\",\"urlTemplate\":\"https:\\\/\\\/test-wuwei.de\\\/orden-ruach\\\/?s={search_term_string}\"},\"query-input\":{\"@type\":\"PropertyValueSpecification\",\"valueRequired\":true,\"valueName\":\"search_term_string\"}}],\"inLanguage\":\"de\"},{\"@type\":\"Organization\",\"@id\":\"https:\\\/\\\/test-wuwei.de\\\/orden-ruach\\\/#organization\",\"name\":\"RUACH\",\"url\":\"https:\\\/\\\/test-wuwei.de\\\/orden-ruach\\\/\",\"logo\":{\"@type\":\"ImageObject\",\"inLanguage\":\"de\",\"@id\":\"https:\\\/\\\/test-wuwei.de\\\/orden-ruach\\\/#\\\/schema\\\/logo\\\/image\\\/\",\"url\":\"https:\\\/\\\/test-wuwei.de\\\/orden-ruach\\\/wp-content\\\/uploads\\\/2025\\\/12\\\/RUACH_Logo.png\",\"contentUrl\":\"https:\\\/\\\/test-wuwei.de\\\/orden-ruach\\\/wp-content\\\/uploads\\\/2025\\\/12\\\/RUACH_Logo.png\",\"width\":1161,\"height\":868,\"caption\":\"RUACH\"},\"image\":{\"@id\":\"https:\\\/\\\/test-wuwei.de\\\/orden-ruach\\\/#\\\/schema\\\/logo\\\/image\\\/\"}}]}<\/script>\n<!-- \/ Yoast SEO plugin. -->","yoast_head_json":{"title":"Aktuelle Veranstaltungen - RUACH","robots":{"index":"noindex","follow":"follow","max-snippet":"max-snippet:-1","max-image-preview":"max-image-preview:large","max-video-preview":"max-video-preview:-1"},"og_locale":"de_DE","og_type":"article","og_title":"Aktuelle Veranstaltungen - RUACH","og_url":"https:\/\/test-wuwei.de\/orden-ruach\/veranstaltungen\/","og_site_name":"RUACH","article_modified_time":"2026-03-05T06:11:16+00:00","twitter_card":"summary_large_image","twitter_misc":{"Gesch\u00e4tzte Lesezeit":"1\u00a0Minute"},"schema":{"@context":"https:\/\/schema.org","@graph":[{"@type":"WebPage","@id":"https:\/\/test-wuwei.de\/orden-ruach\/veranstaltungen\/","url":"https:\/\/test-wuwei.de\/orden-ruach\/veranstaltungen\/","name":"Aktuelle Veranstaltungen - RUACH","isPartOf":{"@id":"https:\/\/test-wuwei.de\/orden-ruach\/#website"},"datePublished":"2025-12-12T13:13:28+00:00","dateModified":"2026-03-05T06:11:16+00:00","breadcrumb":{"@id":"https:\/\/test-wuwei.de\/orden-ruach\/veranstaltungen\/#breadcrumb"},"inLanguage":"de","potentialAction":[{"@type":"ReadAction","target":["https:\/\/test-wuwei.de\/orden-ruach\/veranstaltungen\/"]}]},{"@type":"BreadcrumbList","@id":"https:\/\/test-wuwei.de\/orden-ruach\/veranstaltungen\/#breadcrumb","itemListElement":[{"@type":"ListItem","position":1,"name":"\ud83c\udfe0\ufe0e","item":"https:\/\/test-wuwei.de\/orden-ruach\/"},{"@type":"ListItem","position":2,"name":"Aktuelle Veranstaltungen"}]},{"@type":"WebSite","@id":"https:\/\/test-wuwei.de\/orden-ruach\/#website","url":"https:\/\/test-wuwei.de\/orden-ruach\/","name":"RUACH","description":"Ordensgemeinschaften in Deutschland","publisher":{"@id":"https:\/\/test-wuwei.de\/orden-ruach\/#organization"},"potentialAction":[{"@type":"SearchAction","target":{"@type":"EntryPoint","urlTemplate":"https:\/\/test-wuwei.de\/orden-ruach\/?s={search_term_string}"},"query-input":{"@type":"PropertyValueSpecification","valueRequired":true,"valueName":"search_term_string"}}],"inLanguage":"de"},{"@type":"Organization","@id":"https:\/\/test-wuwei.de\/orden-ruach\/#organization","name":"RUACH","url":"https:\/\/test-wuwei.de\/orden-ruach\/","logo":{"@type":"ImageObject","inLanguage":"de","@id":"https:\/\/test-wuwei.de\/orden-ruach\/#\/schema\/logo\/image\/","url":"https:\/\/test-wuwei.de\/orden-ruach\/wp-content\/uploads\/2025\/12\/RUACH_Logo.png","contentUrl":"https:\/\/test-wuwei.de\/orden-ruach\/wp-content\/uploads\/2025\/12\/RUACH_Logo.png","width":1161,"height":868,"caption":"RUACH"},"image":{"@id":"https:\/\/test-wuwei.de\/orden-ruach\/#\/schema\/logo\/image\/"}}]}},"mfb_rest_fields":["title","yoast_head","yoast_head_json"],"_links":{"self":[{"href":"https:\/\/test-wuwei.de\/orden-ruach\/wp-json\/wp\/v2\/pages\/24","targetHints":{"allow":["GET"]}}],"collection":[{"href":"https:\/\/test-wuwei.de\/orden-ruach\/wp-json\/wp\/v2\/pages"}],"about":[{"href":"https:\/\/test-wuwei.de\/orden-ruach\/wp-json\/wp\/v2\/types\/page"}],"author":[{"embeddable":true,"href":"https:\/\/test-wuwei.de\/orden-ruach\/wp-json\/wp\/v2\/users\/1"}],"replies":[{"embeddable":true,"href":"https:\/\/test-wuwei.de\/orden-ruach\/wp-json\/wp\/v2\/comments?post=24"}],"version-history":[{"count":14,"href":"https:\/\/test-wuwei.de\/orden-ruach\/wp-json\/wp\/v2\/pages\/24\/revisions"}],"predecessor-version":[{"id":246,"href":"https:\/\/test-wuwei.de\/orden-ruach\/wp-json\/wp\/v2\/pages\/24\/revisions\/246"}],"wp:attachment":[{"href":"https:\/\/test-wuwei.de\/orden-ruach\/wp-json\/wp\/v2\/media?parent=24"}],"curies":[{"name":"wp","href":"https:\/\/api.w.org\/{rel}","templated":true}]}}