{"id":13,"date":"2025-12-12T14:07:26","date_gmt":"2025-12-12T13:07:26","guid":{"rendered":"https:\/\/test-wuwei.de\/orden-ruach\/?page_id=13"},"modified":"2025-12-12T14:07:27","modified_gmt":"2025-12-12T13:07:27","slug":"geschichte","status":"publish","type":"page","link":"https:\/\/test-wuwei.de\/orden-ruach\/wir-ueber-uns\/geschichte\/","title":{"rendered":"Ein paar Worte zur Geschichte"},"content":{"rendered":"\n<p>Das Bildungsinstitut der Orden wurde vor 50 Jahren gegr\u00fcndet. Es basierte auf dem Zusammenschluss m\u00e4nnlicher Orden, die in den sogenannten Volksmissionen t\u00e4tig waren. Als diese pastorale Vorgehensweise Anfang der 60er Jahre in eine Krise geriet, gr\u00fcndet die Vereinigung der M\u00e4nnerorden (VDO) das \u201eInstitut f\u00fcr Missionarische Seelsorge\u201c (IMS). Dieses Institut war zun\u00e4chst in M\u00fcnchen, dann f\u00fcr viele Jahre in Frankfurt angesiedelt. 1973 schlossen sich die die m\u00e4nnlichen und weiblichen Ordensvereinigungen in Deutschland, \u00d6sterreich und Schweiz zu einem Tr\u00e4gerverein zusammen, der ab dann IMS verantwortete. Es entfaltete ein breites Programm f\u00fcr den spezifischen Bedarf der Ordensleute.<\/p>\n\n\n\n<p>1998 zog das IMS nach Mannheim und 2005 nach Bonn, wo die inzwischen gegr\u00fcndete Ordensobernkonferenz (DOK), welche m\u00e4nnliche und weibliche Orden in Deutschland unter einem Dach vereint, ihre verschiedenen Werke und Initiativen konzentrierte. In den darauffolgenden Jahren verlagerte das Institut der Orden verschiedene Kurse in den \u201eAshram Jesu\u201c im Westerwald, einer Gr\u00fcndung des IMS.<\/p>\n\n\n\n<p>Das Bildungsprogramm des IMS gliederte sich in vier Fachbereiche:<\/p>\n\n\n\n<ol class=\"wp-block-list\">\n<li>F\u00fchrung und Leitung, Grundfragen des Ordenslebens,<\/li>\n\n\n\n<li>Ordensausbildung,<\/li>\n\n\n\n<li>Exerzitienleitung und geistliche Begleitung und<\/li>\n\n\n\n<li>ein Programm zur Gestaltung der dritten Lebensphase.<\/li>\n<\/ol>\n\n\n\n<p>Im Jahr 2010 entschieden die Mitglieder des Tr\u00e4gervereins von IMS, diesen e.V. zum 31. Dezember 2011 aufzul\u00f6sen. So trat am 1. Januar 2012 RUACH an die Stelle von IMS, jetzt jedoch in alleiniger Tr\u00e4gerschaft der DOK.&nbsp;<\/p>\n","protected":false},"excerpt":{"rendered":"<p>Das Bildungsinstitut der Orden wurde vor 50 Jahren gegr\u00fcndet. Es basierte auf dem Zusammenschluss m\u00e4nnlicher Orden, die in den sogenannten Volksmissionen t\u00e4tig waren. Als diese pastorale Vorgehensweise Anfang der 60er Jahre in eine Krise geriet, gr\u00fcndet die Vereinigung der M\u00e4nnerorden (VDO) das \u201eInstitut f\u00fcr Missionarische Seelsorge\u201c (IMS). Dieses Institut war zun\u00e4chst in M\u00fcnchen, dann f\u00fcr &#8230; <\/p>\n<p class=\"read-more-container\"><a title=\"Ein paar Worte zur Geschichte\" class=\"read-more button\" href=\"https:\/\/test-wuwei.de\/orden-ruach\/wir-ueber-uns\/geschichte\/#more-13\" aria-label=\"Mehr Informationen \u00fcber Ein paar Worte zur Geschichte\">weiterlesen<\/a><\/p>\n","protected":false},"author":1,"featured_media":0,"parent":10,"menu_order":0,"comment_status":"closed","ping_status":"closed","template":"","meta":{"_acf_changed":false,"footnotes":""},"class_list":{"0":"post-13","1":"page","2":"type-page","3":"status-publish","5":"no-featured-image-padding"},"acf":[],"mb":[],"yoast_head":"<!-- This site is optimized with the Yoast SEO plugin v27.4 - https:\/\/yoast.com\/product\/yoast-seo-wordpress\/ -->\n<title>Ein paar Worte zur Geschichte - RUACH<\/title>\n<meta name=\"robots\" content=\"noindex, follow, max-snippet:-1, max-image-preview:large, max-video-preview:-1\" \/>\n<meta property=\"og:locale\" content=\"de_DE\" \/>\n<meta property=\"og:type\" content=\"article\" \/>\n<meta property=\"og:title\" content=\"Ein paar Worte zur Geschichte - RUACH\" \/>\n<meta property=\"og:description\" content=\"Das Bildungsinstitut der Orden wurde vor 50 Jahren gegr\u00fcndet. Es basierte auf dem Zusammenschluss m\u00e4nnlicher Orden, die in den sogenannten Volksmissionen t\u00e4tig waren. Als diese pastorale Vorgehensweise Anfang der 60er Jahre in eine Krise geriet, gr\u00fcndet die Vereinigung der M\u00e4nnerorden (VDO) das \u201eInstitut f\u00fcr Missionarische Seelsorge\u201c (IMS). Dieses Institut war zun\u00e4chst in M\u00fcnchen, dann f\u00fcr ... weiterlesen\" \/>\n<meta property=\"og:url\" content=\"https:\/\/test-wuwei.de\/orden-ruach\/wir-ueber-uns\/geschichte\/\" \/>\n<meta property=\"og:site_name\" content=\"RUACH\" \/>\n<meta property=\"article:modified_time\" content=\"2025-12-12T13:07:27+00:00\" \/>\n<meta name=\"twitter:card\" content=\"summary_large_image\" \/>\n<meta name=\"twitter:label1\" content=\"Gesch\u00e4tzte Lesezeit\" \/>\n\t<meta name=\"twitter:data1\" content=\"2\u00a0Minuten\" \/>\n<script type=\"application\/ld+json\" class=\"yoast-schema-graph\">{\"@context\":\"https:\\\/\\\/schema.org\",\"@graph\":[{\"@type\":\"WebPage\",\"@id\":\"https:\\\/\\\/test-wuwei.de\\\/orden-ruach\\\/wir-ueber-uns\\\/geschichte\\\/\",\"url\":\"https:\\\/\\\/test-wuwei.de\\\/orden-ruach\\\/wir-ueber-uns\\\/geschichte\\\/\",\"name\":\"Ein paar Worte zur Geschichte - RUACH\",\"isPartOf\":{\"@id\":\"https:\\\/\\\/test-wuwei.de\\\/orden-ruach\\\/#website\"},\"datePublished\":\"2025-12-12T13:07:26+00:00\",\"dateModified\":\"2025-12-12T13:07:27+00:00\",\"breadcrumb\":{\"@id\":\"https:\\\/\\\/test-wuwei.de\\\/orden-ruach\\\/wir-ueber-uns\\\/geschichte\\\/#breadcrumb\"},\"inLanguage\":\"de\",\"potentialAction\":[{\"@type\":\"ReadAction\",\"target\":[\"https:\\\/\\\/test-wuwei.de\\\/orden-ruach\\\/wir-ueber-uns\\\/geschichte\\\/\"]}]},{\"@type\":\"BreadcrumbList\",\"@id\":\"https:\\\/\\\/test-wuwei.de\\\/orden-ruach\\\/wir-ueber-uns\\\/geschichte\\\/#breadcrumb\",\"itemListElement\":[{\"@type\":\"ListItem\",\"position\":1,\"name\":\"\ud83c\udfe0\ufe0e\",\"item\":\"https:\\\/\\\/test-wuwei.de\\\/orden-ruach\\\/\"},{\"@type\":\"ListItem\",\"position\":2,\"name\":\"Wir \u00fcber uns\",\"item\":\"https:\\\/\\\/test-wuwei.de\\\/orden-ruach\\\/wir-ueber-uns\\\/\"},{\"@type\":\"ListItem\",\"position\":3,\"name\":\"Ein paar Worte zur Geschichte\"}]},{\"@type\":\"WebSite\",\"@id\":\"https:\\\/\\\/test-wuwei.de\\\/orden-ruach\\\/#website\",\"url\":\"https:\\\/\\\/test-wuwei.de\\\/orden-ruach\\\/\",\"name\":\"RUACH\",\"description\":\"Ordensgemeinschaften in Deutschland\",\"publisher\":{\"@id\":\"https:\\\/\\\/test-wuwei.de\\\/orden-ruach\\\/#organization\"},\"potentialAction\":[{\"@type\":\"SearchAction\",\"target\":{\"@type\":\"EntryPoint\",\"urlTemplate\":\"https:\\\/\\\/test-wuwei.de\\\/orden-ruach\\\/?s={search_term_string}\"},\"query-input\":{\"@type\":\"PropertyValueSpecification\",\"valueRequired\":true,\"valueName\":\"search_term_string\"}}],\"inLanguage\":\"de\"},{\"@type\":\"Organization\",\"@id\":\"https:\\\/\\\/test-wuwei.de\\\/orden-ruach\\\/#organization\",\"name\":\"RUACH\",\"url\":\"https:\\\/\\\/test-wuwei.de\\\/orden-ruach\\\/\",\"logo\":{\"@type\":\"ImageObject\",\"inLanguage\":\"de\",\"@id\":\"https:\\\/\\\/test-wuwei.de\\\/orden-ruach\\\/#\\\/schema\\\/logo\\\/image\\\/\",\"url\":\"https:\\\/\\\/test-wuwei.de\\\/orden-ruach\\\/wp-content\\\/uploads\\\/2025\\\/12\\\/RUACH_Logo.png\",\"contentUrl\":\"https:\\\/\\\/test-wuwei.de\\\/orden-ruach\\\/wp-content\\\/uploads\\\/2025\\\/12\\\/RUACH_Logo.png\",\"width\":1161,\"height\":868,\"caption\":\"RUACH\"},\"image\":{\"@id\":\"https:\\\/\\\/test-wuwei.de\\\/orden-ruach\\\/#\\\/schema\\\/logo\\\/image\\\/\"}}]}<\/script>\n<!-- \/ Yoast SEO plugin. -->","yoast_head_json":{"title":"Ein paar Worte zur Geschichte - RUACH","robots":{"index":"noindex","follow":"follow","max-snippet":"max-snippet:-1","max-image-preview":"max-image-preview:large","max-video-preview":"max-video-preview:-1"},"og_locale":"de_DE","og_type":"article","og_title":"Ein paar Worte zur Geschichte - RUACH","og_description":"Das Bildungsinstitut der Orden wurde vor 50 Jahren gegr\u00fcndet. Es basierte auf dem Zusammenschluss m\u00e4nnlicher Orden, die in den sogenannten Volksmissionen t\u00e4tig waren. Als diese pastorale Vorgehensweise Anfang der 60er Jahre in eine Krise geriet, gr\u00fcndet die Vereinigung der M\u00e4nnerorden (VDO) das \u201eInstitut f\u00fcr Missionarische Seelsorge\u201c (IMS). Dieses Institut war zun\u00e4chst in M\u00fcnchen, dann f\u00fcr ... weiterlesen","og_url":"https:\/\/test-wuwei.de\/orden-ruach\/wir-ueber-uns\/geschichte\/","og_site_name":"RUACH","article_modified_time":"2025-12-12T13:07:27+00:00","twitter_card":"summary_large_image","twitter_misc":{"Gesch\u00e4tzte Lesezeit":"2\u00a0Minuten"},"schema":{"@context":"https:\/\/schema.org","@graph":[{"@type":"WebPage","@id":"https:\/\/test-wuwei.de\/orden-ruach\/wir-ueber-uns\/geschichte\/","url":"https:\/\/test-wuwei.de\/orden-ruach\/wir-ueber-uns\/geschichte\/","name":"Ein paar Worte zur Geschichte - RUACH","isPartOf":{"@id":"https:\/\/test-wuwei.de\/orden-ruach\/#website"},"datePublished":"2025-12-12T13:07:26+00:00","dateModified":"2025-12-12T13:07:27+00:00","breadcrumb":{"@id":"https:\/\/test-wuwei.de\/orden-ruach\/wir-ueber-uns\/geschichte\/#breadcrumb"},"inLanguage":"de","potentialAction":[{"@type":"ReadAction","target":["https:\/\/test-wuwei.de\/orden-ruach\/wir-ueber-uns\/geschichte\/"]}]},{"@type":"BreadcrumbList","@id":"https:\/\/test-wuwei.de\/orden-ruach\/wir-ueber-uns\/geschichte\/#breadcrumb","itemListElement":[{"@type":"ListItem","position":1,"name":"\ud83c\udfe0\ufe0e","item":"https:\/\/test-wuwei.de\/orden-ruach\/"},{"@type":"ListItem","position":2,"name":"Wir \u00fcber uns","item":"https:\/\/test-wuwei.de\/orden-ruach\/wir-ueber-uns\/"},{"@type":"ListItem","position":3,"name":"Ein paar Worte zur Geschichte"}]},{"@type":"WebSite","@id":"https:\/\/test-wuwei.de\/orden-ruach\/#website","url":"https:\/\/test-wuwei.de\/orden-ruach\/","name":"RUACH","description":"Ordensgemeinschaften in Deutschland","publisher":{"@id":"https:\/\/test-wuwei.de\/orden-ruach\/#organization"},"potentialAction":[{"@type":"SearchAction","target":{"@type":"EntryPoint","urlTemplate":"https:\/\/test-wuwei.de\/orden-ruach\/?s={search_term_string}"},"query-input":{"@type":"PropertyValueSpecification","valueRequired":true,"valueName":"search_term_string"}}],"inLanguage":"de"},{"@type":"Organization","@id":"https:\/\/test-wuwei.de\/orden-ruach\/#organization","name":"RUACH","url":"https:\/\/test-wuwei.de\/orden-ruach\/","logo":{"@type":"ImageObject","inLanguage":"de","@id":"https:\/\/test-wuwei.de\/orden-ruach\/#\/schema\/logo\/image\/","url":"https:\/\/test-wuwei.de\/orden-ruach\/wp-content\/uploads\/2025\/12\/RUACH_Logo.png","contentUrl":"https:\/\/test-wuwei.de\/orden-ruach\/wp-content\/uploads\/2025\/12\/RUACH_Logo.png","width":1161,"height":868,"caption":"RUACH"},"image":{"@id":"https:\/\/test-wuwei.de\/orden-ruach\/#\/schema\/logo\/image\/"}}]}},"mfb_rest_fields":["title","yoast_head","yoast_head_json"],"_links":{"self":[{"href":"https:\/\/test-wuwei.de\/orden-ruach\/wp-json\/wp\/v2\/pages\/13","targetHints":{"allow":["GET"]}}],"collection":[{"href":"https:\/\/test-wuwei.de\/orden-ruach\/wp-json\/wp\/v2\/pages"}],"about":[{"href":"https:\/\/test-wuwei.de\/orden-ruach\/wp-json\/wp\/v2\/types\/page"}],"author":[{"embeddable":true,"href":"https:\/\/test-wuwei.de\/orden-ruach\/wp-json\/wp\/v2\/users\/1"}],"replies":[{"embeddable":true,"href":"https:\/\/test-wuwei.de\/orden-ruach\/wp-json\/wp\/v2\/comments?post=13"}],"version-history":[{"count":1,"href":"https:\/\/test-wuwei.de\/orden-ruach\/wp-json\/wp\/v2\/pages\/13\/revisions"}],"predecessor-version":[{"id":16,"href":"https:\/\/test-wuwei.de\/orden-ruach\/wp-json\/wp\/v2\/pages\/13\/revisions\/16"}],"up":[{"embeddable":true,"href":"https:\/\/test-wuwei.de\/orden-ruach\/wp-json\/wp\/v2\/pages\/10"}],"wp:attachment":[{"href":"https:\/\/test-wuwei.de\/orden-ruach\/wp-json\/wp\/v2\/media?parent=13"}],"curies":[{"name":"wp","href":"https:\/\/api.w.org\/{rel}","templated":true}]}}

<p>Das Bildungsinstitut der Orden wurde vor 50 Jahren gegründet. Es basierte auf dem Zusammenschluss männlicher Orden, die in den sogenannten Volksmissionen tätig waren. Als diese pastorale Vorgehensweise Anfang der 60er Jahre in eine Krise geriet, gründet die Vereinigung der Männerorden (VDO) das „Institut für Missionarische Seelsorge“ (IMS). Dieses Institut war zunächst in München, dann für viele Jahre in Frankfurt angesiedelt. 1973 schlossen sich die die männlichen und weiblichen Ordensvereinigungen in Deutschland, Österreich und Schweiz zu einem Trägerverein zusammen, der ab dann IMS verantwortete. Es entfaltete ein breites Programm für den spezifischen Bedarf der Ordensleute.</p>



<p>1998 zog das IMS nach Mannheim und 2005 nach Bonn, wo die inzwischen gegründete Ordensobernkonferenz (DOK), welche männliche und weibliche Orden in Deutschland unter einem Dach vereint, ihre verschiedenen Werke und Initiativen konzentrierte. In den darauffolgenden Jahren verlagerte das Institut der Orden verschiedene Kurse in den „Ashram Jesu“ im Westerwald, einer Gründung des IMS.</p>



<p>Das Bildungsprogramm des IMS gliederte sich in vier Fachbereiche:</p>



<ol class="wp-block-list">
<li>Führung und Leitung, Grundfragen des Ordenslebens,</li>



<li>Ordensausbildung,</li>



<li>Exerzitienleitung und geistliche Begleitung und</li>



<li>ein Programm zur Gestaltung der dritten Lebensphase.</li>
</ol>



<p>Im Jahr 2010 entschieden die Mitglieder des Trägervereins von IMS, diesen e.V. zum 31. Dezember 2011 aufzulösen. So trat am 1. Januar 2012 RUACH an die Stelle von IMS, jetzt jedoch in alleiniger Trägerschaft der DOK.&nbsp;</p>

<p>Das Bildungsinstitut der Orden wurde vor 50 Jahren gegründet. Es basierte auf dem Zusammenschluss männlicher Orden, die in den sogenannten Volksmissionen tätig waren. Als diese pastorale Vorgehensweise Anfang der 60er Jahre in eine Krise geriet, gründet die Vereinigung der Männerorden (VDO) das „Institut für Missionarische Seelsorge“ (IMS). Dieses Institut war zunächst in München, dann für &#8230; </p>
<p class="read-more-container"><a title="Ein paar Worte zur Geschichte" class="read-more button" href="https://test-wuwei.de/orden-ruach/wir-ueber-uns/geschichte/#more-13" aria-label="Mehr Informationen über Ein paar Worte zur Geschichte">weiterlesen</a></p>

<!-- This site is optimized with the Yoast SEO plugin v27.4 - https://yoast.com/product/yoast-seo-wordpress/ -->
<title>Ein paar Worte zur Geschichte - RUACH</title>
<meta name="robots" content="noindex, follow, max-snippet:-1, max-image-preview:large, max-video-preview:-1" />
<meta property="og:locale" content="de_DE" />
<meta property="og:type" content="article" />
<meta property="og:title" content="Ein paar Worte zur Geschichte - RUACH" />
<meta property="og:description" content="Das Bildungsinstitut der Orden wurde vor 50 Jahren gegründet. Es basierte auf dem Zusammenschluss männlicher Orden, die in den sogenannten Volksmissionen tätig waren. Als diese pastorale Vorgehensweise Anfang der 60er Jahre in eine Krise geriet, gründet die Vereinigung der Männerorden (VDO) das „Institut für Missionarische Seelsorge“ (IMS). Dieses Institut war zunächst in München, dann für ... weiterlesen" />
<meta property="og:url" content="https://test-wuwei.de/orden-ruach/wir-ueber-uns/geschichte/" />
<meta property="og:site_name" content="RUACH" />
<meta property="article:modified_time" content="2025-12-12T13:07:27+00:00" />
<meta name="twitter:card" content="summary_large_image" />
<meta name="twitter:label1" content="Geschätzte Lesezeit" />
	<meta name="twitter:data1" content="2 Minuten" />
<script type="application/ld+json" class="yoast-schema-graph">{"@context":"https:\/\/schema.org","@graph":[{"@type":"WebPage","@id":"https:\/\/test-wuwei.de\/orden-ruach\/wir-ueber-uns\/geschichte\/","url":"https:\/\/test-wuwei.de\/orden-ruach\/wir-ueber-uns\/geschichte\/","name":"Ein paar Worte zur Geschichte - RUACH","isPartOf":{"@id":"https:\/\/test-wuwei.de\/orden-ruach\/#website"},"datePublished":"2025-12-12T13:07:26+00:00","dateModified":"2025-12-12T13:07:27+00:00","breadcrumb":{"@id":"https:\/\/test-wuwei.de\/orden-ruach\/wir-ueber-uns\/geschichte\/#breadcrumb"},"inLanguage":"de","potentialAction":[{"@type":"ReadAction","target":["https:\/\/test-wuwei.de\/orden-ruach\/wir-ueber-uns\/geschichte\/"]}]},{"@type":"BreadcrumbList","@id":"https:\/\/test-wuwei.de\/orden-ruach\/wir-ueber-uns\/geschichte\/#breadcrumb","itemListElement":[{"@type":"ListItem","position":1,"name":"🏠︎","item":"https:\/\/test-wuwei.de\/orden-ruach\/"},{"@type":"ListItem","position":2,"name":"Wir über uns","item":"https:\/\/test-wuwei.de\/orden-ruach\/wir-ueber-uns\/"},{"@type":"ListItem","position":3,"name":"Ein paar Worte zur Geschichte"}]},{"@type":"WebSite","@id":"https:\/\/test-wuwei.de\/orden-ruach\/#website","url":"https:\/\/test-wuwei.de\/orden-ruach\/","name":"RUACH","description":"Ordensgemeinschaften in Deutschland","publisher":{"@id":"https:\/\/test-wuwei.de\/orden-ruach\/#organization"},"potentialAction":[{"@type":"SearchAction","target":{"@type":"EntryPoint","urlTemplate":"https:\/\/test-wuwei.de\/orden-ruach\/?s={search_term_string}"},"query-input":{"@type":"PropertyValueSpecification","valueRequired":true,"valueName":"search_term_string"}}],"inLanguage":"de"},{"@type":"Organization","@id":"https:\/\/test-wuwei.de\/orden-ruach\/#organization","name":"RUACH","url":"https:\/\/test-wuwei.de\/orden-ruach\/","logo":{"@type":"ImageObject","inLanguage":"de","@id":"https:\/\/test-wuwei.de\/orden-ruach\/#\/schema\/logo\/image\/","url":"https:\/\/test-wuwei.de\/orden-ruach\/wp-content\/uploads\/2025\/12\/RUACH_Logo.png","contentUrl":"https:\/\/test-wuwei.de\/orden-ruach\/wp-content\/uploads\/2025\/12\/RUACH_Logo.png","width":1161,"height":868,"caption":"RUACH"},"image":{"@id":"https:\/\/test-wuwei.de\/orden-ruach\/#\/schema\/logo\/image\/"}}]}</script>
<!-- / Yoast SEO plugin. -->

Das Bildungsinstitut der Orden wurde vor 50 Jahren gegründet. Es basierte auf dem Zusammenschluss männlicher Orden, die in den sogenannten Volksmissionen tätig waren. Als diese pastorale Vorgehensweise Anfang der 60er Jahre in eine Krise geriet, gründet die Vereinigung der Männerorden (VDO) das „Institut für Missionarische Seelsorge“ (IMS). Dieses Institut war zunächst in München, dann für ... weiterlesen

Wir über uns
